{"id":1897,"date":"2021-04-21T17:35:41","date_gmt":"2021-04-21T20:35:41","guid":{"rendered":"https:\/\/www.prppg.ufpr.br\/site\/portalcapacitacao\/?page_id=1897"},"modified":"2021-04-21T17:35:41","modified_gmt":"2021-04-21T20:35:41","slug":"vivencias-formativas-para-docentes","status":"publish","type":"page","link":"https:\/\/progepe.ufpr.br\/capacitacao\/vivencias-formativas-para-docentes\/","title":{"rendered":"Viv\u00eancias Formativas para Docentes"},"content":{"rendered":"<p>[Em constru\u00e7\u00e3o]<\/p>\n<p>O Programa Viv\u00eancias Formativas para a Educa\u00e7\u00e3o Superior, Profissional e Tecnol\u00f3gica, visa oferecer forma\u00e7\u00e3o continuada \u00e0 servidores docentes e t\u00e9cnico-administrativos, por meio de projetos de forma\u00e7\u00e3o continuada. Trata-se de um programa institucional sediado na Pr\u00f3-Reitoria de Gradua\u00e7\u00e3o e Educa\u00e7\u00e3o Profissional (PROGRAD), conduzido por um Comit\u00ea que conta com diferentes representa\u00e7\u00f5es em sua composi\u00e7\u00e3o, em parceria com a Pr\u00f3-Reitoria de Gest\u00e3o de Pessoas (PROGEPE) e em colabora\u00e7\u00e3o com os N\u00facleos de Tecnologia Educacional (NTE) dos setores e campi da UFPR. Ciente da natureza abrangente que o Programa Viv\u00eancias Formativas possui, as proposi\u00e7\u00f5es de a\u00e7\u00f5es formativas ser\u00e3o diversas visando atender as diferentes demandas que impactem diretamente nas pr\u00e1ticas de ensino na UFPR: desde o acolhimento aos novos docentes e servidores t\u00e9cnico-administrativos \u00e0s a\u00e7\u00f5es de forma\u00e7\u00e3o continuada em temas relacionados a conceitos, pr\u00e1ticas e metodologias pedag\u00f3gicas e administrativas que orientam as a\u00e7\u00f5es educacionais na universidade com o objetivo de promover um di\u00e1logo prof\u00edcuo com toda a comunidade docente. O Programa Viv\u00eancias Formativas &#8211; PROGRAD pretende promover a\u00e7\u00f5es em diferentes formatos, estruturadas a partir de dois n\u00facleos: acolhimento e forma\u00e7\u00e3o continuada.<\/p>\n<p>As a\u00e7\u00f5es formativas propostas em cada um dos n\u00facleos poder\u00e3o ocorrer em diferentes formatos \u2013 cursos tutoriados, cursos autoinstrucionais, encontros, workshop, mesa-redonda, oficinas, <em>lives<\/em> e outros. Conforme sua natureza e objetivos, as a\u00e7\u00f5es formativas far\u00e3o parte de tr\u00eas projetos: Conversas com a PROGRAD; Viv\u00eancias formativas para a educa\u00e7\u00e3o superior e; Assessoria pedag\u00f3gica.<\/p>\n<p>&nbsp;<\/p>\n<p><img loading=\"lazy\" decoding=\"async\" class=\"alignnone size-full wp-image-2506\" src=\"https:\/\/progepe.ufpr.br\/capacitacao\/wp-content\/uploads\/2021\/10\/mapa_vivencias.jpeg\" alt=\"\" width=\"1600\" height=\"865\" srcset=\"https:\/\/progepe.ufpr.br\/capacitacao\/wp-content\/uploads\/2021\/10\/mapa_vivencias.jpeg 1600w, https:\/\/progepe.ufpr.br\/capacitacao\/wp-content\/uploads\/2021\/10\/mapa_vivencias-300x162.jpeg 300w, https:\/\/progepe.ufpr.br\/capacitacao\/wp-content\/uploads\/2021\/10\/mapa_vivencias-1024x554.jpeg 1024w, https:\/\/progepe.ufpr.br\/capacitacao\/wp-content\/uploads\/2021\/10\/mapa_vivencias-768x415.jpeg 768w, https:\/\/progepe.ufpr.br\/capacitacao\/wp-content\/uploads\/2021\/10\/mapa_vivencias-1536x830.jpeg 1536w\" sizes=\"auto, (max-width: 1600px) 100vw, 1600px\" \/><\/p>\n","protected":false},"excerpt":{"rendered":"<p>[Em constru\u00e7\u00e3o] O Programa Viv\u00eancias Formativas para a Educa\u00e7\u00e3o Superior, Profissional e Tecnol\u00f3gica, visa oferecer forma\u00e7\u00e3o continuada \u00e0 servidores docentes e t\u00e9cnico-administrativos, por meio de projetos de forma\u00e7\u00e3o continuada. Trata-se de um programa institucional sediado na Pr\u00f3-Reitoria de Gradua\u00e7\u00e3o e Educa\u00e7\u00e3o Profissional (PROGRAD), conduzido por um Comit\u00ea que conta com diferentes representa\u00e7\u00f5es em sua composi\u00e7\u00e3o, [&hellip;]<\/p>\n","protected":false},"author":41,"featured_media":0,"parent":0,"menu_order":0,"comment_status":"closed","ping_status":"closed","template":"","meta":{"_coblocks_attr":"","_coblocks_dimensions":"","_coblocks_responsive_height":"","_coblocks_accordion_ie_support":"","_uag_custom_page_level_css":"","iawp_total_views":11,"footnotes":""},"class_list":["post-1897","page","type-page","status-publish","hentry"],"uagb_featured_image_src":{"full":false,"thumbnail":false,"medium":false,"medium_large":false,"large":false,"1536x1536":false,"2048x2048":false},"uagb_author_info":{"display_name":"progepe-admin","author_link":"https:\/\/progepe.ufpr.br\/capacitacao\/author\/progepe-admin\/"},"uagb_comment_info":0,"uagb_excerpt":"[Em constru\u00e7\u00e3o] O Programa Viv\u00eancias Formativas para a Educa\u00e7\u00e3o Superior, Profissional e Tecnol\u00f3gica, visa oferecer forma\u00e7\u00e3o continuada \u00e0 servidores docentes e t\u00e9cnico-administrativos, por meio de projetos de forma\u00e7\u00e3o continuada. Trata-se de um programa institucional sediado na Pr\u00f3-Reitoria de Gradua\u00e7\u00e3o e Educa\u00e7\u00e3o Profissional (PROGRAD), conduzido por um Comit\u00ea que conta com diferentes representa\u00e7\u00f5es em sua composi\u00e7\u00e3o,&hellip;","publishpress_future_workflow_manual_trigger":{"enabledWorkflows":[]},"_links":{"self":[{"href":"https:\/\/progepe.ufpr.br\/capacitacao\/wp-json\/wp\/v2\/pages\/1897","targetHints":{"allow":["GET"]}}],"collection":[{"href":"https:\/\/progepe.ufpr.br\/capacitacao\/wp-json\/wp\/v2\/pages"}],"about":[{"href":"https:\/\/progepe.ufpr.br\/capacitacao\/wp-json\/wp\/v2\/types\/page"}],"author":[{"embeddable":true,"href":"https:\/\/progepe.ufpr.br\/capacitacao\/wp-json\/wp\/v2\/users\/41"}],"replies":[{"embeddable":true,"href":"https:\/\/progepe.ufpr.br\/capacitacao\/wp-json\/wp\/v2\/comments?post=1897"}],"version-history":[{"count":0,"href":"https:\/\/progepe.ufpr.br\/capacitacao\/wp-json\/wp\/v2\/pages\/1897\/revisions"}],"wp:attachment":[{"href":"https:\/\/progepe.ufpr.br\/capacitacao\/wp-json\/wp\/v2\/media?parent=1897"}],"curies":[{"name":"wp","href":"https:\/\/api.w.org\/{rel}","templated":true}]}}