{"id":1953,"date":"2021-04-21T20:03:40","date_gmt":"2021-04-21T23:03:40","guid":{"rendered":"https:\/\/www.prppg.ufpr.br\/site\/portalcapacitacao\/?page_id=1953"},"modified":"2021-04-21T20:03:40","modified_gmt":"2021-04-21T23:03:40","slug":"legislacao-2","status":"publish","type":"page","link":"https:\/\/progepe.ufpr.br\/capacitacao\/legislacao-2\/","title":{"rendered":"Legisla\u00e7\u00e3o"},"content":{"rendered":"<p><strong><a href=\"http:\/\/www.planalto.gov.br\/ccivil_03\/leis\/l8112cons.htm\">Lei n\u00ba 8.112, de 11 de dezembro de 1990.<\/a><\/strong><\/p>\n<p>Disp\u00f5e sobre o regime jur\u00eddico dos servidores p\u00fablicos civis da Uni\u00e3o, das autarquias e das funda\u00e7\u00f5es p\u00fablicas federais.<\/p>\n<p><a href=\"http:\/\/www.planalto.gov.br\/ccivil_03\/_Ato2019-2022\/2019\/Decreto\/D9991.htm\"><strong>Decreto n\u00ba 9.991, de 28 de agosto de 2019.\u00a0<\/strong><\/a><\/p>\n<p>Disp\u00f5e sobre a Pol\u00edtica Nacional de Desenvolvimento de Pessoas da administra\u00e7\u00e3o p\u00fablica federal direta, aut\u00e1rquica e fundacional, e regulamenta dispositivos da Lei n\u00ba 8.112, de 11 de dezembro de 1990, quanto a licen\u00e7as e afastamentos para a\u00e7\u00f5es de desenvolvimento.<\/p>\n<p><a href=\"https:\/\/www.in.gov.br\/en\/web\/dou\/-\/decreto-n-10.506-de-2-de-outubro-de-2020-281071682\"><strong>Decreto n\u00ba 10.506, de 2 de outubro de 2020.<\/strong><\/a><\/p>\n<p>Altera o\u00a0Decreto n\u00ba 9.991, de 28 de agosto de 201<a href=\"http:\/\/www.planalto.gov.br\/ccivil_03\/_ato2019-2022\/2019\/decreto\/D9991.htm\">9<\/a>, que disp\u00f5e sobre a Pol\u00edtica Nacional de Desenvolvimento de Pessoas da administra\u00e7\u00e3o p\u00fablica federal direta, aut\u00e1rquica e fundacional, e regulamenta dispositivos da\u00a0Lei n\u00ba 8.112, de 11 de dezembro de 1990, quanto a licen\u00e7as e afastamentos para a\u00e7\u00f5es de desenvolvimento.<\/p>\n<p><strong><a href=\"https:\/\/www.in.gov.br\/en\/web\/dou\/-\/instrucao-normativa-sgp-enap\/sedgg\/me-n-21-de-1-de-fevereiro-de-2021-302021570\">Instru\u00e7\u00e3o Normativa n\u00ba 21, de 1\u00ba de fevereiro de 2021.<\/a><\/strong><\/p>\n<p>Estabelece orienta\u00e7\u00f5es aos \u00f3rg\u00e3os do Sistema de Pessoal Civil da Administra\u00e7\u00e3o P\u00fablica Federal \u2013 SIPEC, quanto aos prazos, condi\u00e7\u00f5es, crit\u00e9rios e procedimentos para a implementa\u00e7\u00e3o da Pol\u00edtica Nacional de Desenvolvimento de Pessoas \u2013 PNDP de que trata o Decreto n\u00ba 9.991, de 28 de agosto de 2019.<\/p>\n<hr \/>\n<h4><span style=\"color: #800000\"><em><strong>Aten\u00e7\u00e3o!<\/strong><\/em><\/span><\/h4>\n<p>Com a entrada em vigor da Instru\u00e7\u00e3o Normativa n\u00ba 21, de 1\u00ba de fevereiro de 2021, ficam\u00a0<strong>revogadas<\/strong>:\u00a0a Instru\u00e7\u00e3o Normativa n\u00ba 201, de 11 de setembro de 2019; a Instru\u00e7\u00e3o Normativa n\u00ba 78, de 12 de agosto de 2020; a Instru\u00e7\u00e3o Normativa n\u00ba 19, de 28 de janeiro de 2021; a Portaria Conjunta n\u00ba 102, de 09 de outubro de 2019; a Portaria Conjunta n\u00ba 56, de 04 de setembro de 2020; a Portaria n\u00ba 101, de 8 de outubro de 2019; e a Portaria n\u00ba 16, de 13 de maio de 2020.<\/p>\n<hr \/>\n<h6><strong>Altera\u00e7\u00f5es na Pol\u00edtica Nacional de Desenvolvimento de Pessoas (PNDP)<\/strong><\/h6>\n<p><a href=\"https:\/\/progepe.ufpr.br\/capacitacao\/wp-content\/uploads\/2021\/03\/alteracoes-na-pndp-com-o-novo-decreto-10506_2020.pdf\">Altera\u00e7\u00f5es na PNDP com o novo Decreto 10506_2020<\/a><\/p>\n<hr \/>\n<h6><strong>Atualizado em 23\/03\/2021<\/strong><\/h6>\n","protected":false},"excerpt":{"rendered":"<p>Lei n\u00ba 8.112, de 11 de dezembro de 1990. Disp\u00f5e sobre o regime jur\u00eddico dos servidores p\u00fablicos civis da Uni\u00e3o, das autarquias e das funda\u00e7\u00f5es p\u00fablicas federais. Decreto n\u00ba 9.991, de 28 de agosto de 2019.\u00a0 Disp\u00f5e sobre a Pol\u00edtica Nacional de Desenvolvimento de Pessoas da administra\u00e7\u00e3o p\u00fablica federal direta, aut\u00e1rquica e fundacional, e regulamenta [&hellip;]<\/p>\n","protected":false},"author":41,"featured_media":0,"parent":0,"menu_order":0,"comment_status":"closed","ping_status":"closed","template":"","meta":{"_coblocks_attr":"","_coblocks_dimensions":"","_coblocks_responsive_height":"","_coblocks_accordion_ie_support":"","_uag_custom_page_level_css":"","iawp_total_views":63,"footnotes":""},"class_list":["post-1953","page","type-page","status-publish","hentry"],"uagb_featured_image_src":{"full":false,"thumbnail":false,"medium":false,"medium_large":false,"large":false,"1536x1536":false,"2048x2048":false},"uagb_author_info":{"display_name":"progepe-admin","author_link":"https:\/\/progepe.ufpr.br\/capacitacao\/author\/progepe-admin\/"},"uagb_comment_info":0,"uagb_excerpt":"Lei n\u00ba 8.112, de 11 de dezembro de 1990. Disp\u00f5e sobre o regime jur\u00eddico dos servidores p\u00fablicos civis da Uni\u00e3o, das autarquias e das funda\u00e7\u00f5es p\u00fablicas federais. Decreto n\u00ba 9.991, de 28 de agosto de 2019.\u00a0 Disp\u00f5e sobre a Pol\u00edtica Nacional de Desenvolvimento de Pessoas da administra\u00e7\u00e3o p\u00fablica federal direta, aut\u00e1rquica e fundacional, e regulamenta&hellip;","publishpress_future_workflow_manual_trigger":{"enabledWorkflows":[]},"_links":{"self":[{"href":"https:\/\/progepe.ufpr.br\/capacitacao\/wp-json\/wp\/v2\/pages\/1953","targetHints":{"allow":["GET"]}}],"collection":[{"href":"https:\/\/progepe.ufpr.br\/capacitacao\/wp-json\/wp\/v2\/pages"}],"about":[{"href":"https:\/\/progepe.ufpr.br\/capacitacao\/wp-json\/wp\/v2\/types\/page"}],"author":[{"embeddable":true,"href":"https:\/\/progepe.ufpr.br\/capacitacao\/wp-json\/wp\/v2\/users\/41"}],"replies":[{"embeddable":true,"href":"https:\/\/progepe.ufpr.br\/capacitacao\/wp-json\/wp\/v2\/comments?post=1953"}],"version-history":[{"count":0,"href":"https:\/\/progepe.ufpr.br\/capacitacao\/wp-json\/wp\/v2\/pages\/1953\/revisions"}],"wp:attachment":[{"href":"https:\/\/progepe.ufpr.br\/capacitacao\/wp-json\/wp\/v2\/media?parent=1953"}],"curies":[{"name":"wp","href":"https:\/\/api.w.org\/{rel}","templated":true}]}}

Legislação

<p><strong><a href="http://www.planalto.gov.br/ccivil_03/leis/l8112cons.htm">Lei nº 8.112, de 11 de dezembro de 1990.</a></strong></p>
<p>Dispõe sobre o regime jurídico dos servidores públicos civis da União, das autarquias e das fundações públicas federais.</p>
<p><a href="http://www.planalto.gov.br/ccivil_03/_Ato2019-2022/2019/Decreto/D9991.htm"><strong>Decreto nº 9.991, de 28 de agosto de 2019. </strong></a></p>
<p>Dispõe sobre a Política Nacional de Desenvolvimento de Pessoas da administração pública federal direta, autárquica e fundacional, e regulamenta dispositivos da Lei nº 8.112, de 11 de dezembro de 1990, quanto a licenças e afastamentos para ações de desenvolvimento.</p>
<p><a href="https://www.in.gov.br/en/web/dou/-/decreto-n-10.506-de-2-de-outubro-de-2020-281071682"><strong>Decreto nº 10.506, de 2 de outubro de 2020.</strong></a></p>
<p>Altera o Decreto nº 9.991, de 28 de agosto de 201<a href="http://www.planalto.gov.br/ccivil_03/_ato2019-2022/2019/decreto/D9991.htm">9</a>, que dispõe sobre a Política Nacional de Desenvolvimento de Pessoas da administração pública federal direta, autárquica e fundacional, e regulamenta dispositivos da Lei nº 8.112, de 11 de dezembro de 1990, quanto a licenças e afastamentos para ações de desenvolvimento.</p>
<p><strong><a href="https://www.in.gov.br/en/web/dou/-/instrucao-normativa-sgp-enap/sedgg/me-n-21-de-1-de-fevereiro-de-2021-302021570">Instrução Normativa nº 21, de 1º de fevereiro de 2021.</a></strong></p>
<p>Estabelece orientações aos órgãos do Sistema de Pessoal Civil da Administração Pública Federal – SIPEC, quanto aos prazos, condições, critérios e procedimentos para a implementação da Política Nacional de Desenvolvimento de Pessoas – PNDP de que trata o Decreto nº 9.991, de 28 de agosto de 2019.</p>
<hr />
<h4><span style="color: #800000"><em><strong>Atenção!</strong></em></span></h4>
<p>Com a entrada em vigor da Instrução Normativa nº 21, de 1º de fevereiro de 2021, ficam <strong>revogadas</strong>: a Instrução Normativa nº 201, de 11 de setembro de 2019; a Instrução Normativa nº 78, de 12 de agosto de 2020; a Instrução Normativa nº 19, de 28 de janeiro de 2021; a Portaria Conjunta nº 102, de 09 de outubro de 2019; a Portaria Conjunta nº 56, de 04 de setembro de 2020; a Portaria nº 101, de 8 de outubro de 2019; e a Portaria nº 16, de 13 de maio de 2020.</p>
<hr />
<h6><strong>Alterações na Política Nacional de Desenvolvimento de Pessoas (PNDP)</strong></h6>
<p><a href="https://progepe.ufpr.br/capacitacao/wp-content/uploads/2021/03/alteracoes-na-pndp-com-o-novo-decreto-10506_2020.pdf">Alterações na PNDP com o novo Decreto 10506_2020</a></p>
<hr />
<h6><strong>Atualizado em 23/03/2021</strong></h6>

<p>Lei nº 8.112, de 11 de dezembro de 1990. Dispõe sobre o regime jurídico dos servidores públicos civis da União, das autarquias e das fundações públicas federais. Decreto nº 9.991, de 28 de agosto de 2019.  Dispõe sobre a Política Nacional de Desenvolvimento de Pessoas da administração pública federal direta, autárquica e fundacional, e regulamenta [&hellip;]</p>

Lei nº 8.112, de 11 de dezembro de 1990. Dispõe sobre o regime jurídico dos servidores públicos civis da União, das autarquias e das fundações públicas federais. Decreto nº 9.991, de 28 de agosto de 2019.  Dispõe sobre a Política Nacional de Desenvolvimento de Pessoas da administração pública federal direta, autárquica e fundacional, e regulamenta&hellip;
