{"id":1957,"date":"2021-04-21T20:06:23","date_gmt":"2021-04-21T23:06:23","guid":{"rendered":"https:\/\/www.prppg.ufpr.br\/site\/portalcapacitacao\/?page_id=1957"},"modified":"2021-04-21T20:06:23","modified_gmt":"2021-04-21T23:06:23","slug":"mapeamento-de-competencias","status":"publish","type":"page","link":"https:\/\/progepe.ufpr.br\/capacitacao\/mapeamento-de-competencias\/","title":{"rendered":"Mapeamento de Compet\u00eancias"},"content":{"rendered":"<h6><strong>Compet\u00eancias associadas &#8211; Plano de Desenvolvimento de Pessoas<\/strong><\/h6>\n<p><img loading=\"lazy\" decoding=\"async\" class=\"alignnone size-full wp-image-1104\" src=\"https:\/\/progepe.ufpr.br\/capacitacao\/wp-content\/uploads\/2021\/03\/competencias-associadas-pdp.png\" alt=\"\" width=\"1145\" height=\"784\" srcset=\"https:\/\/progepe.ufpr.br\/capacitacao\/wp-content\/uploads\/2021\/03\/competencias-associadas-pdp.png 1145w, https:\/\/progepe.ufpr.br\/capacitacao\/wp-content\/uploads\/2021\/03\/competencias-associadas-pdp-300x205.png 300w, https:\/\/progepe.ufpr.br\/capacitacao\/wp-content\/uploads\/2021\/03\/competencias-associadas-pdp-1024x701.png 1024w, https:\/\/progepe.ufpr.br\/capacitacao\/wp-content\/uploads\/2021\/03\/competencias-associadas-pdp-768x526.png 768w\" sizes=\"auto, (max-width: 1145px) 100vw, 1145px\" \/><\/p>\n<hr \/>\n<h6><strong>Mapeamento de Compet\u00eancias na UFPR<\/strong><\/h6>\n<p>Em elabora\u00e7\u00e3o<\/p>\n<hr \/>\n<h6><strong>Atualizado em 26\/03\/2021<\/strong><\/h6>\n","protected":false},"excerpt":{"rendered":"<p>Compet\u00eancias associadas &#8211; Plano de Desenvolvimento de Pessoas Mapeamento de Compet\u00eancias na UFPR Em elabora\u00e7\u00e3o Atualizado em 26\/03\/2021<\/p>\n","protected":false},"author":41,"featured_media":0,"parent":0,"menu_order":0,"comment_status":"closed","ping_status":"closed","template":"","meta":{"_coblocks_attr":"","_coblocks_dimensions":"","_coblocks_responsive_height":"","_coblocks_accordion_ie_support":"","_uag_custom_page_level_css":"","iawp_total_views":63,"footnotes":""},"class_list":["post-1957","page","type-page","status-publish","hentry"],"uagb_featured_image_src":{"full":false,"thumbnail":false,"medium":false,"medium_large":false,"large":false,"1536x1536":false,"2048x2048":false},"uagb_author_info":{"display_name":"progepe-admin","author_link":"https:\/\/progepe.ufpr.br\/capacitacao\/author\/progepe-admin\/"},"uagb_comment_info":0,"uagb_excerpt":"Compet\u00eancias associadas &#8211; Plano de Desenvolvimento de Pessoas Mapeamento de Compet\u00eancias na UFPR Em elabora\u00e7\u00e3o Atualizado em 26\/03\/2021","publishpress_future_workflow_manual_trigger":{"enabledWorkflows":[]},"_links":{"self":[{"href":"https:\/\/progepe.ufpr.br\/capacitacao\/wp-json\/wp\/v2\/pages\/1957","targetHints":{"allow":["GET"]}}],"collection":[{"href":"https:\/\/progepe.ufpr.br\/capacitacao\/wp-json\/wp\/v2\/pages"}],"about":[{"href":"https:\/\/progepe.ufpr.br\/capacitacao\/wp-json\/wp\/v2\/types\/page"}],"author":[{"embeddable":true,"href":"https:\/\/progepe.ufpr.br\/capacitacao\/wp-json\/wp\/v2\/users\/41"}],"replies":[{"embeddable":true,"href":"https:\/\/progepe.ufpr.br\/capacitacao\/wp-json\/wp\/v2\/comments?post=1957"}],"version-history":[{"count":0,"href":"https:\/\/progepe.ufpr.br\/capacitacao\/wp-json\/wp\/v2\/pages\/1957\/revisions"}],"wp:attachment":[{"href":"https:\/\/progepe.ufpr.br\/capacitacao\/wp-json\/wp\/v2\/media?parent=1957"}],"curies":[{"name":"wp","href":"https:\/\/api.w.org\/{rel}","templated":true}]}}

Mapeamento de Competências

<h6><strong>Competências associadas &#8211; Plano de Desenvolvimento de Pessoas</strong></h6>
<p><img loading="lazy" decoding="async" class="alignnone size-full wp-image-1104" src="https://progepe.ufpr.br/capacitacao/wp-content/uploads/2021/03/competencias-associadas-pdp.png" alt="" width="1145" height="784" srcset="https://progepe.ufpr.br/capacitacao/wp-content/uploads/2021/03/competencias-associadas-pdp.png 1145w, https://progepe.ufpr.br/capacitacao/wp-content/uploads/2021/03/competencias-associadas-pdp-300x205.png 300w, https://progepe.ufpr.br/capacitacao/wp-content/uploads/2021/03/competencias-associadas-pdp-1024x701.png 1024w, https://progepe.ufpr.br/capacitacao/wp-content/uploads/2021/03/competencias-associadas-pdp-768x526.png 768w" sizes="auto, (max-width: 1145px) 100vw, 1145px" /></p>
<hr />
<h6><strong>Mapeamento de Competências na UFPR</strong></h6>
<p>Em elaboração</p>
<hr />
<h6><strong>Atualizado em 26/03/2021</strong></h6>

<p>Competências associadas &#8211; Plano de Desenvolvimento de Pessoas Mapeamento de Competências na UFPR Em elaboração Atualizado em 26/03/2021</p>

Competências associadas &#8211; Plano de Desenvolvimento de Pessoas Mapeamento de Competências na UFPR Em elaboração Atualizado em 26/03/2021
