{"id":1967,"date":"2021-04-21T20:17:25","date_gmt":"2021-04-21T23:17:25","guid":{"rendered":"https:\/\/www.prppg.ufpr.br\/site\/portalcapacitacao\/?page_id=1967"},"modified":"2025-02-05T14:53:18","modified_gmt":"2025-02-05T17:53:18","slug":"pdp-2022-metodologia","status":"publish","type":"page","link":"https:\/\/progepe.ufpr.br\/capacitacao\/pdp-2022-metodologia\/","title":{"rendered":"Metodologia PDP 2022"},"content":{"rendered":"<p>A elabora\u00e7\u00e3o do <strong>Plano de Desenvolvimento de Pessoas (PDP)<\/strong> \u00e9 alicer\u00e7ada na Pol\u00edtica Nacional de Desenvolvimento de Pessoas disposta no Decreto n\u00ba 9.991, de 28 de agosto de 2019, e segue as orienta\u00e7\u00f5es estabelecidas na Instru\u00e7\u00e3o Normativa SGP-ENAP\/SEDGG\/ME n\u00ba 21, de 1\u00ba de fevereiro de 2021. O PDP deve conter as seguintes informa\u00e7\u00f5es (Instru\u00e7\u00e3o Normativa n\u00ba 21\/2021, ar. 8\u00ba):<\/p>\n<p>I &#8211; De car\u00e1ter obrigat\u00f3rio:<\/p>\n<ul>\n<li>a necessidade de desenvolvimento;<\/li>\n<li>os dados atualizados que auxiliam no embasamento das necessidades de desenvolvimento;<\/li>\n<li>a \u00e1rea tem\u00e1tica e sub\u00e1rea tem\u00e1tica da necessidade de desenvolvimento;<\/li>\n<li>a compet\u00eancia associada da necessidade de desenvolvimento;<\/li>\n<li>a compet\u00eancia de lideran\u00e7a relacionada \u00e0 necessidade em caso de desenvolvimento de capacidades de dire\u00e7\u00e3o, chefia, coordena\u00e7\u00e3o e supervis\u00e3o;<\/li>\n<li>a transversalidade ou n\u00e3o da necessidade de desenvolvimento;<\/li>\n<li>o p\u00fablico-alvo da necessidade de desenvolvimento;<\/li>\n<li>a(s) unidade(s) onde atuam os servidores que comp\u00f5em o p\u00fablico-alvo previsto;<\/li>\n<li>a(s) unidade(s) da federa\u00e7\u00e3o onde est\u00e3o lotados os servidores que comp\u00f5em o p\u00fablico-alvo previsto;<\/li>\n<li>a quantidade prevista de servidores que ter\u00e3o suas necessidades desenvolvidas para cada a\u00e7\u00e3o de desenvolvimento descrita, por unidade da federa\u00e7\u00e3o;<\/li>\n<li>se a a\u00e7\u00e3o de desenvolvimento tem rela\u00e7\u00e3o com algum Sistema Estruturador do Poder Executivo Federal;<\/li>\n<li>o custo total estimado da a\u00e7\u00e3o de desenvolvimento; e<\/li>\n<li>se a necessidade da a\u00e7\u00e3o de desenvolvimento pode ser atendida por escola de governo ou unidade equivalente do \u00f3rg\u00e3o ou entidade do servidor.<\/li>\n<\/ul>\n<p>II &#8211; De car\u00e1ter facultativo:<\/p>\n<ul>\n<li>o tipo de aprendizagem e sua especifica\u00e7\u00e3o;<\/li>\n<li>a modalidade da a\u00e7\u00e3o de desenvolvimento;<\/li>\n<li>o t\u00edtulo da a\u00e7\u00e3o de desenvolvimento, se j\u00e1 houver previs\u00e3o;<\/li>\n<li>a carga hor\u00e1ria total estimada da a\u00e7\u00e3o de desenvolvimento;<\/li>\n<li>o ano previsto para o t\u00e9rmino da a\u00e7\u00e3o de desenvolvimento.<\/li>\n<\/ul>\n<hr \/>\n<h6><span style=\"color: #000000;\"><strong>Principais conceitos utilizados na elabora\u00e7\u00e3o do PDP (IN n\u00ba 21\/2021)<\/strong><\/span><\/h6>\n<p><em>Necessidade de desenvolvimento:<\/em>\u00a0lacuna identificada entre o desempenho esperado e o desempenho atual, derivada da diferen\u00e7a entre o que o servidor deveria saber fazer\/ser e o que ele sabe fazer\/ser, com efeito sobre os resultados organizacionais.<\/p>\n<p><em>A\u00e7\u00e3o de desenvolvimento, capacita\u00e7\u00e3o ou treinamento regularmente institu\u00eddo:<\/em>\u00a0atividade de aprendizagem estruturada para impulsionar o desempenho competente da atribui\u00e7\u00e3o p\u00fablica em resposta a lacunas de performance ou a oportunidades de melhoria descritas na forma de necessidades de desenvolvimento, realizada em alinhamento aos objetivos organizacionais, por meio do desenvolvimento assertivo de compet\u00eancias.<\/p>\n<p><em>Necessidades transversais:<\/em><\/p>\n<ul>\n<li>Para os \u00f3rg\u00e3os e entidades: necessidade de desenvolvimento recorrente e comum \u00e0 m\u00faltiplas unidades internas de um \u00f3rg\u00e3o ou de uma entidade da administra\u00e7\u00e3o p\u00fablica federal direta, aut\u00e1rquica e fundacional.<\/li>\n<li>Para o \u00f3rg\u00e3o central do SIPEC: necessidade de desenvolvimento recorrente e comum no conjunto de \u00f3rg\u00e3os e entidades da administra\u00e7\u00e3o p\u00fablica federal direta, aut\u00e1rquica e fundacional, identificada pelo \u00f3rg\u00e3o central do SIPEC por meio da an\u00e1lise de seus Planos de Desenvolvimento de Pessoas \u2013 PDP.<\/li>\n<\/ul>\n<p><em>Compet\u00eancias transversais de um setor p\u00fablico de alto desempenho:<\/em>\u00a0conjunto de conhecimentos, habilidades e atitudes indispens\u00e1veis ao exerc\u00edcio da fun\u00e7\u00e3o p\u00fablica, que contribuem para a efetividade dos processos de trabalho em diferentes contextos organizacionais.<\/p>\n<p><em>Compet\u00eancias de lideran\u00e7a:<\/em>\u00a0conjunto de conhecimentos, habilidades e atitudes requeridos dos agentes p\u00fablicos para o exerc\u00edcio de fun\u00e7\u00f5es de lideran\u00e7a na administra\u00e7\u00e3o p\u00fablica.<\/p>\n<hr \/>\n<h6><strong>Como identificar as necessidades de desenvolvimento a serem atendidas?<\/strong><\/h6>\n<p>A identifica\u00e7\u00e3o das necessidades de desenvolvimento a serem atendidas \u00e9 o campo chave para a elabora\u00e7\u00e3o do Plano de Desenvolvimento de Pessoas (PDP), pois a correta reda\u00e7\u00e3o deste campo define o preenchimento dos demais itens contidos no formul\u00e1rio do PDP. Para tanto, utiliza-se a metodologia baseada no Cat\u00e1logo de Objetos Tem\u00e1ticos, por ser de f\u00e1cil implementa\u00e7\u00e3o e, tamb\u00e9m, por proporcionar um resultado eficaz quanto \u00e0 identifica\u00e7\u00e3o de necessidades de desenvolvimento.<\/p>\n<p>A metodologia consiste na apresenta\u00e7\u00e3o de um cat\u00e1logo (lista) elaborado para contemplar as atividades\/\u00e1reas de atua\u00e7\u00e3o que podem ser desempenhadas por um servidor (a) p\u00fablico (a) federal. Toda a\u00e7\u00e3o de desenvolvimento contempla, portanto, uma ou mais dentre estas \u00e1reas.<\/p>\n<p><a href=\"https:\/\/progepe.ufpr.br\/capacitacao\/wp-content\/uploads\/2021\/03\/metodologia-baseada-no-catalogo-de-objetos-tematicos.pdf\">Metodologia baseada no Cat\u00e1logo de Objetos Tem\u00e1ticos<\/a><\/p>\n<hr \/>\n<h6><strong>Instrumentos<\/strong><\/h6>\n<ol>\n<li>As chefias imediatas devem acessar o SIGA UFPR dispon\u00edvel em https:\/\/www.prppg.ufpr.br\/siga\/, efetuar o\u00a0<em>login\u00a0<\/em>e acessar \u201cChefia imediata \u2013 CAPACITA\u00c7\u00c3O\u201d, nos per\u00edodos de elabora\u00e7\u00e3o e revis\u00e3o do PDP divulgados pela PROGEPE (<a href=\"https:\/\/progepe.ufpr.br\/capacitacao\/cronograma\/\">Cronograma<\/a>).<\/li>\n<li>Os (As) servidores (as) devem ser consultados (as) por suas chefias imediatas para o preenchimento de suas necessidades de desenvolvimento individuais e coletivas.<\/li>\n<li>A chefia imediata e o (a) servidor (a) s\u00e3o respons\u00e1veis por fornecer todas as informa\u00e7\u00f5es necess\u00e1rias e dispon\u00edveis ao seu alcance para o correto levantamento das necessidades de desenvolvimento (Instru\u00e7\u00e3o Normativa n\u00ba 21\/2021, art. 5\u00ba).<\/li>\n<li>O levantamento deve ser feito identificando as necessidades de desenvolvimento de acordo com o Planejamento Estrat\u00e9gico da Institui\u00e7\u00e3o de modo a auxiliar o (a) servidor (a) a compreender seu papel, sua posi\u00e7\u00e3o e a import\u00e2ncia para o alcance dos objetivos institucionais.<\/li>\n<li>Ap\u00f3s o registro das necessidades de desenvolvimento no SIGA UFPR os dados coletados s\u00e3o cadastrados no sistema do \u00d3rg\u00e3o central do SIPEC.<\/li>\n<\/ol>\n<hr \/>\n<h6><strong>Periodicidade<\/strong><\/h6>\n<p>O PDP \u00e9 elaborado anualmente com o registro das necessidades de desenvolvimento dos (as) servidores (as) de cada Pr\u00f3-Reitoria, Setor, \u00d3rg\u00e3os Suplementares e Unidades equivalentes e das a\u00e7\u00f5es planejadas para atend\u00ea-los, a serem executadas no ano seguinte ao do planejamento, e enviado ao \u00f3rg\u00e3o central do SIPEC.<\/p>\n<hr \/>\n<p><strong>Atualizado em 06\/02\/2023<\/strong><\/p>\n","protected":false},"excerpt":{"rendered":"<p>A elabora\u00e7\u00e3o do Plano de Desenvolvimento de Pessoas (PDP) \u00e9 alicer\u00e7ada na Pol\u00edtica Nacional de Desenvolvimento de Pessoas disposta no Decreto n\u00ba 9.991, de 28 de agosto de 2019, e segue as orienta\u00e7\u00f5es estabelecidas na Instru\u00e7\u00e3o Normativa SGP-ENAP\/SEDGG\/ME n\u00ba 21, de 1\u00ba de fevereiro de 2021. O PDP deve conter as seguintes informa\u00e7\u00f5es (Instru\u00e7\u00e3o Normativa [&hellip;]<\/p>\n","protected":false},"author":41,"featured_media":0,"parent":0,"menu_order":0,"comment_status":"closed","ping_status":"closed","template":"","meta":{"_coblocks_attr":"","_coblocks_dimensions":"","_coblocks_responsive_height":"","_coblocks_accordion_ie_support":"","_uag_custom_page_level_css":"","iawp_total_views":5,"footnotes":""},"class_list":["post-1967","page","type-page","status-publish","hentry"],"uagb_featured_image_src":{"full":false,"thumbnail":false,"medium":false,"medium_large":false,"large":false,"1536x1536":false,"2048x2048":false},"uagb_author_info":{"display_name":"progepe-admin","author_link":"https:\/\/progepe.ufpr.br\/capacitacao\/author\/progepe-admin\/"},"uagb_comment_info":0,"uagb_excerpt":"A elabora\u00e7\u00e3o do Plano de Desenvolvimento de Pessoas (PDP) \u00e9 alicer\u00e7ada na Pol\u00edtica Nacional de Desenvolvimento de Pessoas disposta no Decreto n\u00ba 9.991, de 28 de agosto de 2019, e segue as orienta\u00e7\u00f5es estabelecidas na Instru\u00e7\u00e3o Normativa SGP-ENAP\/SEDGG\/ME n\u00ba 21, de 1\u00ba de fevereiro de 2021. O PDP deve conter as seguintes informa\u00e7\u00f5es (Instru\u00e7\u00e3o Normativa&hellip;","publishpress_future_workflow_manual_trigger":{"enabledWorkflows":[]},"_links":{"self":[{"href":"https:\/\/progepe.ufpr.br\/capacitacao\/wp-json\/wp\/v2\/pages\/1967","targetHints":{"allow":["GET"]}}],"collection":[{"href":"https:\/\/progepe.ufpr.br\/capacitacao\/wp-json\/wp\/v2\/pages"}],"about":[{"href":"https:\/\/progepe.ufpr.br\/capacitacao\/wp-json\/wp\/v2\/types\/page"}],"author":[{"embeddable":true,"href":"https:\/\/progepe.ufpr.br\/capacitacao\/wp-json\/wp\/v2\/users\/41"}],"replies":[{"embeddable":true,"href":"https:\/\/progepe.ufpr.br\/capacitacao\/wp-json\/wp\/v2\/comments?post=1967"}],"version-history":[{"count":2,"href":"https:\/\/progepe.ufpr.br\/capacitacao\/wp-json\/wp\/v2\/pages\/1967\/revisions"}],"predecessor-version":[{"id":77515,"href":"https:\/\/progepe.ufpr.br\/capacitacao\/wp-json\/wp\/v2\/pages\/1967\/revisions\/77515"}],"wp:attachment":[{"href":"https:\/\/progepe.ufpr.br\/capacitacao\/wp-json\/wp\/v2\/media?parent=1967"}],"curies":[{"name":"wp","href":"https:\/\/api.w.org\/{rel}","templated":true}]}}

<p>A elaboração do <strong>Plano de Desenvolvimento de Pessoas (PDP)</strong> é alicerçada na Política Nacional de Desenvolvimento de Pessoas disposta no Decreto nº 9.991, de 28 de agosto de 2019, e segue as orientações estabelecidas na Instrução Normativa SGP-ENAP/SEDGG/ME nº 21, de 1º de fevereiro de 2021. O PDP deve conter as seguintes informações (Instrução Normativa nº 21/2021, ar. 8º):</p>
<p>I &#8211; De caráter obrigatório:</p>
<ul>
<li>a necessidade de desenvolvimento;</li>
<li>os dados atualizados que auxiliam no embasamento das necessidades de desenvolvimento;</li>
<li>a área temática e subárea temática da necessidade de desenvolvimento;</li>
<li>a competência associada da necessidade de desenvolvimento;</li>
<li>a competência de liderança relacionada à necessidade em caso de desenvolvimento de capacidades de direção, chefia, coordenação e supervisão;</li>
<li>a transversalidade ou não da necessidade de desenvolvimento;</li>
<li>o público-alvo da necessidade de desenvolvimento;</li>
<li>a(s) unidade(s) onde atuam os servidores que compõem o público-alvo previsto;</li>
<li>a(s) unidade(s) da federação onde estão lotados os servidores que compõem o público-alvo previsto;</li>
<li>a quantidade prevista de servidores que terão suas necessidades desenvolvidas para cada ação de desenvolvimento descrita, por unidade da federação;</li>
<li>se a ação de desenvolvimento tem relação com algum Sistema Estruturador do Poder Executivo Federal;</li>
<li>o custo total estimado da ação de desenvolvimento; e</li>
<li>se a necessidade da ação de desenvolvimento pode ser atendida por escola de governo ou unidade equivalente do órgão ou entidade do servidor.</li>
</ul>
<p>II &#8211; De caráter facultativo:</p>
<ul>
<li>o tipo de aprendizagem e sua especificação;</li>
<li>a modalidade da ação de desenvolvimento;</li>
<li>o título da ação de desenvolvimento, se já houver previsão;</li>
<li>a carga horária total estimada da ação de desenvolvimento;</li>
<li>o ano previsto para o término da ação de desenvolvimento.</li>
</ul>
<hr />
<h6><span style="color: #000000;"><strong>Principais conceitos utilizados na elaboração do PDP (IN nº 21/2021)</strong></span></h6>
<p><em>Necessidade de desenvolvimento:</em> lacuna identificada entre o desempenho esperado e o desempenho atual, derivada da diferença entre o que o servidor deveria saber fazer/ser e o que ele sabe fazer/ser, com efeito sobre os resultados organizacionais.</p>
<p><em>Ação de desenvolvimento, capacitação ou treinamento regularmente instituído:</em> atividade de aprendizagem estruturada para impulsionar o desempenho competente da atribuição pública em resposta a lacunas de performance ou a oportunidades de melhoria descritas na forma de necessidades de desenvolvimento, realizada em alinhamento aos objetivos organizacionais, por meio do desenvolvimento assertivo de competências.</p>
<p><em>Necessidades transversais:</em></p>
<ul>
<li>Para os órgãos e entidades: necessidade de desenvolvimento recorrente e comum à múltiplas unidades internas de um órgão ou de uma entidade da administração pública federal direta, autárquica e fundacional.</li>
<li>Para o órgão central do SIPEC: necessidade de desenvolvimento recorrente e comum no conjunto de órgãos e entidades da administração pública federal direta, autárquica e fundacional, identificada pelo órgão central do SIPEC por meio da análise de seus Planos de Desenvolvimento de Pessoas – PDP.</li>
</ul>
<p><em>Competências transversais de um setor público de alto desempenho:</em> conjunto de conhecimentos, habilidades e atitudes indispensáveis ao exercício da função pública, que contribuem para a efetividade dos processos de trabalho em diferentes contextos organizacionais.</p>
<p><em>Competências de liderança:</em> conjunto de conhecimentos, habilidades e atitudes requeridos dos agentes públicos para o exercício de funções de liderança na administração pública.</p>
<hr />
<h6><strong>Como identificar as necessidades de desenvolvimento a serem atendidas?</strong></h6>
<p>A identificação das necessidades de desenvolvimento a serem atendidas é o campo chave para a elaboração do Plano de Desenvolvimento de Pessoas (PDP), pois a correta redação deste campo define o preenchimento dos demais itens contidos no formulário do PDP. Para tanto, utiliza-se a metodologia baseada no Catálogo de Objetos Temáticos, por ser de fácil implementação e, também, por proporcionar um resultado eficaz quanto à identificação de necessidades de desenvolvimento.</p>
<p>A metodologia consiste na apresentação de um catálogo (lista) elaborado para contemplar as atividades/áreas de atuação que podem ser desempenhadas por um servidor (a) público (a) federal. Toda ação de desenvolvimento contempla, portanto, uma ou mais dentre estas áreas.</p>
<p><a href="https://progepe.ufpr.br/capacitacao/wp-content/uploads/2021/03/metodologia-baseada-no-catalogo-de-objetos-tematicos.pdf">Metodologia baseada no Catálogo de Objetos Temáticos</a></p>
<hr />
<h6><strong>Instrumentos</strong></h6>
<ol>
<li>As chefias imediatas devem acessar o SIGA UFPR disponível em https://www.prppg.ufpr.br/siga/, efetuar o <em>login </em>e acessar “Chefia imediata – CAPACITAÇÃO”, nos períodos de elaboração e revisão do PDP divulgados pela PROGEPE (<a href="https://progepe.ufpr.br/capacitacao/cronograma/">Cronograma</a>).</li>
<li>Os (As) servidores (as) devem ser consultados (as) por suas chefias imediatas para o preenchimento de suas necessidades de desenvolvimento individuais e coletivas.</li>
<li>A chefia imediata e o (a) servidor (a) são responsáveis por fornecer todas as informações necessárias e disponíveis ao seu alcance para o correto levantamento das necessidades de desenvolvimento (Instrução Normativa nº 21/2021, art. 5º).</li>
<li>O levantamento deve ser feito identificando as necessidades de desenvolvimento de acordo com o Planejamento Estratégico da Instituição de modo a auxiliar o (a) servidor (a) a compreender seu papel, sua posição e a importância para o alcance dos objetivos institucionais.</li>
<li>Após o registro das necessidades de desenvolvimento no SIGA UFPR os dados coletados são cadastrados no sistema do Órgão central do SIPEC.</li>
</ol>
<hr />
<h6><strong>Periodicidade</strong></h6>
<p>O PDP é elaborado anualmente com o registro das necessidades de desenvolvimento dos (as) servidores (as) de cada Pró-Reitoria, Setor, Órgãos Suplementares e Unidades equivalentes e das ações planejadas para atendê-los, a serem executadas no ano seguinte ao do planejamento, e enviado ao órgão central do SIPEC.</p>
<hr />
<p><strong>Atualizado em 06/02/2023</strong></p>

<p>A elaboração do Plano de Desenvolvimento de Pessoas (PDP) é alicerçada na Política Nacional de Desenvolvimento de Pessoas disposta no Decreto nº 9.991, de 28 de agosto de 2019, e segue as orientações estabelecidas na Instrução Normativa SGP-ENAP/SEDGG/ME nº 21, de 1º de fevereiro de 2021. O PDP deve conter as seguintes informações (Instrução Normativa [&hellip;]</p>

A elaboração do Plano de Desenvolvimento de Pessoas (PDP) é alicerçada na Política Nacional de Desenvolvimento de Pessoas disposta no Decreto nº 9.991, de 28 de agosto de 2019, e segue as orientações estabelecidas na Instrução Normativa SGP-ENAP/SEDGG/ME nº 21, de 1º de fevereiro de 2021. O PDP deve conter as seguintes informações (Instrução Normativa&hellip;
