{"id":1978,"date":"2021-04-21T20:27:45","date_gmt":"2021-04-21T23:27:45","guid":{"rendered":"https:\/\/www.prppg.ufpr.br\/site\/portalcapacitacao\/?page_id=1978"},"modified":"2025-02-05T14:53:11","modified_gmt":"2025-02-05T17:53:11","slug":"pdp-2022-plano-consolidado","status":"publish","type":"page","link":"https:\/\/progepe.ufpr.br\/capacitacao\/pdp-2022-plano-consolidado\/","title":{"rendered":"Plano Consolidado PDP 2022"},"content":{"rendered":"<h6><strong>Plano de Desenvolvimento de Pessoas (PDP) \u2013 2022<\/strong><\/h6>\n<ol>\n<li><a href=\"https:\/\/progepe.ufpr.br\/capacitacao\/wp-content\/uploads\/2023\/02\/manifestacao-tecnica-pdp-2022.pdf\">Manifesta\u00e7\u00e3o T\u00e9cnica PDP 2022<\/a><\/li>\n<li><a href=\"https:\/\/progepe.ufpr.br\/capacitacao\/wp-content\/uploads\/2023\/02\/manifestacao-tecnica-pdp-2022-ciclo-de-revisao-1.pdf\">Manifesta\u00e7\u00e3o T\u00e9cnica PDP 2022 &#8211; Ciclo de Revis\u00e3o 1<\/a><\/li>\n<li><a href=\"https:\/\/progepe.ufpr.br\/capacitacao\/wp-content\/uploads\/2023\/02\/manifestacao-tecnica-pdp-2022-ciclo-de-revisao-2.pdf\">Manifesta\u00e7\u00e3o T\u00e9cnica PDP 2022 &#8211; Ciclo de Revis\u00e3o 2<\/a><\/li>\n<li><a href=\"https:\/\/progepe.ufpr.br\/capacitacao\/wp-content\/uploads\/2023\/02\/manifestacao-tecnica-pdp-2022-ciclo-de-revisao-3.pdf\">Manifesta\u00e7\u00e3o T\u00e9cnica PDP 2022 &#8211; Ciclo de Revis\u00e3o 3<\/a><\/li>\n<\/ol>\n<hr \/>\n<p><strong>Atualizado em 03\/02\/2023<\/strong><\/p>\n<h6><\/h6>\n<h6><\/h6>\n","protected":false},"excerpt":{"rendered":"<p>Plano de Desenvolvimento de Pessoas (PDP) \u2013 2022 Manifesta\u00e7\u00e3o T\u00e9cnica PDP 2022 Manifesta\u00e7\u00e3o T\u00e9cnica PDP 2022 &#8211; Ciclo de Revis\u00e3o 1 Manifesta\u00e7\u00e3o T\u00e9cnica PDP 2022 &#8211; Ciclo de Revis\u00e3o 2 Manifesta\u00e7\u00e3o T\u00e9cnica PDP 2022 &#8211; Ciclo de Revis\u00e3o 3 Atualizado em 03\/02\/2023<\/p>\n","protected":false},"author":41,"featured_media":0,"parent":0,"menu_order":0,"comment_status":"closed","ping_status":"closed","template":"","meta":{"_coblocks_attr":"","_coblocks_dimensions":"","_coblocks_responsive_height":"","_coblocks_accordion_ie_support":"","_uag_custom_page_level_css":"","iawp_total_views":3,"footnotes":""},"class_list":["post-1978","page","type-page","status-publish","hentry"],"uagb_featured_image_src":{"full":false,"thumbnail":false,"medium":false,"medium_large":false,"large":false,"1536x1536":false,"2048x2048":false},"uagb_author_info":{"display_name":"progepe-admin","author_link":"https:\/\/progepe.ufpr.br\/capacitacao\/author\/progepe-admin\/"},"uagb_comment_info":0,"uagb_excerpt":"Plano de Desenvolvimento de Pessoas (PDP) \u2013 2022 Manifesta\u00e7\u00e3o T\u00e9cnica PDP 2022 Manifesta\u00e7\u00e3o T\u00e9cnica PDP 2022 &#8211; Ciclo de Revis\u00e3o 1 Manifesta\u00e7\u00e3o T\u00e9cnica PDP 2022 &#8211; Ciclo de Revis\u00e3o 2 Manifesta\u00e7\u00e3o T\u00e9cnica PDP 2022 &#8211; Ciclo de Revis\u00e3o 3 Atualizado em 03\/02\/2023","publishpress_future_workflow_manual_trigger":{"enabledWorkflows":[]},"_links":{"self":[{"href":"https:\/\/progepe.ufpr.br\/capacitacao\/wp-json\/wp\/v2\/pages\/1978","targetHints":{"allow":["GET"]}}],"collection":[{"href":"https:\/\/progepe.ufpr.br\/capacitacao\/wp-json\/wp\/v2\/pages"}],"about":[{"href":"https:\/\/progepe.ufpr.br\/capacitacao\/wp-json\/wp\/v2\/types\/page"}],"author":[{"embeddable":true,"href":"https:\/\/progepe.ufpr.br\/capacitacao\/wp-json\/wp\/v2\/users\/41"}],"replies":[{"embeddable":true,"href":"https:\/\/progepe.ufpr.br\/capacitacao\/wp-json\/wp\/v2\/comments?post=1978"}],"version-history":[{"count":2,"href":"https:\/\/progepe.ufpr.br\/capacitacao\/wp-json\/wp\/v2\/pages\/1978\/revisions"}],"predecessor-version":[{"id":77513,"href":"https:\/\/progepe.ufpr.br\/capacitacao\/wp-json\/wp\/v2\/pages\/1978\/revisions\/77513"}],"wp:attachment":[{"href":"https:\/\/progepe.ufpr.br\/capacitacao\/wp-json\/wp\/v2\/media?parent=1978"}],"curies":[{"name":"wp","href":"https:\/\/api.w.org\/{rel}","templated":true}]}}

<h6><strong>Plano de Desenvolvimento de Pessoas (PDP) – 2022</strong></h6>
<ol>
<li><a href="https://progepe.ufpr.br/capacitacao/wp-content/uploads/2023/02/manifestacao-tecnica-pdp-2022.pdf">Manifestação Técnica PDP 2022</a></li>
<li><a href="https://progepe.ufpr.br/capacitacao/wp-content/uploads/2023/02/manifestacao-tecnica-pdp-2022-ciclo-de-revisao-1.pdf">Manifestação Técnica PDP 2022 &#8211; Ciclo de Revisão 1</a></li>
<li><a href="https://progepe.ufpr.br/capacitacao/wp-content/uploads/2023/02/manifestacao-tecnica-pdp-2022-ciclo-de-revisao-2.pdf">Manifestação Técnica PDP 2022 &#8211; Ciclo de Revisão 2</a></li>
<li><a href="https://progepe.ufpr.br/capacitacao/wp-content/uploads/2023/02/manifestacao-tecnica-pdp-2022-ciclo-de-revisao-3.pdf">Manifestação Técnica PDP 2022 &#8211; Ciclo de Revisão 3</a></li>
</ol>
<hr />
<p><strong>Atualizado em 03/02/2023</strong></p>
<h6></h6>
<h6></h6>

<p>Plano de Desenvolvimento de Pessoas (PDP) – 2022 Manifestação Técnica PDP 2022 Manifestação Técnica PDP 2022 &#8211; Ciclo de Revisão 1 Manifestação Técnica PDP 2022 &#8211; Ciclo de Revisão 2 Manifestação Técnica PDP 2022 &#8211; Ciclo de Revisão 3 Atualizado em 03/02/2023</p>

Plano de Desenvolvimento de Pessoas (PDP) – 2022 Manifestação Técnica PDP 2022 Manifestação Técnica PDP 2022 &#8211; Ciclo de Revisão 1 Manifestação Técnica PDP 2022 &#8211; Ciclo de Revisão 2 Manifestação Técnica PDP 2022 &#8211; Ciclo de Revisão 3 Atualizado em 03/02/2023
