{"id":1986,"date":"2021-04-21T20:34:27","date_gmt":"2021-04-21T23:34:27","guid":{"rendered":"https:\/\/www.prppg.ufpr.br\/site\/portalcapacitacao\/?page_id=1986"},"modified":"2021-04-21T20:34:27","modified_gmt":"2021-04-21T23:34:27","slug":"unidade-responsavel-2","status":"publish","type":"page","link":"https:\/\/progepe.ufpr.br\/capacitacao\/unidade-responsavel-2\/","title":{"rendered":"Unidade respons\u00e1vel"},"content":{"rendered":"<p>A\u00a0<a href=\"https:\/\/progepe.ufpr.br\/capacitacao\/contato\/\"><strong>Coordenadoria de Desenvolvimento de Pessoas \u2013 PROGEPE\/CDP<\/strong><\/a> \u00e9 respons\u00e1vel por planejar, organizar, supervisionar, orientar e fomentar o desenvolvimento da pol\u00edtica e as diretrizes para o desenvolvimento de pessoal. As d\u00favidas relacionadas a <a href=\"https:\/\/progepe.ufpr.br\/capacitacao\/pndp\/\">Pol\u00edtica Nacional de Desenvolvimento de Pessoas (PNDP)<\/a>, Plano de Desenvolvimento de Pessoas (PDP) &#8211; <a href=\"https:\/\/progepe.ufpr.br\/capacitacao\/metodologia\/\">Metodologia<\/a>, <a href=\"https:\/\/progepe.ufpr.br\/capacitacao\/cronograma\/\">Cronograma,<\/a> <a href=\"https:\/\/progepe.ufpr.br\/capacitacao\/plano-consolidado\/\">Plano Consolidado<\/a> e <a href=\"https:\/\/progepe.ufpr.br\/capacitacao\/relatorio-de-execucao\/\">Relat\u00f3rio de Execu\u00e7\u00e3o<\/a>,\u00a0 <a href=\"https:\/\/progepe.ufpr.br\/capacitacao\/mapeamento-de-competencias\/\">Mapeamento de Compet\u00eancias<\/a> podem ser enviadas para a Coordenadoria de Desenvolvimento de Pessoas \u2013 PROGEPE\/CDP (cdp.progepe@ufpr.br).<\/p>\n","protected":false},"excerpt":{"rendered":"<p>A\u00a0Coordenadoria de Desenvolvimento de Pessoas \u2013 PROGEPE\/CDP \u00e9 respons\u00e1vel por planejar, organizar, supervisionar, orientar e fomentar o desenvolvimento da pol\u00edtica e as diretrizes para o desenvolvimento de pessoal. As d\u00favidas relacionadas a Pol\u00edtica Nacional de Desenvolvimento de Pessoas (PNDP), Plano de Desenvolvimento de Pessoas (PDP) &#8211; Metodologia, Cronograma, Plano Consolidado e Relat\u00f3rio de Execu\u00e7\u00e3o,\u00a0 Mapeamento [&hellip;]<\/p>\n","protected":false},"author":41,"featured_media":0,"parent":0,"menu_order":0,"comment_status":"closed","ping_status":"closed","template":"","meta":{"_coblocks_attr":"","_coblocks_dimensions":"","_coblocks_responsive_height":"","_coblocks_accordion_ie_support":"","_uag_custom_page_level_css":"","iawp_total_views":51,"footnotes":""},"class_list":["post-1986","page","type-page","status-publish","hentry"],"uagb_featured_image_src":{"full":false,"thumbnail":false,"medium":false,"medium_large":false,"large":false,"1536x1536":false,"2048x2048":false},"uagb_author_info":{"display_name":"progepe-admin","author_link":"https:\/\/progepe.ufpr.br\/capacitacao\/author\/progepe-admin\/"},"uagb_comment_info":0,"uagb_excerpt":"A\u00a0Coordenadoria de Desenvolvimento de Pessoas \u2013 PROGEPE\/CDP \u00e9 respons\u00e1vel por planejar, organizar, supervisionar, orientar e fomentar o desenvolvimento da pol\u00edtica e as diretrizes para o desenvolvimento de pessoal. As d\u00favidas relacionadas a Pol\u00edtica Nacional de Desenvolvimento de Pessoas (PNDP), Plano de Desenvolvimento de Pessoas (PDP) &#8211; Metodologia, Cronograma, Plano Consolidado e Relat\u00f3rio de Execu\u00e7\u00e3o,\u00a0 Mapeamento&hellip;","publishpress_future_workflow_manual_trigger":{"enabledWorkflows":[]},"_links":{"self":[{"href":"https:\/\/progepe.ufpr.br\/capacitacao\/wp-json\/wp\/v2\/pages\/1986","targetHints":{"allow":["GET"]}}],"collection":[{"href":"https:\/\/progepe.ufpr.br\/capacitacao\/wp-json\/wp\/v2\/pages"}],"about":[{"href":"https:\/\/progepe.ufpr.br\/capacitacao\/wp-json\/wp\/v2\/types\/page"}],"author":[{"embeddable":true,"href":"https:\/\/progepe.ufpr.br\/capacitacao\/wp-json\/wp\/v2\/users\/41"}],"replies":[{"embeddable":true,"href":"https:\/\/progepe.ufpr.br\/capacitacao\/wp-json\/wp\/v2\/comments?post=1986"}],"version-history":[{"count":0,"href":"https:\/\/progepe.ufpr.br\/capacitacao\/wp-json\/wp\/v2\/pages\/1986\/revisions"}],"wp:attachment":[{"href":"https:\/\/progepe.ufpr.br\/capacitacao\/wp-json\/wp\/v2\/media?parent=1986"}],"curies":[{"name":"wp","href":"https:\/\/api.w.org\/{rel}","templated":true}]}}

Unidade responsável

<p>A <a href="https://progepe.ufpr.br/capacitacao/contato/"><strong>Coordenadoria de Desenvolvimento de Pessoas – PROGEPE/CDP</strong></a> é responsável por planejar, organizar, supervisionar, orientar e fomentar o desenvolvimento da política e as diretrizes para o desenvolvimento de pessoal. As dúvidas relacionadas a <a href="https://progepe.ufpr.br/capacitacao/pndp/">Política Nacional de Desenvolvimento de Pessoas (PNDP)</a>, Plano de Desenvolvimento de Pessoas (PDP) &#8211; <a href="https://progepe.ufpr.br/capacitacao/metodologia/">Metodologia</a>, <a href="https://progepe.ufpr.br/capacitacao/cronograma/">Cronograma,</a> <a href="https://progepe.ufpr.br/capacitacao/plano-consolidado/">Plano Consolidado</a> e <a href="https://progepe.ufpr.br/capacitacao/relatorio-de-execucao/">Relatório de Execução</a>,  <a href="https://progepe.ufpr.br/capacitacao/mapeamento-de-competencias/">Mapeamento de Competências</a> podem ser enviadas para a Coordenadoria de Desenvolvimento de Pessoas – PROGEPE/CDP (cdp.progepe@ufpr.br).</p>

<p>A Coordenadoria de Desenvolvimento de Pessoas – PROGEPE/CDP é responsável por planejar, organizar, supervisionar, orientar e fomentar o desenvolvimento da política e as diretrizes para o desenvolvimento de pessoal. As dúvidas relacionadas a Política Nacional de Desenvolvimento de Pessoas (PNDP), Plano de Desenvolvimento de Pessoas (PDP) &#8211; Metodologia, Cronograma, Plano Consolidado e Relatório de Execução,  Mapeamento [&hellip;]</p>

A Coordenadoria de Desenvolvimento de Pessoas – PROGEPE/CDP é responsável por planejar, organizar, supervisionar, orientar e fomentar o desenvolvimento da política e as diretrizes para o desenvolvimento de pessoal. As dúvidas relacionadas a Política Nacional de Desenvolvimento de Pessoas (PNDP), Plano de Desenvolvimento de Pessoas (PDP) &#8211; Metodologia, Cronograma, Plano Consolidado e Relatório de Execução,  Mapeamento&hellip;
