{"id":3000,"date":"2022-07-28T14:26:10","date_gmt":"2022-07-28T17:26:10","guid":{"rendered":"https:\/\/www.prppg.ufpr.br\/site\/portalcapacitacao\/?page_id=3000"},"modified":"2025-02-05T14:51:35","modified_gmt":"2025-02-05T17:51:35","slug":"pdp-2023-plano-consolidado","status":"publish","type":"page","link":"https:\/\/progepe.ufpr.br\/capacitacao\/pdp-2023-plano-consolidado\/","title":{"rendered":"Plano Consolidado PDP 2023"},"content":{"rendered":"<h6><strong>Plano de Desenvolvimento de Pessoas (PDP) \u2013 2023<\/strong><\/h6>\n<ol>\n<li><a href=\"https:\/\/progepe.ufpr.br\/capacitacao\/wp-content\/uploads\/2023\/02\/manifestacao-tecnica-pdp-2023.pdf\">Manifesta\u00e7\u00e3o T\u00e9cnica PDP 2023<\/a><\/li>\n<li><a href=\"https:\/\/progepe.ufpr.br\/capacitacao\/wp-content\/uploads\/2024\/03\/manifestacao-tecnica-pdp-2023-ciclo-de-revisao-1.pdf\">Manifesta\u00e7\u00e3o T\u00e9cnica PDP 2023 &#8211; Ciclo de Revis\u00e3o 1<\/a><\/li>\n<li>Manifesta\u00e7\u00e3o T\u00e9cnica PDP 2023 &#8211; Ciclo de Revis\u00e3o 2<\/li>\n<li><a href=\"https:\/\/progepe.ufpr.br\/capacitacao\/wp-content\/uploads\/2024\/03\/manifestacao-tecnica-pdp-2023-ciclo-de-revisao-3.pdf\">Manifesta\u00e7\u00e3o T\u00e9cnica PDP 2023 &#8211; Ciclo de Revis\u00e3o 3<\/a><\/li>\n<\/ol>\n<hr \/>\n<p><strong>Atualizado em 11\/03\/2024<\/strong><\/p>\n","protected":false},"excerpt":{"rendered":"<p>Plano de Desenvolvimento de Pessoas (PDP) \u2013 2023 Manifesta\u00e7\u00e3o T\u00e9cnica PDP 2023 Manifesta\u00e7\u00e3o T\u00e9cnica PDP 2023 &#8211; Ciclo de Revis\u00e3o 1 Manifesta\u00e7\u00e3o T\u00e9cnica PDP 2023 &#8211; Ciclo de Revis\u00e3o 2 Manifesta\u00e7\u00e3o T\u00e9cnica PDP 2023 &#8211; Ciclo de Revis\u00e3o 3 Atualizado em 11\/03\/2024<\/p>\n","protected":false},"author":41,"featured_media":0,"parent":0,"menu_order":0,"comment_status":"closed","ping_status":"closed","template":"","meta":{"_coblocks_attr":"","_coblocks_dimensions":"","_coblocks_responsive_height":"","_coblocks_accordion_ie_support":"","_uag_custom_page_level_css":"","iawp_total_views":4,"footnotes":""},"class_list":["post-3000","page","type-page","status-publish","hentry"],"uagb_featured_image_src":{"full":false,"thumbnail":false,"medium":false,"medium_large":false,"large":false,"1536x1536":false,"2048x2048":false},"uagb_author_info":{"display_name":"progepe-admin","author_link":"https:\/\/progepe.ufpr.br\/capacitacao\/author\/progepe-admin\/"},"uagb_comment_info":0,"uagb_excerpt":"Plano de Desenvolvimento de Pessoas (PDP) \u2013 2023 Manifesta\u00e7\u00e3o T\u00e9cnica PDP 2023 Manifesta\u00e7\u00e3o T\u00e9cnica PDP 2023 &#8211; Ciclo de Revis\u00e3o 1 Manifesta\u00e7\u00e3o T\u00e9cnica PDP 2023 &#8211; Ciclo de Revis\u00e3o 2 Manifesta\u00e7\u00e3o T\u00e9cnica PDP 2023 &#8211; Ciclo de Revis\u00e3o 3 Atualizado em 11\/03\/2024","publishpress_future_workflow_manual_trigger":{"enabledWorkflows":[]},"_links":{"self":[{"href":"https:\/\/progepe.ufpr.br\/capacitacao\/wp-json\/wp\/v2\/pages\/3000","targetHints":{"allow":["GET"]}}],"collection":[{"href":"https:\/\/progepe.ufpr.br\/capacitacao\/wp-json\/wp\/v2\/pages"}],"about":[{"href":"https:\/\/progepe.ufpr.br\/capacitacao\/wp-json\/wp\/v2\/types\/page"}],"author":[{"embeddable":true,"href":"https:\/\/progepe.ufpr.br\/capacitacao\/wp-json\/wp\/v2\/users\/41"}],"replies":[{"embeddable":true,"href":"https:\/\/progepe.ufpr.br\/capacitacao\/wp-json\/wp\/v2\/comments?post=3000"}],"version-history":[{"count":2,"href":"https:\/\/progepe.ufpr.br\/capacitacao\/wp-json\/wp\/v2\/pages\/3000\/revisions"}],"predecessor-version":[{"id":77505,"href":"https:\/\/progepe.ufpr.br\/capacitacao\/wp-json\/wp\/v2\/pages\/3000\/revisions\/77505"}],"wp:attachment":[{"href":"https:\/\/progepe.ufpr.br\/capacitacao\/wp-json\/wp\/v2\/media?parent=3000"}],"curies":[{"name":"wp","href":"https:\/\/api.w.org\/{rel}","templated":true}]}}

<h6><strong>Plano de Desenvolvimento de Pessoas (PDP) – 2023</strong></h6>
<ol>
<li><a href="https://progepe.ufpr.br/capacitacao/wp-content/uploads/2023/02/manifestacao-tecnica-pdp-2023.pdf">Manifestação Técnica PDP 2023</a></li>
<li><a href="https://progepe.ufpr.br/capacitacao/wp-content/uploads/2024/03/manifestacao-tecnica-pdp-2023-ciclo-de-revisao-1.pdf">Manifestação Técnica PDP 2023 &#8211; Ciclo de Revisão 1</a></li>
<li>Manifestação Técnica PDP 2023 &#8211; Ciclo de Revisão 2</li>
<li><a href="https://progepe.ufpr.br/capacitacao/wp-content/uploads/2024/03/manifestacao-tecnica-pdp-2023-ciclo-de-revisao-3.pdf">Manifestação Técnica PDP 2023 &#8211; Ciclo de Revisão 3</a></li>
</ol>
<hr />
<p><strong>Atualizado em 11/03/2024</strong></p>

<p>Plano de Desenvolvimento de Pessoas (PDP) – 2023 Manifestação Técnica PDP 2023 Manifestação Técnica PDP 2023 &#8211; Ciclo de Revisão 1 Manifestação Técnica PDP 2023 &#8211; Ciclo de Revisão 2 Manifestação Técnica PDP 2023 &#8211; Ciclo de Revisão 3 Atualizado em 11/03/2024</p>

Plano de Desenvolvimento de Pessoas (PDP) – 2023 Manifestação Técnica PDP 2023 Manifestação Técnica PDP 2023 &#8211; Ciclo de Revisão 1 Manifestação Técnica PDP 2023 &#8211; Ciclo de Revisão 2 Manifestação Técnica PDP 2023 &#8211; Ciclo de Revisão 3 Atualizado em 11/03/2024
