{"id":3002,"date":"2022-07-28T14:26:26","date_gmt":"2022-07-28T17:26:26","guid":{"rendered":"https:\/\/www.prppg.ufpr.br\/site\/portalcapacitacao\/?page_id=3002"},"modified":"2025-02-05T14:51:32","modified_gmt":"2025-02-05T17:51:32","slug":"pdp-2023-relatorio-execucao","status":"publish","type":"page","link":"https:\/\/progepe.ufpr.br\/capacitacao\/pdp-2023-relatorio-execucao\/","title":{"rendered":"Relat\u00f3rio de Execu\u00e7\u00e3o PDP 2023"},"content":{"rendered":"\n<p>O Relat\u00f3rio de Execu\u00e7\u00e3o do PDP 2023 estar\u00e1 dispon\u00edvel ap\u00f3s sua elabora\u00e7\u00e3o em janeiro\/2024.<\/p>\n\n\n\n<hr class=\"wp-block-separator has-alpha-channel-opacity\"\/>\n\n\n\n<p>&nbsp;<\/p>\n\n\n\n<h6 class=\"wp-block-heading\"><strong>Atualizado em 03\/02\/2023<\/strong><\/h6>\n","protected":false},"excerpt":{"rendered":"<p>O Relat\u00f3rio de Execu\u00e7\u00e3o do PDP 2023 estar\u00e1 dispon\u00edvel ap\u00f3s sua elabora\u00e7\u00e3o em janeiro\/2024. &nbsp; Atualizado em 03\/02\/2023<\/p>\n","protected":false},"author":41,"featured_media":0,"parent":0,"menu_order":0,"comment_status":"closed","ping_status":"closed","template":"","meta":{"_coblocks_attr":"","_coblocks_dimensions":"","_coblocks_responsive_height":"","_coblocks_accordion_ie_support":"","_uag_custom_page_level_css":"","iawp_total_views":10,"footnotes":""},"class_list":["post-3002","page","type-page","status-publish","hentry"],"uagb_featured_image_src":{"full":false,"thumbnail":false,"medium":false,"medium_large":false,"large":false,"1536x1536":false,"2048x2048":false},"uagb_author_info":{"display_name":"progepe-admin","author_link":"https:\/\/progepe.ufpr.br\/capacitacao\/author\/progepe-admin\/"},"uagb_comment_info":0,"uagb_excerpt":"O Relat\u00f3rio de Execu\u00e7\u00e3o do PDP 2023 estar\u00e1 dispon\u00edvel ap\u00f3s sua elabora\u00e7\u00e3o em janeiro\/2024. &nbsp; Atualizado em 03\/02\/2023","publishpress_future_workflow_manual_trigger":{"enabledWorkflows":[]},"_links":{"self":[{"href":"https:\/\/progepe.ufpr.br\/capacitacao\/wp-json\/wp\/v2\/pages\/3002","targetHints":{"allow":["GET"]}}],"collection":[{"href":"https:\/\/progepe.ufpr.br\/capacitacao\/wp-json\/wp\/v2\/pages"}],"about":[{"href":"https:\/\/progepe.ufpr.br\/capacitacao\/wp-json\/wp\/v2\/types\/page"}],"author":[{"embeddable":true,"href":"https:\/\/progepe.ufpr.br\/capacitacao\/wp-json\/wp\/v2\/users\/41"}],"replies":[{"embeddable":true,"href":"https:\/\/progepe.ufpr.br\/capacitacao\/wp-json\/wp\/v2\/comments?post=3002"}],"version-history":[{"count":2,"href":"https:\/\/progepe.ufpr.br\/capacitacao\/wp-json\/wp\/v2\/pages\/3002\/revisions"}],"predecessor-version":[{"id":77504,"href":"https:\/\/progepe.ufpr.br\/capacitacao\/wp-json\/wp\/v2\/pages\/3002\/revisions\/77504"}],"wp:attachment":[{"href":"https:\/\/progepe.ufpr.br\/capacitacao\/wp-json\/wp\/v2\/media?parent=3002"}],"curies":[{"name":"wp","href":"https:\/\/api.w.org\/{rel}","templated":true}]}}

Relatório de Execução PDP 2023

<p>O Relatório de Execução do PDP 2023 estará disponível após sua elaboração em janeiro/2024.</p>



<hr class="wp-block-separator has-alpha-channel-opacity"/>



<p>&nbsp;</p>



<h6 class="wp-block-heading"><strong>Atualizado em 03/02/2023</strong></h6>

<p>O Relatório de Execução do PDP 2023 estará disponível após sua elaboração em janeiro/2024. &nbsp; Atualizado em 03/02/2023</p>

O Relatório de Execução do PDP 2023 estará disponível após sua elaboração em janeiro/2024. &nbsp; Atualizado em 03/02/2023
