{"id":3926,"date":"2022-12-01T16:26:43","date_gmt":"2022-12-01T19:26:43","guid":{"rendered":"https:\/\/www.prppg.ufpr.br\/site\/portalcapacitacao\/?page_id=3926"},"modified":"2025-02-04T15:48:26","modified_gmt":"2025-02-04T18:48:26","slug":"editais-afastamento-2019","status":"publish","type":"page","link":"https:\/\/progepe.ufpr.br\/capacitacao\/editais-afastamento-2019\/","title":{"rendered":"Editais &#8211; Afastamentos &#8211; 2019"},"content":{"rendered":"<h6><strong>Processo Seletivo para classifica\u00e7\u00e3o dos (as) servidores (as) da carreira T\u00e9cnico-Administrativo em Educa\u00e7\u00e3o para participa\u00e7\u00e3o em Programas de P\u00f3s-Gradua\u00e7\u00e3o ou P\u00f3s-Doutorado &#8211; 2019\u00a0 \u00a0<span style=\"color: #800000\">FINALIZADO<\/span><\/strong><\/h6>\n<p><strong><a href=\"https:\/\/progepe.ufpr.br\/capacitacao\/wp-content\/uploads\/2021\/01\/edital-15-2019-progepe-cdp.pdf\">Edital 15-2019 PROGEPE-CDP<\/a> <\/strong>&#8211; Processo seletivo (T\u00e9cnicos)<\/p>\n<p><strong><em>Resultados do Edital 15-2019 PROGEPE-CDP<\/em><\/strong><\/p>\n<ol>\n<li><a href=\"https:\/\/progepe.ufpr.br\/capacitacao\/wp-content\/uploads\/2021\/01\/edital-01-2019-comissao-do-processo-seletivo.pdf\">Inscri\u00e7\u00f5es homologadas &#8211; Edital 01-2019 Comiss\u00e3o do Processo Seletivo<\/a><\/li>\n<li><a href=\"https:\/\/progepe.ufpr.br\/capacitacao\/wp-content\/uploads\/2021\/01\/edital-02-2019-comissao-do-processo-seletivo.pdf\">Retifica\u00e7\u00e3o das inscri\u00e7\u00f5es homologadas &#8211; Edital 02-2019 Comiss\u00e3o do Processo Seletivo<\/a><\/li>\n<li><a href=\"https:\/\/progepe.ufpr.br\/capacitacao\/wp-content\/uploads\/2021\/01\/edital-03-2019-comissao-do-processo-seletivo.pdf\">Resultado preliminar\u00a0 &#8211; Edital 03-2019 Comiss\u00e3o do Processo Seletivo<\/a><\/li>\n<li><a href=\"https:\/\/progepe.ufpr.br\/capacitacao\/wp-content\/uploads\/2021\/01\/edital-03-2019-comissao-do-processo-seletivo.pdf\">Resultado final &#8211; Edital 04-2019 Comiss\u00e3o do Processo Seletivo<\/a><\/li>\n<\/ol>\n<hr \/>\n<h6><strong>Processo Seletivo para classifica\u00e7\u00e3o dos (as) servidores (as) da carreira Magist\u00e9rio Superior e Magist\u00e9rio do Ensino B\u00e1sico, T\u00e9cnico e Tecnol\u00f3gico para participa\u00e7\u00e3o em Programas de P\u00f3s-Gradua\u00e7\u00e3o ou P\u00f3s-Doutorado &#8211; 2019\u00a0 \u00a0<span style=\"color: #800000\">FINALIZADO<\/span><\/strong><\/h6>\n<p><strong><a href=\"https:\/\/progepe.ufpr.br\/capacitacao\/wp-content\/uploads\/2021\/01\/edital-16-2019-progepe-cdp.pdf\">Edital 16-2019 PROGEPE-CDP<\/a> <\/strong>&#8211; Processo seletivo (Docentes)<\/p>\n<p><strong><em>Resultados do Edital 16-2019 PROGEPE-CDP<\/em><\/strong><\/p>\n<p><em>Campus Jandaia do Sul<\/em><\/p>\n<ol>\n<li><a href=\"https:\/\/progepe.ufpr.br\/capacitacao\/wp-content\/uploads\/2021\/01\/inscricoes-homologadas-campus-jandaia-do-sul.pdf\">Inscri\u00e7\u00f5es homologadas &#8211; Campus Jandaia do Sul<\/a><\/li>\n<li><a href=\"https:\/\/progepe.ufpr.br\/capacitacao\/wp-content\/uploads\/2021\/01\/resultado-preliminar-campus-jandaia-do-sul.pdf\">Resultado preliminar &#8211; Campus Jandaia do Sul<\/a><\/li>\n<li><a href=\"https:\/\/progepe.ufpr.br\/capacitacao\/wp-content\/uploads\/2021\/01\/resultado-final-campus-jandaia-do-sul.pdf\">Resultado final &#8211; Campus Jandaia do Sul<\/a><\/li>\n<\/ol>\n<p><em>Setor de Ci\u00eancias Agr\u00e1rias<\/em><\/p>\n<ol>\n<li><a href=\"https:\/\/progepe.ufpr.br\/capacitacao\/wp-content\/uploads\/2021\/01\/inscricoes-homologadas-setor-de-ciencias-agrarias.pdf\">Inscri\u00e7\u00f5es homologadas &#8211; Setor de Ci\u00eancias Agr\u00e1rias<\/a><\/li>\n<li><a href=\"https:\/\/progepe.ufpr.br\/capacitacao\/wp-content\/uploads\/2021\/01\/resultado-preliminar-setor-de-ciencias-agrarias.pdf\">Resultado preliminar &#8211; Setor de Ci\u00eancias Agr\u00e1rias<\/a><\/li>\n<li><a href=\"https:\/\/progepe.ufpr.br\/capacitacao\/wp-content\/uploads\/2021\/01\/resultado-final-setor-de-ciencias-agrarias.pdf\">Resultado final &#8211; Setor de Ci\u00eancias Agr\u00e1rias<\/a><\/li>\n<\/ol>\n<p><em>Setor de Ci\u00eancias Exatas<\/em><\/p>\n<ol>\n<li><a href=\"https:\/\/progepe.ufpr.br\/capacitacao\/wp-content\/uploads\/2021\/01\/inscricoes-homologadas-setor-de-ciencias-exatas.pdf\">Inscri\u00e7\u00f5es homologadas &#8211; Setor de Ci\u00eancias Exatas<\/a><\/li>\n<li><a href=\"https:\/\/progepe.ufpr.br\/capacitacao\/wp-content\/uploads\/2021\/01\/resultado-preliminar-setor-de-ciencias-exatas.pdf\">Resultado preliminar &#8211; Setor de Ci\u00eancias Exatas<\/a><\/li>\n<li><a href=\"https:\/\/progepe.ufpr.br\/capacitacao\/wp-content\/uploads\/2021\/01\/resultado-final-setor-de-ciencias-exatas.pdf\">Resultado final Setor de Ci\u00eancias Exatas<\/a><\/li>\n<\/ol>\n<p><em>Setor de Ci\u00eancias Humanas<\/em><\/p>\n<ol>\n<li><a href=\"https:\/\/progepe.ufpr.br\/capacitacao\/wp-content\/uploads\/2021\/01\/inscricoes-homologadas-setor-de-ciencias-humanas.pdf\">Inscri\u00e7\u00f5es homologadas &#8211; Setor de Ci\u00eancias Humanas<\/a><\/li>\n<li><a href=\"https:\/\/progepe.ufpr.br\/capacitacao\/wp-content\/uploads\/2021\/01\/resultado-preliminar-setor-de-ciencias-humanas.pdf\">Resultado preliminar &#8211; Setor de Ci\u00eancias Humanas<\/a><\/li>\n<li><a href=\"https:\/\/progepe.ufpr.br\/capacitacao\/wp-content\/uploads\/2021\/01\/resultado-final-setor-de-ciencias-humanas.pdf\">Resultado final &#8211; Setor de Ci\u00eancias Humanas<\/a><\/li>\n<\/ol>\n<p><em>Setor de Ci\u00eancias Jur\u00eddicas<\/em><\/p>\n<ol>\n<li><a href=\"https:\/\/progepe.ufpr.br\/capacitacao\/wp-content\/uploads\/2021\/01\/inscricoes-homologadas-setor-de-ciencias-juridicas.pdf\">Inscri\u00e7\u00f5es homologadas &#8211; Setor de Ci\u00eancias Jur\u00eddicas<\/a><\/li>\n<li><a href=\"https:\/\/progepe.ufpr.br\/capacitacao\/wp-content\/uploads\/2021\/01\/retificacao-das-inscricoes-homologadas-setor-de-ciencias-juridicas.pdf\">Retifica\u00e7\u00e3o das inscri\u00e7\u00f5es homologadas &#8211; Setor de Ci\u00eancias Jur\u00eddicas<\/a><\/li>\n<li><a href=\"https:\/\/progepe.ufpr.br\/capacitacao\/wp-content\/uploads\/2021\/01\/resultado-preliminar-setor-ciencias-juridicas.pdf\">Resultado preliminar &#8211; Setor Ci\u00eancias Jur\u00eddicas<\/a><\/li>\n<li><a href=\"https:\/\/progepe.ufpr.br\/capacitacao\/wp-content\/uploads\/2021\/01\/resultado-final-setor-de-ciencias-juridicas.pdf\">Resultado final &#8211; Setor de Ci\u00eancias Jur\u00eddicas<\/a><\/li>\n<\/ol>\n<p><em>Setor de Ci\u00eancias da Sa\u00fade<\/em><\/p>\n<ol>\n<li><a href=\"https:\/\/progepe.ufpr.br\/capacitacao\/wp-content\/uploads\/2021\/01\/inscricoes-homologadas-setor-de-ciencias-da-saude.pdf\">Inscri\u00e7\u00f5es homologadas &#8211; Setor de Ci\u00eancias da Sa\u00fade<\/a><\/li>\n<li><a href=\"https:\/\/progepe.ufpr.br\/capacitacao\/wp-content\/uploads\/2021\/01\/resultado-preliminar-setor-de-ciencias-da-saude.pdf\">Resultado preliminar &#8211; Setor de Ci\u00eancias da Sa\u00fade<\/a><\/li>\n<li><a href=\"https:\/\/progepe.ufpr.br\/capacitacao\/wp-content\/uploads\/2021\/01\/resultado-final-setor-de-ciencias-da-saude.pdf\">Resultado final &#8211; Setor de Ci\u00eancias da Sa\u00fade<\/a><\/li>\n<\/ol>\n<p><em>Setor de Ci\u00eancias Sociais Aplicadas<\/em><\/p>\n<ol>\n<li><a href=\"https:\/\/progepe.ufpr.br\/capacitacao\/wp-content\/uploads\/2021\/01\/inscricoes-homologadas-setor-de-ciencias-sociais-aplicadas.pdf\">Inscri\u00e7\u00f5es homologadas &#8211; Setor de Ci\u00eancias Sociais Aplicadas<\/a><\/li>\n<li><a href=\"https:\/\/progepe.ufpr.br\/capacitacao\/wp-content\/uploads\/2021\/01\/resultado-preliminar-setor-de-ciencias-sociais-aplicadas.pdf\">Resultado preliminar &#8211; Setor de Ci\u00eancias Sociais Aplicadas<\/a><\/li>\n<li><a href=\"https:\/\/progepe.ufpr.br\/capacitacao\/wp-content\/uploads\/2021\/01\/resultado-final-setor-de-ciencias-sociais-aplicadas.pdf\">Resultado final &#8211; Setor de Ci\u00eancias Sociais Aplicadas<\/a><\/li>\n<\/ol>\n<p><em>Setor de Educa\u00e7\u00e3o\u00a0<\/em><\/p>\n<ol>\n<li><a href=\"https:\/\/progepe.ufpr.br\/capacitacao\/wp-content\/uploads\/2021\/01\/inscricoes-homologadas-setor-de-educacao.pdf\">Inscri\u00e7\u00f5es homologadas &#8211; Setor de Educa\u00e7\u00e3o<\/a><\/li>\n<li><a href=\"https:\/\/progepe.ufpr.br\/capacitacao\/wp-content\/uploads\/2021\/01\/resultado-preliminar-setor-de-educacao.pdf\">Resultado preliminar &#8211; Setor de Educa\u00e7\u00e3o<\/a><\/li>\n<li><a href=\"https:\/\/progepe.ufpr.br\/capacitacao\/wp-content\/uploads\/2021\/01\/resultado-final-setor-de-educacao.pdf\">Resultado final &#8211; Setor de Educa\u00e7\u00e3o<\/a><\/li>\n<\/ol>\n<p><em>Setor de Educa\u00e7\u00e3o Profissional e Tecnol\u00f3gica<\/em><\/p>\n<ol>\n<li><a href=\"https:\/\/progepe.ufpr.br\/capacitacao\/wp-content\/uploads\/2021\/01\/inscricoes-homologadas-setor-de-educacao-profissional-e-tecnologica.pdf\">Inscri\u00e7\u00f5es homologadas &#8211; Setor de Educa\u00e7\u00e3o Profissional e Tecnol\u00f3gica<\/a><\/li>\n<li><a href=\"https:\/\/progepe.ufpr.br\/capacitacao\/wp-content\/uploads\/2021\/01\/resultado-preliminar-setor-de-educacao-profissional-e-tecnologica.pdf\">Resultado preliminar &#8211; Setor de Educa\u00e7\u00e3o Profissional e Tecnol\u00f3gica<\/a><\/li>\n<li><a href=\"https:\/\/progepe.ufpr.br\/capacitacao\/wp-content\/uploads\/2021\/01\/resultado-final-setor-de-educacao-profissional-e-tecnologica.pdf\">Resultado final &#8211; Setor de Educa\u00e7\u00e3o Profissional e Tecnol\u00f3gica<\/a><\/li>\n<\/ol>\n<p><em>Setor de Tecnologia<\/em><\/p>\n<ol>\n<li><a href=\"https:\/\/progepe.ufpr.br\/capacitacao\/wp-content\/uploads\/2021\/01\/inscricoes-homologadas-setor-de-tecnologia.pdf\">Inscri\u00e7\u00f5es homologadas &#8211; Setor de Tecnologia<\/a><\/li>\n<li><a href=\"https:\/\/progepe.ufpr.br\/capacitacao\/wp-content\/uploads\/2021\/01\/resultado-preliminar-setor-de-tecnologia.pdf\">Resultado preliminar &#8211; Setor de Tecnologia<\/a><\/li>\n<li><a href=\"https:\/\/progepe.ufpr.br\/capacitacao\/wp-content\/uploads\/2021\/01\/resultado-final-setor-de-tecnologia.pdf\">Resultado final &#8211; Setor de Tecnologia<\/a><\/li>\n<\/ol>\n<p><em>Setor Litoral<\/em><\/p>\n<ol>\n<li><a href=\"https:\/\/progepe.ufpr.br\/capacitacao\/wp-content\/uploads\/2021\/01\/inscricoes-homologadas-setor-litoral.pdf\">Inscri\u00e7\u00f5es homologadas &#8211; Setor Litoral<\/a><\/li>\n<li><a href=\"https:\/\/progepe.ufpr.br\/capacitacao\/wp-content\/uploads\/2021\/01\/resultado-preliminar-setor-litoral.pdf\">Resultado preliminar &#8211; Setor Litoral<\/a><\/li>\n<li><a href=\"https:\/\/progepe.ufpr.br\/capacitacao\/wp-content\/uploads\/2021\/01\/resultado-final-setor-litoral.pdf\">Resultado final &#8211; Setor Litoral<\/a><\/li>\n<\/ol>\n<p><em>Setor Palotina<\/em><\/p>\n<ol>\n<li><a href=\"https:\/\/progepe.ufpr.br\/capacitacao\/wp-content\/uploads\/2021\/01\/inscricoes-homologadas-setor-palotina.pdf\">Inscri\u00e7\u00f5es homologadas &#8211; Setor Palotina<\/a><\/li>\n<li><a href=\"https:\/\/progepe.ufpr.br\/capacitacao\/wp-content\/uploads\/2021\/01\/resultado-preliminar-setor-palotina.pdf\">Resultado preliminar &#8211; Setor Palotina<\/a><\/li>\n<li><a href=\"https:\/\/progepe.ufpr.br\/capacitacao\/wp-content\/uploads\/2021\/01\/resultado-final-setor-palotina.pdf\">Resultado final &#8211; Setor Palotina<\/a><\/li>\n<\/ol>\n<hr \/>\n<h6><strong>Atualizado em 01\/12\/2022<\/strong><\/h6>\n","protected":false},"excerpt":{"rendered":"<p>Processo Seletivo para classifica\u00e7\u00e3o dos (as) servidores (as) da carreira T\u00e9cnico-Administrativo em Educa\u00e7\u00e3o para participa\u00e7\u00e3o em Programas de P\u00f3s-Gradua\u00e7\u00e3o ou P\u00f3s-Doutorado &#8211; 2019\u00a0 \u00a0FINALIZADO Edital 15-2019 PROGEPE-CDP &#8211; Processo seletivo (T\u00e9cnicos) Resultados do Edital 15-2019 PROGEPE-CDP Inscri\u00e7\u00f5es homologadas &#8211; Edital 01-2019 Comiss\u00e3o do Processo Seletivo Retifica\u00e7\u00e3o das inscri\u00e7\u00f5es homologadas &#8211; Edital 02-2019 Comiss\u00e3o do Processo [&hellip;]<\/p>\n","protected":false},"author":41,"featured_media":0,"parent":0,"menu_order":0,"comment_status":"closed","ping_status":"closed","template":"","meta":{"_coblocks_attr":"","_coblocks_dimensions":"","_coblocks_responsive_height":"","_coblocks_accordion_ie_support":"","_uag_custom_page_level_css":"","iawp_total_views":10,"footnotes":""},"class_list":["post-3926","page","type-page","status-publish","hentry"],"uagb_featured_image_src":{"full":false,"thumbnail":false,"medium":false,"medium_large":false,"large":false,"1536x1536":false,"2048x2048":false},"uagb_author_info":{"display_name":"progepe-admin","author_link":"https:\/\/progepe.ufpr.br\/capacitacao\/author\/progepe-admin\/"},"uagb_comment_info":0,"uagb_excerpt":"Processo Seletivo para classifica\u00e7\u00e3o dos (as) servidores (as) da carreira T\u00e9cnico-Administrativo em Educa\u00e7\u00e3o para participa\u00e7\u00e3o em Programas de P\u00f3s-Gradua\u00e7\u00e3o ou P\u00f3s-Doutorado &#8211; 2019\u00a0 \u00a0FINALIZADO Edital 15-2019 PROGEPE-CDP &#8211; Processo seletivo (T\u00e9cnicos) Resultados do Edital 15-2019 PROGEPE-CDP Inscri\u00e7\u00f5es homologadas &#8211; Edital 01-2019 Comiss\u00e3o do Processo Seletivo Retifica\u00e7\u00e3o das inscri\u00e7\u00f5es homologadas &#8211; Edital 02-2019 Comiss\u00e3o do Processo&hellip;","publishpress_future_workflow_manual_trigger":{"enabledWorkflows":[]},"_links":{"self":[{"href":"https:\/\/progepe.ufpr.br\/capacitacao\/wp-json\/wp\/v2\/pages\/3926","targetHints":{"allow":["GET"]}}],"collection":[{"href":"https:\/\/progepe.ufpr.br\/capacitacao\/wp-json\/wp\/v2\/pages"}],"about":[{"href":"https:\/\/progepe.ufpr.br\/capacitacao\/wp-json\/wp\/v2\/types\/page"}],"author":[{"embeddable":true,"href":"https:\/\/progepe.ufpr.br\/capacitacao\/wp-json\/wp\/v2\/users\/41"}],"replies":[{"embeddable":true,"href":"https:\/\/progepe.ufpr.br\/capacitacao\/wp-json\/wp\/v2\/comments?post=3926"}],"version-history":[{"count":1,"href":"https:\/\/progepe.ufpr.br\/capacitacao\/wp-json\/wp\/v2\/pages\/3926\/revisions"}],"predecessor-version":[{"id":77177,"href":"https:\/\/progepe.ufpr.br\/capacitacao\/wp-json\/wp\/v2\/pages\/3926\/revisions\/77177"}],"wp:attachment":[{"href":"https:\/\/progepe.ufpr.br\/capacitacao\/wp-json\/wp\/v2\/media?parent=3926"}],"curies":[{"name":"wp","href":"https:\/\/api.w.org\/{rel}","templated":true}]}}