{"id":4318,"date":"2023-02-03T11:31:58","date_gmt":"2023-02-03T14:31:58","guid":{"rendered":"https:\/\/www.prppg.ufpr.br\/site\/portalcapacitacao\/?page_id=4318"},"modified":"2025-02-05T14:49:31","modified_gmt":"2025-02-05T17:49:31","slug":"pdp-2020-cronograma","status":"publish","type":"page","link":"https:\/\/progepe.ufpr.br\/capacitacao\/pdp-2020-cronograma\/","title":{"rendered":"Cronograma PDP 2020"},"content":{"rendered":"<h6><strong>Cronograma anual de elabora\u00e7\u00e3o do Plano de Desenvolvimento de Pessoas (PDP)<\/strong><\/h6>\n<p>Os prazos para elabora\u00e7\u00e3o e encaminhamento do PDP s\u00e3o definidos pelo \u00d3rg\u00e3o Central do SIPEC, observando o disposto nas normas complementares de que trata o Decreto n\u00ba 9.991\/2019, art. 12.<\/p>\n<p>Em outubro de 2019, a partir da identifica\u00e7\u00e3o de necessidades de desenvolvimento dos(as) servidores(as) das Pr\u00f3-Reitorias, Setores, Superintend\u00eancias e Unidades Equivalentes foi elaborado o PDP da UFPR para o ano de 2020, aprovado em sua integralidade pelo \u00d3rg\u00e3o Central do SIPEC em 28\/02\/2020.<\/p>\n<h6><strong>Cronograma dos Ciclos de Revis\u00e3o do Plano de Desenvolvimento de Pessoas da UFPR para o ano de 2020<\/strong><\/h6>\n<p>De acordo com o Decreto n\u00ba 9.991, de 28 de agosto de 2019, todas as a\u00e7\u00f5es de desenvolvimento, capacita\u00e7\u00e3o ou treinamento regularmente institu\u00eddo, com ou sem afastamento e com ou sem \u00f4nus para a administra\u00e7\u00e3o p\u00fablica, que n\u00e3o forem inclu\u00eddas no PDP n\u00e3o poder\u00e3o ser executadas pelo \u00d3rg\u00e3o ou Entidade. Igualmente as a\u00e7\u00f5es n\u00e3o consolidadas, ap\u00f3s an\u00e1lise da revis\u00e3o pelo \u00d3rg\u00e3o Central do SIPEC.<\/p>\n<p>As a\u00e7\u00f5es de desenvolvimento, capacita\u00e7\u00e3o ou treinamento regularmente institu\u00eddo realizadas no pa\u00eds ou fora do pa\u00eds que geram afastamento do (a) servidor (a) s\u00e3o: licen\u00e7a para capacita\u00e7\u00e3o, participa\u00e7\u00e3o em programa de treinamento regularmente institu\u00eddo, participa\u00e7\u00e3o em programa de p\u00f3s-gradua\u00e7\u00e3o stricto sensu, p\u00f3s-doutorado (Decreto n\u00ba 9.991\/2019, art. 18).<\/p>\n<p>As a\u00e7\u00f5es que comp\u00f5em o programa de treinamento regularmente institu\u00eddo s\u00e3o classificadas como: cursos, oficinas, semin\u00e1rios, f\u00f3runs, congressos, confer\u00eancias, palestras, workshops, simp\u00f3sios, semanas, jornadas, conven\u00e7\u00f5es, col\u00f3quios, dentre outros, nas modalidades presencial, h\u00edbrido ou a dist\u00e2ncia.<\/p>\n<p>As a\u00e7\u00f5es de desenvolvimento, capacita\u00e7\u00e3o ou treinamento regularmente institu\u00eddo para servidores docentes e t\u00e9cnico-administrativos que n\u00e3o foram informadas quando da elabora\u00e7\u00e3o do PDP 2020, podem ser inclu\u00eddas nos Ciclos de Revis\u00e3o que ocorrer\u00e3o conforme cronograma abaixo:<\/p>\n<p>&nbsp;<\/p>\n<table border=\"1\" cellspacing=\"1\" cellpadding=\"1\">\n<tbody>\n<tr>\n<td colspan=\"3\">\n<p class=\"Texto_Centralizado\" style=\"text-align: center\"><b>Calend\u00e1rio de Revis\u00f5es do PDP 2020<\/b><\/p>\n<\/td>\n<\/tr>\n<tr>\n<td>\n<p class=\"Texto_Centralizado\" style=\"text-align: center\"><b>Data m\u00e1xima de envio para CDP\/PROGEPE<\/b><\/p>\n<\/td>\n<td style=\"text-align: center\">\n<p class=\"Texto_Centralizado\"><b>Data de envio do PDP para revis\u00e3o ao \u00d3rg\u00e3o do SIPEC<\/b><\/p>\n<\/td>\n<td style=\"text-align: center\">\n<p class=\"Texto_Centralizado\"><b>Resposta pelo \u00d3rg\u00e3o do SIPEC at\u00e9<\/b><\/p>\n<\/td>\n<\/tr>\n<tr>\n<td>\n<p class=\"Texto_Centralizado\" style=\"text-align: center\">04\/05\/2020<\/p>\n<\/td>\n<td style=\"text-align: center\">\n<p class=\"Texto_Centralizado\">08\/05\/2020<\/p>\n<\/td>\n<td>\n<p class=\"Texto_Centralizado\" style=\"text-align: center\">08\/06\/2020<\/p>\n<\/td>\n<\/tr>\n<tr>\n<td>\n<p class=\"Texto_Centralizado\" style=\"text-align: center\">01\/06\/2020<\/p>\n<\/td>\n<td style=\"text-align: center\">\n<p class=\"Texto_Centralizado\">05\/06\/2020<\/p>\n<\/td>\n<td style=\"text-align: center\">\n<p class=\"Texto_Centralizado\">06\/07\/2020<\/p>\n<\/td>\n<\/tr>\n<tr>\n<td>\n<p class=\"Texto_Centralizado\" style=\"text-align: center\">03\/07\/2020<\/p>\n<\/td>\n<td style=\"text-align: center\">\n<p class=\"Texto_Centralizado\">07\/07\/2020<\/p>\n<\/td>\n<td>\n<p class=\"Texto_Centralizado\" style=\"text-align: center\">06\/08\/2020<\/p>\n<\/td>\n<\/tr>\n<tr>\n<td>\n<p class=\"Texto_Centralizado\" style=\"text-align: center\">03\/08\/2020<\/p>\n<\/td>\n<td style=\"text-align: center\">\n<p class=\"Texto_Centralizado\">07\/08\/2020<\/p>\n<\/td>\n<td>\n<p class=\"Texto_Centralizado\" style=\"text-align: center\">08\/09\/2020<\/p>\n<\/td>\n<\/tr>\n<tr>\n<td>\n<p class=\"Texto_Centralizado\" style=\"text-align: center\">04\/09\/2020<\/p>\n<\/td>\n<td style=\"text-align: center\">\n<p class=\"Texto_Centralizado\">08\/09\/2020<\/p>\n<\/td>\n<td>\n<p class=\"Texto_Centralizado\" style=\"text-align: center\">08\/10\/2020<\/p>\n<\/td>\n<\/tr>\n<tr>\n<td>\n<p class=\"Texto_Centralizado\" style=\"text-align: center\">03\/10\/2020<\/p>\n<\/td>\n<td style=\"text-align: center\">\n<p class=\"Texto_Centralizado\">07\/10\/2020<\/p>\n<\/td>\n<td>\n<p class=\"Texto_Centralizado\" style=\"text-align: center\">06\/11\/2020<\/p>\n<\/td>\n<\/tr>\n<tr>\n<td style=\"text-align: center\">\n<p class=\"Texto_Centralizado\">05\/11\/2020<\/p>\n<\/td>\n<td style=\"text-align: center\">\n<p class=\"Texto_Centralizado\">09\/11\/2020<\/p>\n<\/td>\n<td>\n<p class=\"Texto_Centralizado\" style=\"text-align: center\">09\/12\/2020<\/p>\n<\/td>\n<\/tr>\n<tr>\n<td style=\"text-align: center\">\n<p class=\"Texto_Centralizado\">03\/12\/2020<\/p>\n<\/td>\n<td style=\"text-align: center\">\n<p class=\"Texto_Centralizado\">07\/12\/2020<\/p>\n<\/td>\n<td>\n<p class=\"Texto_Centralizado\" style=\"text-align: center\">06\/01\/2020<\/p>\n<\/td>\n<\/tr>\n<\/tbody>\n<\/table>\n<h4><strong>Orienta\u00e7\u00f5es para elabora\u00e7\u00e3o e revis\u00e3o do PDP<\/strong><\/h4>\n<ol>\n<li>\n<p class=\"Texto_Justificado\">Cada Pr\u00f3-Reitoria, Setor, Superintend\u00eancia\u00a0ou Unidade\u00a0Equivalente\u00a0dever\u00e1\u00a0<strong>encaminhar apenas um\u00a0formul\u00e1rio\u00a0preenchido<\/strong>, lembrando que todos(as) os(as) servidores(as) devem ser consultados(as).<\/p>\n<\/li>\n<li>\n<p class=\"Texto_Justificado\"><strong>Trata-se de revis\u00e3o do PDP<\/strong>\u00a0para alterar ou cancelar a\u00e7\u00f5es de desenvolvimento informadas em outubro\/2019 ou acrescentar uma nova a\u00e7\u00e3o planejada para 2020. Isto \u00e9,\u00a0<strong>n\u00e3o se refere a um novo levantamento de demandas<\/strong>\u00a0devendo ser informadas apenas a\u00e7\u00f5es pontuais.<\/p>\n<\/li>\n<li>\n<p class=\"Texto_Justificado\"><strong>Para cada grupo de a\u00e7\u00e3o de desenvolvimento h\u00e1 uma planilha ativa no formul\u00e1rio<\/strong>, al\u00e9m de uma espec\u00edfica para Licen\u00e7a Capacita\u00e7\u00e3o, lembrando que em \u2018evento de capacita\u00e7\u00e3o\u2019 pode constar uma necessidade individual ou coletiva ou a ser proposta pela Pr\u00f3-Reitoria, Setor, Superintend\u00eancia\u00a0ou Unidade\u00a0Equivalente\u00a0para todos(as) servidores(as) da UFPR.<\/p>\n<\/li>\n<\/ol>\n<hr \/>\n<h6><strong>Atualizado em 06\/02\/2023<\/strong><\/h6>\n","protected":false},"excerpt":{"rendered":"<p>Cronograma anual de elabora\u00e7\u00e3o do Plano de Desenvolvimento de Pessoas (PDP) Os prazos para elabora\u00e7\u00e3o e encaminhamento do PDP s\u00e3o definidos pelo \u00d3rg\u00e3o Central do SIPEC, observando o disposto nas normas complementares de que trata o Decreto n\u00ba 9.991\/2019, art. 12. Em outubro de 2019, a partir da identifica\u00e7\u00e3o de necessidades de desenvolvimento dos(as) servidores(as) [&hellip;]<\/p>\n","protected":false},"author":41,"featured_media":0,"parent":0,"menu_order":0,"comment_status":"closed","ping_status":"closed","template":"","meta":{"_coblocks_attr":"","_coblocks_dimensions":"","_coblocks_responsive_height":"","_coblocks_accordion_ie_support":"","_uag_custom_page_level_css":"","iawp_total_views":1,"footnotes":""},"class_list":["post-4318","page","type-page","status-publish","hentry"],"uagb_featured_image_src":{"full":false,"thumbnail":false,"medium":false,"medium_large":false,"large":false,"1536x1536":false,"2048x2048":false},"uagb_author_info":{"display_name":"progepe-admin","author_link":"https:\/\/progepe.ufpr.br\/capacitacao\/author\/progepe-admin\/"},"uagb_comment_info":0,"uagb_excerpt":"Cronograma anual de elabora\u00e7\u00e3o do Plano de Desenvolvimento de Pessoas (PDP) Os prazos para elabora\u00e7\u00e3o e encaminhamento do PDP s\u00e3o definidos pelo \u00d3rg\u00e3o Central do SIPEC, observando o disposto nas normas complementares de que trata o Decreto n\u00ba 9.991\/2019, art. 12. Em outubro de 2019, a partir da identifica\u00e7\u00e3o de necessidades de desenvolvimento dos(as) servidores(as)&hellip;","publishpress_future_workflow_manual_trigger":{"enabledWorkflows":[]},"_links":{"self":[{"href":"https:\/\/progepe.ufpr.br\/capacitacao\/wp-json\/wp\/v2\/pages\/4318","targetHints":{"allow":["GET"]}}],"collection":[{"href":"https:\/\/progepe.ufpr.br\/capacitacao\/wp-json\/wp\/v2\/pages"}],"about":[{"href":"https:\/\/progepe.ufpr.br\/capacitacao\/wp-json\/wp\/v2\/types\/page"}],"author":[{"embeddable":true,"href":"https:\/\/progepe.ufpr.br\/capacitacao\/wp-json\/wp\/v2\/users\/41"}],"replies":[{"embeddable":true,"href":"https:\/\/progepe.ufpr.br\/capacitacao\/wp-json\/wp\/v2\/comments?post=4318"}],"version-history":[{"count":2,"href":"https:\/\/progepe.ufpr.br\/capacitacao\/wp-json\/wp\/v2\/pages\/4318\/revisions"}],"predecessor-version":[{"id":77494,"href":"https:\/\/progepe.ufpr.br\/capacitacao\/wp-json\/wp\/v2\/pages\/4318\/revisions\/77494"}],"wp:attachment":[{"href":"https:\/\/progepe.ufpr.br\/capacitacao\/wp-json\/wp\/v2\/media?parent=4318"}],"curies":[{"name":"wp","href":"https:\/\/api.w.org\/{rel}","templated":true}]}}

<h6><strong>Cronograma anual de elaboração do Plano de Desenvolvimento de Pessoas (PDP)</strong></h6>
<p>Os prazos para elaboração e encaminhamento do PDP são definidos pelo Órgão Central do SIPEC, observando o disposto nas normas complementares de que trata o Decreto nº 9.991/2019, art. 12.</p>
<p>Em outubro de 2019, a partir da identificação de necessidades de desenvolvimento dos(as) servidores(as) das Pró-Reitorias, Setores, Superintendências e Unidades Equivalentes foi elaborado o PDP da UFPR para o ano de 2020, aprovado em sua integralidade pelo Órgão Central do SIPEC em 28/02/2020.</p>
<h6><strong>Cronograma dos Ciclos de Revisão do Plano de Desenvolvimento de Pessoas da UFPR para o ano de 2020</strong></h6>
<p>De acordo com o Decreto nº 9.991, de 28 de agosto de 2019, todas as ações de desenvolvimento, capacitação ou treinamento regularmente instituído, com ou sem afastamento e com ou sem ônus para a administração pública, que não forem incluídas no PDP não poderão ser executadas pelo Órgão ou Entidade. Igualmente as ações não consolidadas, após análise da revisão pelo Órgão Central do SIPEC.</p>
<p>As ações de desenvolvimento, capacitação ou treinamento regularmente instituído realizadas no país ou fora do país que geram afastamento do (a) servidor (a) são: licença para capacitação, participação em programa de treinamento regularmente instituído, participação em programa de pós-graduação stricto sensu, pós-doutorado (Decreto nº 9.991/2019, art. 18).</p>
<p>As ações que compõem o programa de treinamento regularmente instituído são classificadas como: cursos, oficinas, seminários, fóruns, congressos, conferências, palestras, workshops, simpósios, semanas, jornadas, convenções, colóquios, dentre outros, nas modalidades presencial, híbrido ou a distância.</p>
<p>As ações de desenvolvimento, capacitação ou treinamento regularmente instituído para servidores docentes e técnico-administrativos que não foram informadas quando da elaboração do PDP 2020, podem ser incluídas nos Ciclos de Revisão que ocorrerão conforme cronograma abaixo:</p>
<p>&nbsp;</p>
<table border="1" cellspacing="1" cellpadding="1">
<tbody>
<tr>
<td colspan="3">
<p class="Texto_Centralizado" style="text-align: center"><b>Calendário de Revisões do PDP 2020</b></p>
</td>
</tr>
<tr>
<td>
<p class="Texto_Centralizado" style="text-align: center"><b>Data máxima de envio para CDP/PROGEPE</b></p>
</td>
<td style="text-align: center">
<p class="Texto_Centralizado"><b>Data de envio do PDP para revisão ao Órgão do SIPEC</b></p>
</td>
<td style="text-align: center">
<p class="Texto_Centralizado"><b>Resposta pelo Órgão do SIPEC até</b></p>
</td>
</tr>
<tr>
<td>
<p class="Texto_Centralizado" style="text-align: center">04/05/2020</p>
</td>
<td style="text-align: center">
<p class="Texto_Centralizado">08/05/2020</p>
</td>
<td>
<p class="Texto_Centralizado" style="text-align: center">08/06/2020</p>
</td>
</tr>
<tr>
<td>
<p class="Texto_Centralizado" style="text-align: center">01/06/2020</p>
</td>
<td style="text-align: center">
<p class="Texto_Centralizado">05/06/2020</p>
</td>
<td style="text-align: center">
<p class="Texto_Centralizado">06/07/2020</p>
</td>
</tr>
<tr>
<td>
<p class="Texto_Centralizado" style="text-align: center">03/07/2020</p>
</td>
<td style="text-align: center">
<p class="Texto_Centralizado">07/07/2020</p>
</td>
<td>
<p class="Texto_Centralizado" style="text-align: center">06/08/2020</p>
</td>
</tr>
<tr>
<td>
<p class="Texto_Centralizado" style="text-align: center">03/08/2020</p>
</td>
<td style="text-align: center">
<p class="Texto_Centralizado">07/08/2020</p>
</td>
<td>
<p class="Texto_Centralizado" style="text-align: center">08/09/2020</p>
</td>
</tr>
<tr>
<td>
<p class="Texto_Centralizado" style="text-align: center">04/09/2020</p>
</td>
<td style="text-align: center">
<p class="Texto_Centralizado">08/09/2020</p>
</td>
<td>
<p class="Texto_Centralizado" style="text-align: center">08/10/2020</p>
</td>
</tr>
<tr>
<td>
<p class="Texto_Centralizado" style="text-align: center">03/10/2020</p>
</td>
<td style="text-align: center">
<p class="Texto_Centralizado">07/10/2020</p>
</td>
<td>
<p class="Texto_Centralizado" style="text-align: center">06/11/2020</p>
</td>
</tr>
<tr>
<td style="text-align: center">
<p class="Texto_Centralizado">05/11/2020</p>
</td>
<td style="text-align: center">
<p class="Texto_Centralizado">09/11/2020</p>
</td>
<td>
<p class="Texto_Centralizado" style="text-align: center">09/12/2020</p>
</td>
</tr>
<tr>
<td style="text-align: center">
<p class="Texto_Centralizado">03/12/2020</p>
</td>
<td style="text-align: center">
<p class="Texto_Centralizado">07/12/2020</p>
</td>
<td>
<p class="Texto_Centralizado" style="text-align: center">06/01/2020</p>
</td>
</tr>
</tbody>
</table>
<h4><strong>Orientações para elaboração e revisão do PDP</strong></h4>
<ol>
<li>
<p class="Texto_Justificado">Cada Pró-Reitoria, Setor, Superintendência ou Unidade Equivalente deverá <strong>encaminhar apenas um formulário preenchido</strong>, lembrando que todos(as) os(as) servidores(as) devem ser consultados(as).</p>
</li>
<li>
<p class="Texto_Justificado"><strong>Trata-se de revisão do PDP</strong> para alterar ou cancelar ações de desenvolvimento informadas em outubro/2019 ou acrescentar uma nova ação planejada para 2020. Isto é, <strong>não se refere a um novo levantamento de demandas</strong> devendo ser informadas apenas ações pontuais.</p>
</li>
<li>
<p class="Texto_Justificado"><strong>Para cada grupo de ação de desenvolvimento há uma planilha ativa no formulário</strong>, além de uma específica para Licença Capacitação, lembrando que em ‘evento de capacitação’ pode constar uma necessidade individual ou coletiva ou a ser proposta pela Pró-Reitoria, Setor, Superintendência ou Unidade Equivalente para todos(as) servidores(as) da UFPR.</p>
</li>
</ol>
<hr />
<h6><strong>Atualizado em 06/02/2023</strong></h6>

<p>Cronograma anual de elaboração do Plano de Desenvolvimento de Pessoas (PDP) Os prazos para elaboração e encaminhamento do PDP são definidos pelo Órgão Central do SIPEC, observando o disposto nas normas complementares de que trata o Decreto nº 9.991/2019, art. 12. Em outubro de 2019, a partir da identificação de necessidades de desenvolvimento dos(as) servidores(as) [&hellip;]</p>

Cronograma anual de elaboração do Plano de Desenvolvimento de Pessoas (PDP) Os prazos para elaboração e encaminhamento do PDP são definidos pelo Órgão Central do SIPEC, observando o disposto nas normas complementares de que trata o Decreto nº 9.991/2019, art. 12. Em outubro de 2019, a partir da identificação de necessidades de desenvolvimento dos(as) servidores(as)&hellip;
