{"id":4320,"date":"2023-02-03T11:32:14","date_gmt":"2023-02-03T14:32:14","guid":{"rendered":"https:\/\/www.prppg.ufpr.br\/site\/portalcapacitacao\/?page_id=4320"},"modified":"2025-02-05T14:49:28","modified_gmt":"2025-02-05T17:49:28","slug":"pdp-2020-metodologia","status":"publish","type":"page","link":"https:\/\/progepe.ufpr.br\/capacitacao\/pdp-2020-metodologia\/","title":{"rendered":"Metodologia PDP 2020"},"content":{"rendered":"<p>A elabora\u00e7\u00e3o do\u00a0<strong>Plano de Desenvolvimento de Pessoas (PDP)<\/strong> \u00e9 alicer\u00e7ada na Pol\u00edtica Nacional de Desenvolvimento de Pessoas disposta no Decreto n\u00ba 9.991, de 28 de agosto de 2019, e segue as orienta\u00e7\u00f5es estabelecidas na Instru\u00e7\u00e3o Normativa SGP-ENAP\/SEDGG\/ME n\u00ba 201, de 11 de setembro de 2019.<\/p>\n<p>O PDP deve conter as seguintes informa\u00e7\u00f5es (Instru\u00e7\u00e3o Normativa n\u00ba 201\/2019, art. 5\u00ba):<\/p>\n<p>I &#8211; se a a\u00e7\u00e3o de desenvolvimento \u00e9 considerada transversal ou n\u00e3o, nos termos do par\u00e1grafo \u00fanico do art. 9\u00ba do Decreto n\u00ba 9.991, de 2019;<br \/>\nII &#8211; a compet\u00eancia associada \u00e0 necessidade de desenvolvimento descrita;<br \/>\nIII &#8211; a quantidade prevista de servidores que ter\u00e3o suas necessidades desenvolvidas para cada a\u00e7\u00e3o de desenvolvimento descrita, devendo ser individualmente considerado o servidor contemplado com mais de uma a\u00e7\u00e3o para o per\u00edodo;<br \/>\nIV &#8211; a(s) unidade(s) onde atuam os servidores que comp\u00f5em o p\u00fablico-alvo previsto;<br \/>\nV &#8211; a(s) unidade(s) da federa\u00e7\u00e3o onde est\u00e3o lotados os servidores que comp\u00f5em o p\u00fablico-alvo previsto;<br \/>\nVI &#8211; o enfoque da a\u00e7\u00e3o de desenvolvimento a ser realizada para atender \u00e0 necessidade descrita;<br \/>\nVII &#8211; se a a\u00e7\u00e3o de desenvolvimento tem rela\u00e7\u00e3o com algum Sistema Estruturante do Poder Executivo Federal;<br \/>\nVIII &#8211; o tipo de aprendizagem e sua especifica\u00e7\u00e3o;<br \/>\nIX &#8211; a modalidade da a\u00e7\u00e3o de desenvolvimento;<br \/>\nX &#8211; o t\u00edtulo da a\u00e7\u00e3o, se j\u00e1 houver previs\u00e3o;<br \/>\nXI &#8211; a carga hor\u00e1ria total individual prevista;<br \/>\nXII &#8211; o ano previsto para o t\u00e9rmino da a\u00e7\u00e3o;<br \/>\nXIII &#8211; se a a\u00e7\u00e3o \u00e9 gratuita;<br \/>\nXIV &#8211; se a a\u00e7\u00e3o pode ser atendida por Escola de Governo ou unidade equivalente do \u00f3rg\u00e3o ou entidade do servidor; e<br \/>\nXV &#8211; outras informa\u00e7\u00f5es que o \u00f3rg\u00e3o ou entidade julgar pertinentes<\/p>\n<h6><strong>Principais conceitos utilizados na elabora\u00e7\u00e3o do PDP (IN n\u00ba 201\/2019)<\/strong><\/h6>\n<p><em>A\u00e7\u00e3o de desenvolvimento ou capacita\u00e7\u00e3o:<\/em> toda e qualquer a\u00e7\u00e3o voltada para o desenvolvimento de compet\u00eancias, organizada de maneira formal, realizada de modo individual ou coletivo, presencial ou a dist\u00e2ncia, com supervis\u00e3o, orienta\u00e7\u00e3o ou tutoria; e<br \/>\n<em>Compet\u00eancias transversais<\/em>: compet\u00eancias comuns a servidores em exerc\u00edcio em diferentes \u00f3rg\u00e3os ou entidades no \u00e2mbito do Sistema de Pessoal Civil da Administra\u00e7\u00e3o Federal &#8211; SIPEC.<\/p>\n<hr \/>\n<h6><strong>Como identificar as necessidades de desenvolvimento a serem atendidas?<\/strong><\/h6>\n<p>A identifica\u00e7\u00e3o das necessidades de desenvolvimento a serem atendidas \u00e9 o campo chave para a elabora\u00e7\u00e3o do Plano de Desenvolvimento de Pessoas (PDP), pois a correta reda\u00e7\u00e3o deste campo define o preenchimento dos demais itens contidos no formul\u00e1rio do PDP. Para tanto, utiliza-se a metodologia baseada no Cat\u00e1logo de Objetos Tem\u00e1ticos, por ser de f\u00e1cil implementa\u00e7\u00e3o e, tamb\u00e9m, por proporcionar um resultado eficaz quanto \u00e0 identifica\u00e7\u00e3o de necessidades de desenvolvimento.<\/p>\n<p>A metodologia consiste na apresenta\u00e7\u00e3o de um cat\u00e1logo (lista) elaborado para contemplar as atividades\/\u00e1reas de atua\u00e7\u00e3o que podem ser desempenhadas por um servidor (a) p\u00fablico (a) federal. Toda a\u00e7\u00e3o de desenvolvimento contempla, portanto, uma ou mais dentre estas \u00e1reas.<\/p>\n<p><a href=\"https:\/\/progepe.ufpr.br\/capacitacao\/wp-content\/uploads\/2021\/03\/metodologia-baseada-no-catalogo-de-objetos-tematicos.pdf\">Metodologia baseada no Cat\u00e1logo de Objetos Tem\u00e1ticos<\/a><\/p>\n<hr \/>\n<h6><strong>Instrumentos<\/strong><\/h6>\n<ol>\n<li>As chefias imediatas devem acessar o SIGA UFPR dispon\u00edvel em https:\/\/www.prppg.ufpr.br\/siga\/, efetuar o\u00a0<em>login\u00a0<\/em>e acessar \u201cChefia imediata \u2013 CAPACITA\u00c7\u00c3O\u201d, nos per\u00edodos de elabora\u00e7\u00e3o e revis\u00e3o do PDP divulgados pela PROGEPE (<a href=\"https:\/\/progepe.ufpr.br\/capacitacao\/cronograma-3\/\">Cronograma<\/a>).<\/li>\n<li>Os (As) servidores (as) devem ser consultados (as) por suas chefias imediatas para o preenchimento de suas necessidades de desenvolvimento individuais e coletivas.<\/li>\n<li>A chefia imediata e o (a) servidor (a) s\u00e3o respons\u00e1veis por fornecer todas as informa\u00e7\u00f5es necess\u00e1rias e dispon\u00edveis ao seu alcance para o correto levantamento das necessidades de desenvolvimento (Instru\u00e7\u00e3o Normativa n\u00ba 21\/2021, art. 5\u00ba).<\/li>\n<li>O levantamento deve ser feito identificando as necessidades de desenvolvimento de acordo com o Planejamento Estrat\u00e9gico da Institui\u00e7\u00e3o de modo a auxiliar o (a) servidor (a) a compreender seu papel, sua posi\u00e7\u00e3o e a import\u00e2ncia para o alcance dos objetivos institucionais.<\/li>\n<li>Ap\u00f3s o registro das necessidades de desenvolvimento no SIGA UFPR os dados coletados s\u00e3o cadastrados no sistema do \u00d3rg\u00e3o central do SIPEC.<\/li>\n<\/ol>\n<p><a href=\"https:\/\/progepe.ufpr.br\/capacitacao\/wp-content\/uploads\/2021\/04\/formulario-do-levantamento-de-necessidades-de-desenvolvimento-pdp-2020.pdf\">Formul\u00e1rio do levantamento de necessidades de desenvolvimento \u2013 PDP 2020<\/a><\/p>\n<hr \/>\n<h6><strong>Periodicidade<\/strong><\/h6>\n<p>O PDP \u00e9 elaborado anualmente com o registro das necessidades de desenvolvimento dos (as) servidores (as) de cada Pr\u00f3-Reitoria, Setor, \u00d3rg\u00e3os Suplementares e Unidades equivalentes e das a\u00e7\u00f5es planejadas para atend\u00ea-los, a serem executadas no ano seguinte ao do planejamento, e enviado ao \u00f3rg\u00e3o central do SIPEC.<\/p>\n<hr \/>\n<p><strong>Atualizado em 07\/02\/2023<\/strong><\/p>\n","protected":false},"excerpt":{"rendered":"<p>A elabora\u00e7\u00e3o do\u00a0Plano de Desenvolvimento de Pessoas (PDP) \u00e9 alicer\u00e7ada na Pol\u00edtica Nacional de Desenvolvimento de Pessoas disposta no Decreto n\u00ba 9.991, de 28 de agosto de 2019, e segue as orienta\u00e7\u00f5es estabelecidas na Instru\u00e7\u00e3o Normativa SGP-ENAP\/SEDGG\/ME n\u00ba 201, de 11 de setembro de 2019. O PDP deve conter as seguintes informa\u00e7\u00f5es (Instru\u00e7\u00e3o Normativa n\u00ba [&hellip;]<\/p>\n","protected":false},"author":41,"featured_media":0,"parent":0,"menu_order":0,"comment_status":"closed","ping_status":"closed","template":"","meta":{"_coblocks_attr":"","_coblocks_dimensions":"","_coblocks_responsive_height":"","_coblocks_accordion_ie_support":"","_uag_custom_page_level_css":"","iawp_total_views":0,"footnotes":""},"class_list":["post-4320","page","type-page","status-publish","hentry"],"uagb_featured_image_src":{"full":false,"thumbnail":false,"medium":false,"medium_large":false,"large":false,"1536x1536":false,"2048x2048":false},"uagb_author_info":{"display_name":"progepe-admin","author_link":"https:\/\/progepe.ufpr.br\/capacitacao\/author\/progepe-admin\/"},"uagb_comment_info":0,"uagb_excerpt":"A elabora\u00e7\u00e3o do\u00a0Plano de Desenvolvimento de Pessoas (PDP) \u00e9 alicer\u00e7ada na Pol\u00edtica Nacional de Desenvolvimento de Pessoas disposta no Decreto n\u00ba 9.991, de 28 de agosto de 2019, e segue as orienta\u00e7\u00f5es estabelecidas na Instru\u00e7\u00e3o Normativa SGP-ENAP\/SEDGG\/ME n\u00ba 201, de 11 de setembro de 2019. O PDP deve conter as seguintes informa\u00e7\u00f5es (Instru\u00e7\u00e3o Normativa n\u00ba&hellip;","publishpress_future_workflow_manual_trigger":{"enabledWorkflows":[]},"_links":{"self":[{"href":"https:\/\/progepe.ufpr.br\/capacitacao\/wp-json\/wp\/v2\/pages\/4320","targetHints":{"allow":["GET"]}}],"collection":[{"href":"https:\/\/progepe.ufpr.br\/capacitacao\/wp-json\/wp\/v2\/pages"}],"about":[{"href":"https:\/\/progepe.ufpr.br\/capacitacao\/wp-json\/wp\/v2\/types\/page"}],"author":[{"embeddable":true,"href":"https:\/\/progepe.ufpr.br\/capacitacao\/wp-json\/wp\/v2\/users\/41"}],"replies":[{"embeddable":true,"href":"https:\/\/progepe.ufpr.br\/capacitacao\/wp-json\/wp\/v2\/comments?post=4320"}],"version-history":[{"count":2,"href":"https:\/\/progepe.ufpr.br\/capacitacao\/wp-json\/wp\/v2\/pages\/4320\/revisions"}],"predecessor-version":[{"id":77493,"href":"https:\/\/progepe.ufpr.br\/capacitacao\/wp-json\/wp\/v2\/pages\/4320\/revisions\/77493"}],"wp:attachment":[{"href":"https:\/\/progepe.ufpr.br\/capacitacao\/wp-json\/wp\/v2\/media?parent=4320"}],"curies":[{"name":"wp","href":"https:\/\/api.w.org\/{rel}","templated":true}]}}

<p>A elaboração do <strong>Plano de Desenvolvimento de Pessoas (PDP)</strong> é alicerçada na Política Nacional de Desenvolvimento de Pessoas disposta no Decreto nº 9.991, de 28 de agosto de 2019, e segue as orientações estabelecidas na Instrução Normativa SGP-ENAP/SEDGG/ME nº 201, de 11 de setembro de 2019.</p>
<p>O PDP deve conter as seguintes informações (Instrução Normativa nº 201/2019, art. 5º):</p>
<p>I &#8211; se a ação de desenvolvimento é considerada transversal ou não, nos termos do parágrafo único do art. 9º do Decreto nº 9.991, de 2019;<br />
II &#8211; a competência associada à necessidade de desenvolvimento descrita;<br />
III &#8211; a quantidade prevista de servidores que terão suas necessidades desenvolvidas para cada ação de desenvolvimento descrita, devendo ser individualmente considerado o servidor contemplado com mais de uma ação para o período;<br />
IV &#8211; a(s) unidade(s) onde atuam os servidores que compõem o público-alvo previsto;<br />
V &#8211; a(s) unidade(s) da federação onde estão lotados os servidores que compõem o público-alvo previsto;<br />
VI &#8211; o enfoque da ação de desenvolvimento a ser realizada para atender à necessidade descrita;<br />
VII &#8211; se a ação de desenvolvimento tem relação com algum Sistema Estruturante do Poder Executivo Federal;<br />
VIII &#8211; o tipo de aprendizagem e sua especificação;<br />
IX &#8211; a modalidade da ação de desenvolvimento;<br />
X &#8211; o título da ação, se já houver previsão;<br />
XI &#8211; a carga horária total individual prevista;<br />
XII &#8211; o ano previsto para o término da ação;<br />
XIII &#8211; se a ação é gratuita;<br />
XIV &#8211; se a ação pode ser atendida por Escola de Governo ou unidade equivalente do órgão ou entidade do servidor; e<br />
XV &#8211; outras informações que o órgão ou entidade julgar pertinentes</p>
<h6><strong>Principais conceitos utilizados na elaboração do PDP (IN nº 201/2019)</strong></h6>
<p><em>Ação de desenvolvimento ou capacitação:</em> toda e qualquer ação voltada para o desenvolvimento de competências, organizada de maneira formal, realizada de modo individual ou coletivo, presencial ou a distância, com supervisão, orientação ou tutoria; e<br />
<em>Competências transversais</em>: competências comuns a servidores em exercício em diferentes órgãos ou entidades no âmbito do Sistema de Pessoal Civil da Administração Federal &#8211; SIPEC.</p>
<hr />
<h6><strong>Como identificar as necessidades de desenvolvimento a serem atendidas?</strong></h6>
<p>A identificação das necessidades de desenvolvimento a serem atendidas é o campo chave para a elaboração do Plano de Desenvolvimento de Pessoas (PDP), pois a correta redação deste campo define o preenchimento dos demais itens contidos no formulário do PDP. Para tanto, utiliza-se a metodologia baseada no Catálogo de Objetos Temáticos, por ser de fácil implementação e, também, por proporcionar um resultado eficaz quanto à identificação de necessidades de desenvolvimento.</p>
<p>A metodologia consiste na apresentação de um catálogo (lista) elaborado para contemplar as atividades/áreas de atuação que podem ser desempenhadas por um servidor (a) público (a) federal. Toda ação de desenvolvimento contempla, portanto, uma ou mais dentre estas áreas.</p>
<p><a href="https://progepe.ufpr.br/capacitacao/wp-content/uploads/2021/03/metodologia-baseada-no-catalogo-de-objetos-tematicos.pdf">Metodologia baseada no Catálogo de Objetos Temáticos</a></p>
<hr />
<h6><strong>Instrumentos</strong></h6>
<ol>
<li>As chefias imediatas devem acessar o SIGA UFPR disponível em https://www.prppg.ufpr.br/siga/, efetuar o <em>login </em>e acessar “Chefia imediata – CAPACITAÇÃO”, nos períodos de elaboração e revisão do PDP divulgados pela PROGEPE (<a href="https://progepe.ufpr.br/capacitacao/cronograma-3/">Cronograma</a>).</li>
<li>Os (As) servidores (as) devem ser consultados (as) por suas chefias imediatas para o preenchimento de suas necessidades de desenvolvimento individuais e coletivas.</li>
<li>A chefia imediata e o (a) servidor (a) são responsáveis por fornecer todas as informações necessárias e disponíveis ao seu alcance para o correto levantamento das necessidades de desenvolvimento (Instrução Normativa nº 21/2021, art. 5º).</li>
<li>O levantamento deve ser feito identificando as necessidades de desenvolvimento de acordo com o Planejamento Estratégico da Instituição de modo a auxiliar o (a) servidor (a) a compreender seu papel, sua posição e a importância para o alcance dos objetivos institucionais.</li>
<li>Após o registro das necessidades de desenvolvimento no SIGA UFPR os dados coletados são cadastrados no sistema do Órgão central do SIPEC.</li>
</ol>
<p><a href="https://progepe.ufpr.br/capacitacao/wp-content/uploads/2021/04/formulario-do-levantamento-de-necessidades-de-desenvolvimento-pdp-2020.pdf">Formulário do levantamento de necessidades de desenvolvimento – PDP 2020</a></p>
<hr />
<h6><strong>Periodicidade</strong></h6>
<p>O PDP é elaborado anualmente com o registro das necessidades de desenvolvimento dos (as) servidores (as) de cada Pró-Reitoria, Setor, Órgãos Suplementares e Unidades equivalentes e das ações planejadas para atendê-los, a serem executadas no ano seguinte ao do planejamento, e enviado ao órgão central do SIPEC.</p>
<hr />
<p><strong>Atualizado em 07/02/2023</strong></p>

<p>A elaboração do Plano de Desenvolvimento de Pessoas (PDP) é alicerçada na Política Nacional de Desenvolvimento de Pessoas disposta no Decreto nº 9.991, de 28 de agosto de 2019, e segue as orientações estabelecidas na Instrução Normativa SGP-ENAP/SEDGG/ME nº 201, de 11 de setembro de 2019. O PDP deve conter as seguintes informações (Instrução Normativa nº [&hellip;]</p>

A elaboração do Plano de Desenvolvimento de Pessoas (PDP) é alicerçada na Política Nacional de Desenvolvimento de Pessoas disposta no Decreto nº 9.991, de 28 de agosto de 2019, e segue as orientações estabelecidas na Instrução Normativa SGP-ENAP/SEDGG/ME nº 201, de 11 de setembro de 2019. O PDP deve conter as seguintes informações (Instrução Normativa nº&hellip;
