{"id":4322,"date":"2023-02-03T11:32:23","date_gmt":"2023-02-03T14:32:23","guid":{"rendered":"https:\/\/www.prppg.ufpr.br\/site\/portalcapacitacao\/?page_id=4322"},"modified":"2025-02-05T14:49:26","modified_gmt":"2025-02-05T17:49:26","slug":"pdp-2020-plano-consolidado","status":"publish","type":"page","link":"https:\/\/progepe.ufpr.br\/capacitacao\/pdp-2020-plano-consolidado\/","title":{"rendered":"Plano Consolidado PDP 2020"},"content":{"rendered":"<p><strong>Plano de Desenvolvimento de Pessoas (PDP) \u2013 2020<\/strong><\/p>\n<ol>\n<li><a href=\"https:\/\/progepe.ufpr.br\/capacitacao\/wp-content\/uploads\/2023\/02\/manifestacao-tecnica-pdp-2020-1.pdf\">Manifesta\u00e7\u00e3o T\u00e9cnica PDP 2020<\/a><\/li>\n<li><a href=\"https:\/\/progepe.ufpr.br\/capacitacao\/wp-content\/uploads\/2023\/02\/manifestacao-tecnica-pdp-2020-revisao-2-1.pdf\">Manifesta\u00e7\u00e3o T\u00e9cnica PDP 2020 &#8211; Ciclo de Revis\u00e3o 2<\/a><\/li>\n<li><a href=\"https:\/\/progepe.ufpr.br\/capacitacao\/wp-content\/uploads\/2023\/02\/manifestacao-tecnica-pdp-2020.pdf\">Manifesta\u00e7\u00e3o T\u00e9cnica PDP 2020 &#8211; Ciclo de Revis\u00e3o 6<\/a><\/li>\n<\/ol>\n<p>&nbsp;<\/p>\n<hr \/>\n<p><strong>Atualizado em 06\/02\/2023<\/strong><\/p>\n","protected":false},"excerpt":{"rendered":"<p>Plano de Desenvolvimento de Pessoas (PDP) \u2013 2020 Manifesta\u00e7\u00e3o T\u00e9cnica PDP 2020 Manifesta\u00e7\u00e3o T\u00e9cnica PDP 2020 &#8211; Ciclo de Revis\u00e3o 2 Manifesta\u00e7\u00e3o T\u00e9cnica PDP 2020 &#8211; Ciclo de Revis\u00e3o 6 &nbsp; Atualizado em 06\/02\/2023<\/p>\n","protected":false},"author":41,"featured_media":0,"parent":0,"menu_order":0,"comment_status":"closed","ping_status":"closed","template":"","meta":{"_coblocks_attr":"","_coblocks_dimensions":"","_coblocks_responsive_height":"","_coblocks_accordion_ie_support":"","_uag_custom_page_level_css":"","iawp_total_views":1,"footnotes":""},"class_list":["post-4322","page","type-page","status-publish","hentry"],"uagb_featured_image_src":{"full":false,"thumbnail":false,"medium":false,"medium_large":false,"large":false,"1536x1536":false,"2048x2048":false},"uagb_author_info":{"display_name":"progepe-admin","author_link":"https:\/\/progepe.ufpr.br\/capacitacao\/author\/progepe-admin\/"},"uagb_comment_info":0,"uagb_excerpt":"Plano de Desenvolvimento de Pessoas (PDP) \u2013 2020 Manifesta\u00e7\u00e3o T\u00e9cnica PDP 2020 Manifesta\u00e7\u00e3o T\u00e9cnica PDP 2020 &#8211; Ciclo de Revis\u00e3o 2 Manifesta\u00e7\u00e3o T\u00e9cnica PDP 2020 &#8211; Ciclo de Revis\u00e3o 6 &nbsp; Atualizado em 06\/02\/2023","publishpress_future_workflow_manual_trigger":{"enabledWorkflows":[]},"_links":{"self":[{"href":"https:\/\/progepe.ufpr.br\/capacitacao\/wp-json\/wp\/v2\/pages\/4322","targetHints":{"allow":["GET"]}}],"collection":[{"href":"https:\/\/progepe.ufpr.br\/capacitacao\/wp-json\/wp\/v2\/pages"}],"about":[{"href":"https:\/\/progepe.ufpr.br\/capacitacao\/wp-json\/wp\/v2\/types\/page"}],"author":[{"embeddable":true,"href":"https:\/\/progepe.ufpr.br\/capacitacao\/wp-json\/wp\/v2\/users\/41"}],"replies":[{"embeddable":true,"href":"https:\/\/progepe.ufpr.br\/capacitacao\/wp-json\/wp\/v2\/comments?post=4322"}],"version-history":[{"count":2,"href":"https:\/\/progepe.ufpr.br\/capacitacao\/wp-json\/wp\/v2\/pages\/4322\/revisions"}],"predecessor-version":[{"id":77492,"href":"https:\/\/progepe.ufpr.br\/capacitacao\/wp-json\/wp\/v2\/pages\/4322\/revisions\/77492"}],"wp:attachment":[{"href":"https:\/\/progepe.ufpr.br\/capacitacao\/wp-json\/wp\/v2\/media?parent=4322"}],"curies":[{"name":"wp","href":"https:\/\/api.w.org\/{rel}","templated":true}]}}

<p><strong>Plano de Desenvolvimento de Pessoas (PDP) – 2020</strong></p>
<ol>
<li><a href="https://progepe.ufpr.br/capacitacao/wp-content/uploads/2023/02/manifestacao-tecnica-pdp-2020-1.pdf">Manifestação Técnica PDP 2020</a></li>
<li><a href="https://progepe.ufpr.br/capacitacao/wp-content/uploads/2023/02/manifestacao-tecnica-pdp-2020-revisao-2-1.pdf">Manifestação Técnica PDP 2020 &#8211; Ciclo de Revisão 2</a></li>
<li><a href="https://progepe.ufpr.br/capacitacao/wp-content/uploads/2023/02/manifestacao-tecnica-pdp-2020.pdf">Manifestação Técnica PDP 2020 &#8211; Ciclo de Revisão 6</a></li>
</ol>
<p>&nbsp;</p>
<hr />
<p><strong>Atualizado em 06/02/2023</strong></p>

<p>Plano de Desenvolvimento de Pessoas (PDP) – 2020 Manifestação Técnica PDP 2020 Manifestação Técnica PDP 2020 &#8211; Ciclo de Revisão 2 Manifestação Técnica PDP 2020 &#8211; Ciclo de Revisão 6 &nbsp; Atualizado em 06/02/2023</p>

Plano de Desenvolvimento de Pessoas (PDP) – 2020 Manifestação Técnica PDP 2020 Manifestação Técnica PDP 2020 &#8211; Ciclo de Revisão 2 Manifestação Técnica PDP 2020 &#8211; Ciclo de Revisão 6 &nbsp; Atualizado em 06/02/2023
