{"id":4334,"date":"2023-02-03T11:36:42","date_gmt":"2023-02-03T14:36:42","guid":{"rendered":"https:\/\/www.prppg.ufpr.br\/site\/portalcapacitacao\/?page_id=4334"},"modified":"2025-02-05T14:48:24","modified_gmt":"2025-02-05T17:48:24","slug":"pdp-2021-plano-consolidado","status":"publish","type":"page","link":"https:\/\/progepe.ufpr.br\/capacitacao\/pdp-2021-plano-consolidado\/","title":{"rendered":"Plano Consolidado PDP 2021"},"content":{"rendered":"<h6><strong>Plano de Desenvolvimento de Pessoas (PDP) \u2013 2021<\/strong><\/h6>\n<p>1. <a href=\"https:\/\/progepe.ufpr.br\/capacitacao\/wp-content\/uploads\/2023\/02\/manifestacao-tecnica-pdp-2021.pdf\">Manifesta\u00e7\u00e3o T\u00e9cnica PDP 2021<\/a><\/p>\n<p>2. <a href=\"https:\/\/progepe.ufpr.br\/capacitacao\/wp-content\/uploads\/2023\/02\/manifestacao-tecnica-pdp-2021-revisao-1.pdf\">Manifesta\u00e7\u00e3o T\u00e9cnica PDP 2021 &#8211; Ciclo de Revis\u00e3o 1<\/a><\/p>\n<p>3. <a href=\"https:\/\/progepe.ufpr.br\/capacitacao\/wp-content\/uploads\/2023\/02\/manifestacao-tecnica-pdp-2021-revisao-2.pdf\">Manifesta\u00e7\u00e3o T\u00e9cnica PDP 2021 &#8211; Ciclo de Revis\u00e3o 2<\/a><\/p>\n<p>4. <a href=\"https:\/\/progepe.ufpr.br\/capacitacao\/wp-content\/uploads\/2023\/02\/manifestacao-tecnica-pdp-2021-revisao-3.pdf\">Manifesta\u00e7\u00e3o T\u00e9cnica PDP 2021 &#8211; Ciclo de Revis\u00e3o 3<\/a><\/p>\n<p>5. <a href=\"https:\/\/progepe.ufpr.br\/capacitacao\/wp-content\/uploads\/2023\/02\/manifestacao-tecnica-pdp-2021-revisao-4.pdf\">Manifesta\u00e7\u00e3o T\u00e9cnica PDP 2021 &#8211; Ciclo de Revis\u00e3o 4<\/a><\/p>\n<hr \/>\n<p><strong>Atualizado em 03\/02\/2023<\/strong><\/p>\n","protected":false},"excerpt":{"rendered":"<p>Plano de Desenvolvimento de Pessoas (PDP) \u2013 2021 1. Manifesta\u00e7\u00e3o T\u00e9cnica PDP 2021 2. Manifesta\u00e7\u00e3o T\u00e9cnica PDP 2021 &#8211; Ciclo de Revis\u00e3o 1 3. Manifesta\u00e7\u00e3o T\u00e9cnica PDP 2021 &#8211; Ciclo de Revis\u00e3o 2 4. Manifesta\u00e7\u00e3o T\u00e9cnica PDP 2021 &#8211; Ciclo de Revis\u00e3o 3 5. Manifesta\u00e7\u00e3o T\u00e9cnica PDP 2021 &#8211; Ciclo de Revis\u00e3o 4 Atualizado em [&hellip;]<\/p>\n","protected":false},"author":41,"featured_media":0,"parent":0,"menu_order":0,"comment_status":"closed","ping_status":"closed","template":"","meta":{"_coblocks_attr":"","_coblocks_dimensions":"","_coblocks_responsive_height":"","_coblocks_accordion_ie_support":"","_uag_custom_page_level_css":"","iawp_total_views":0,"footnotes":""},"class_list":["post-4334","page","type-page","status-publish","hentry"],"uagb_featured_image_src":{"full":false,"thumbnail":false,"medium":false,"medium_large":false,"large":false,"1536x1536":false,"2048x2048":false},"uagb_author_info":{"display_name":"progepe-admin","author_link":"https:\/\/progepe.ufpr.br\/capacitacao\/author\/progepe-admin\/"},"uagb_comment_info":0,"uagb_excerpt":"Plano de Desenvolvimento de Pessoas (PDP) \u2013 2021 1. Manifesta\u00e7\u00e3o T\u00e9cnica PDP 2021 2. Manifesta\u00e7\u00e3o T\u00e9cnica PDP 2021 &#8211; Ciclo de Revis\u00e3o 1 3. Manifesta\u00e7\u00e3o T\u00e9cnica PDP 2021 &#8211; Ciclo de Revis\u00e3o 2 4. Manifesta\u00e7\u00e3o T\u00e9cnica PDP 2021 &#8211; Ciclo de Revis\u00e3o 3 5. Manifesta\u00e7\u00e3o T\u00e9cnica PDP 2021 &#8211; Ciclo de Revis\u00e3o 4 Atualizado em&hellip;","publishpress_future_workflow_manual_trigger":{"enabledWorkflows":[]},"_links":{"self":[{"href":"https:\/\/progepe.ufpr.br\/capacitacao\/wp-json\/wp\/v2\/pages\/4334","targetHints":{"allow":["GET"]}}],"collection":[{"href":"https:\/\/progepe.ufpr.br\/capacitacao\/wp-json\/wp\/v2\/pages"}],"about":[{"href":"https:\/\/progepe.ufpr.br\/capacitacao\/wp-json\/wp\/v2\/types\/page"}],"author":[{"embeddable":true,"href":"https:\/\/progepe.ufpr.br\/capacitacao\/wp-json\/wp\/v2\/users\/41"}],"replies":[{"embeddable":true,"href":"https:\/\/progepe.ufpr.br\/capacitacao\/wp-json\/wp\/v2\/comments?post=4334"}],"version-history":[{"count":2,"href":"https:\/\/progepe.ufpr.br\/capacitacao\/wp-json\/wp\/v2\/pages\/4334\/revisions"}],"predecessor-version":[{"id":77488,"href":"https:\/\/progepe.ufpr.br\/capacitacao\/wp-json\/wp\/v2\/pages\/4334\/revisions\/77488"}],"wp:attachment":[{"href":"https:\/\/progepe.ufpr.br\/capacitacao\/wp-json\/wp\/v2\/media?parent=4334"}],"curies":[{"name":"wp","href":"https:\/\/api.w.org\/{rel}","templated":true}]}}

<h6><strong>Plano de Desenvolvimento de Pessoas (PDP) – 2021</strong></h6>
<p>1. <a href="https://progepe.ufpr.br/capacitacao/wp-content/uploads/2023/02/manifestacao-tecnica-pdp-2021.pdf">Manifestação Técnica PDP 2021</a></p>
<p>2. <a href="https://progepe.ufpr.br/capacitacao/wp-content/uploads/2023/02/manifestacao-tecnica-pdp-2021-revisao-1.pdf">Manifestação Técnica PDP 2021 &#8211; Ciclo de Revisão 1</a></p>
<p>3. <a href="https://progepe.ufpr.br/capacitacao/wp-content/uploads/2023/02/manifestacao-tecnica-pdp-2021-revisao-2.pdf">Manifestação Técnica PDP 2021 &#8211; Ciclo de Revisão 2</a></p>
<p>4. <a href="https://progepe.ufpr.br/capacitacao/wp-content/uploads/2023/02/manifestacao-tecnica-pdp-2021-revisao-3.pdf">Manifestação Técnica PDP 2021 &#8211; Ciclo de Revisão 3</a></p>
<p>5. <a href="https://progepe.ufpr.br/capacitacao/wp-content/uploads/2023/02/manifestacao-tecnica-pdp-2021-revisao-4.pdf">Manifestação Técnica PDP 2021 &#8211; Ciclo de Revisão 4</a></p>
<hr />
<p><strong>Atualizado em 03/02/2023</strong></p>

<p>Plano de Desenvolvimento de Pessoas (PDP) – 2021 1. Manifestação Técnica PDP 2021 2. Manifestação Técnica PDP 2021 &#8211; Ciclo de Revisão 1 3. Manifestação Técnica PDP 2021 &#8211; Ciclo de Revisão 2 4. Manifestação Técnica PDP 2021 &#8211; Ciclo de Revisão 3 5. Manifestação Técnica PDP 2021 &#8211; Ciclo de Revisão 4 Atualizado em [&hellip;]</p>

Plano de Desenvolvimento de Pessoas (PDP) – 2021 1. Manifestação Técnica PDP 2021 2. Manifestação Técnica PDP 2021 &#8211; Ciclo de Revisão 1 3. Manifestação Técnica PDP 2021 &#8211; Ciclo de Revisão 2 4. Manifestação Técnica PDP 2021 &#8211; Ciclo de Revisão 3 5. Manifestação Técnica PDP 2021 &#8211; Ciclo de Revisão 4 Atualizado em&hellip;
