{"id":4336,"date":"2023-02-03T11:36:53","date_gmt":"2023-02-03T14:36:53","guid":{"rendered":"https:\/\/www.prppg.ufpr.br\/site\/portalcapacitacao\/?page_id=4336"},"modified":"2025-02-05T14:48:20","modified_gmt":"2025-02-05T17:48:20","slug":"pdp-2021-relatorio-execucao","status":"publish","type":"page","link":"https:\/\/progepe.ufpr.br\/capacitacao\/pdp-2021-relatorio-execucao\/","title":{"rendered":"Relat\u00f3rio de Execu\u00e7\u00e3o PDP 2021"},"content":{"rendered":"<p><a href=\"https:\/\/progepe.ufpr.br\/capacitacao\/wp-content\/uploads\/2023\/02\/relatorio-anual-de-execucao-2021.pdf\">Relat\u00f3rio Anual de Execu\u00e7\u00e3o 2021<\/a><\/p>\n<hr \/>\n<h6><strong>Atualizado em 07\/02\/2023<\/strong><\/h6>\n","protected":false},"excerpt":{"rendered":"<p>Relat\u00f3rio Anual de Execu\u00e7\u00e3o 2021 Atualizado em 07\/02\/2023<\/p>\n","protected":false},"author":41,"featured_media":0,"parent":0,"menu_order":0,"comment_status":"closed","ping_status":"closed","template":"","meta":{"_coblocks_attr":"","_coblocks_dimensions":"","_coblocks_responsive_height":"","_coblocks_accordion_ie_support":"","_uag_custom_page_level_css":"","iawp_total_views":0,"footnotes":""},"class_list":["post-4336","page","type-page","status-publish","hentry"],"uagb_featured_image_src":{"full":false,"thumbnail":false,"medium":false,"medium_large":false,"large":false,"1536x1536":false,"2048x2048":false},"uagb_author_info":{"display_name":"progepe-admin","author_link":"https:\/\/progepe.ufpr.br\/capacitacao\/author\/progepe-admin\/"},"uagb_comment_info":0,"uagb_excerpt":"Relat\u00f3rio Anual de Execu\u00e7\u00e3o 2021 Atualizado em 07\/02\/2023","publishpress_future_workflow_manual_trigger":{"enabledWorkflows":[]},"_links":{"self":[{"href":"https:\/\/progepe.ufpr.br\/capacitacao\/wp-json\/wp\/v2\/pages\/4336","targetHints":{"allow":["GET"]}}],"collection":[{"href":"https:\/\/progepe.ufpr.br\/capacitacao\/wp-json\/wp\/v2\/pages"}],"about":[{"href":"https:\/\/progepe.ufpr.br\/capacitacao\/wp-json\/wp\/v2\/types\/page"}],"author":[{"embeddable":true,"href":"https:\/\/progepe.ufpr.br\/capacitacao\/wp-json\/wp\/v2\/users\/41"}],"replies":[{"embeddable":true,"href":"https:\/\/progepe.ufpr.br\/capacitacao\/wp-json\/wp\/v2\/comments?post=4336"}],"version-history":[{"count":2,"href":"https:\/\/progepe.ufpr.br\/capacitacao\/wp-json\/wp\/v2\/pages\/4336\/revisions"}],"predecessor-version":[{"id":77487,"href":"https:\/\/progepe.ufpr.br\/capacitacao\/wp-json\/wp\/v2\/pages\/4336\/revisions\/77487"}],"wp:attachment":[{"href":"https:\/\/progepe.ufpr.br\/capacitacao\/wp-json\/wp\/v2\/media?parent=4336"}],"curies":[{"name":"wp","href":"https:\/\/api.w.org\/{rel}","templated":true}]}}

Relatório de Execução PDP 2021

<p><a href="https://progepe.ufpr.br/capacitacao/wp-content/uploads/2023/02/relatorio-anual-de-execucao-2021.pdf">Relatório Anual de Execução 2021</a></p>
<hr />
<h6><strong>Atualizado em 07/02/2023</strong></h6>

<p>Relatório Anual de Execução 2021 Atualizado em 07/02/2023</p>

Relatório Anual de Execução 2021 Atualizado em 07/02/2023
