{"id":4438,"date":"2023-02-07T12:26:14","date_gmt":"2023-02-07T15:26:14","guid":{"rendered":"https:\/\/www.prppg.ufpr.br\/site\/portalcapacitacao\/?page_id=4438"},"modified":"2025-02-05T14:47:56","modified_gmt":"2025-02-05T17:47:56","slug":"pdp-2022-informativos","status":"publish","type":"page","link":"https:\/\/progepe.ufpr.br\/capacitacao\/pdp-2022-informativos\/","title":{"rendered":"Informativos PDP 2022"},"content":{"rendered":"<h6><strong>Ciclos de Revis\u00e3o PDP 2022<\/strong><\/h6>\n<p><a href=\"https:\/\/progepe.ufpr.br\/capacitacao\/wp-content\/uploads\/2023\/02\/memorando-revisao-pdp.pdf\">Memorando Revis\u00e3o PDP 2022 &#8211; PROGEPE CDP<\/a><\/p>\n<hr \/>\n<h6><strong>Informativos PDP 2022<\/strong><\/h6>\n<p><a href=\"https:\/\/progepe.ufpr.br\/capacitacao\/wp-content\/uploads\/2023\/02\/memorando-prorrogacao-prazo-pdp.pdf\">Memorando Prorroga\u00e7\u00e3o PDP 2022 &#8211; PROGEPE CDP<\/a><\/p>\n<p><a href=\"https:\/\/progepe.ufpr.br\/capacitacao\/wp-content\/uploads\/2023\/02\/memorando_57.pdf\">Memorando PDP 2022 &#8211; PROGEPE CDP<\/a><\/p>\n<hr \/>\n<p><strong>Atualizado em 07\/02\/2023<\/strong><\/p>\n","protected":false},"excerpt":{"rendered":"<p>Ciclos de Revis\u00e3o PDP 2022 Memorando Revis\u00e3o PDP 2022 &#8211; PROGEPE CDP Informativos PDP 2022 Memorando Prorroga\u00e7\u00e3o PDP 2022 &#8211; PROGEPE CDP Memorando PDP 2022 &#8211; PROGEPE CDP Atualizado em 07\/02\/2023<\/p>\n","protected":false},"author":41,"featured_media":0,"parent":0,"menu_order":0,"comment_status":"closed","ping_status":"closed","template":"","meta":{"_coblocks_attr":"","_coblocks_dimensions":"","_coblocks_responsive_height":"","_coblocks_accordion_ie_support":"","_uag_custom_page_level_css":"","iawp_total_views":1,"footnotes":""},"class_list":["post-4438","page","type-page","status-publish","hentry"],"uagb_featured_image_src":{"full":false,"thumbnail":false,"medium":false,"medium_large":false,"large":false,"1536x1536":false,"2048x2048":false},"uagb_author_info":{"display_name":"progepe-admin","author_link":"https:\/\/progepe.ufpr.br\/capacitacao\/author\/progepe-admin\/"},"uagb_comment_info":0,"uagb_excerpt":"Ciclos de Revis\u00e3o PDP 2022 Memorando Revis\u00e3o PDP 2022 &#8211; PROGEPE CDP Informativos PDP 2022 Memorando Prorroga\u00e7\u00e3o PDP 2022 &#8211; PROGEPE CDP Memorando PDP 2022 &#8211; PROGEPE CDP Atualizado em 07\/02\/2023","publishpress_future_workflow_manual_trigger":{"enabledWorkflows":[]},"_links":{"self":[{"href":"https:\/\/progepe.ufpr.br\/capacitacao\/wp-json\/wp\/v2\/pages\/4438","targetHints":{"allow":["GET"]}}],"collection":[{"href":"https:\/\/progepe.ufpr.br\/capacitacao\/wp-json\/wp\/v2\/pages"}],"about":[{"href":"https:\/\/progepe.ufpr.br\/capacitacao\/wp-json\/wp\/v2\/types\/page"}],"author":[{"embeddable":true,"href":"https:\/\/progepe.ufpr.br\/capacitacao\/wp-json\/wp\/v2\/users\/41"}],"replies":[{"embeddable":true,"href":"https:\/\/progepe.ufpr.br\/capacitacao\/wp-json\/wp\/v2\/comments?post=4438"}],"version-history":[{"count":3,"href":"https:\/\/progepe.ufpr.br\/capacitacao\/wp-json\/wp\/v2\/pages\/4438\/revisions"}],"predecessor-version":[{"id":77485,"href":"https:\/\/progepe.ufpr.br\/capacitacao\/wp-json\/wp\/v2\/pages\/4438\/revisions\/77485"}],"wp:attachment":[{"href":"https:\/\/progepe.ufpr.br\/capacitacao\/wp-json\/wp\/v2\/media?parent=4438"}],"curies":[{"name":"wp","href":"https:\/\/api.w.org\/{rel}","templated":true}]}}

<h6><strong>Ciclos de Revisão PDP 2022</strong></h6>
<p><a href="https://progepe.ufpr.br/capacitacao/wp-content/uploads/2023/02/memorando-revisao-pdp.pdf">Memorando Revisão PDP 2022 &#8211; PROGEPE CDP</a></p>
<hr />
<h6><strong>Informativos PDP 2022</strong></h6>
<p><a href="https://progepe.ufpr.br/capacitacao/wp-content/uploads/2023/02/memorando-prorrogacao-prazo-pdp.pdf">Memorando Prorrogação PDP 2022 &#8211; PROGEPE CDP</a></p>
<p><a href="https://progepe.ufpr.br/capacitacao/wp-content/uploads/2023/02/memorando_57.pdf">Memorando PDP 2022 &#8211; PROGEPE CDP</a></p>
<hr />
<p><strong>Atualizado em 07/02/2023</strong></p>

<p>Ciclos de Revisão PDP 2022 Memorando Revisão PDP 2022 &#8211; PROGEPE CDP Informativos PDP 2022 Memorando Prorrogação PDP 2022 &#8211; PROGEPE CDP Memorando PDP 2022 &#8211; PROGEPE CDP Atualizado em 07/02/2023</p>

Ciclos de Revisão PDP 2022 Memorando Revisão PDP 2022 &#8211; PROGEPE CDP Informativos PDP 2022 Memorando Prorrogação PDP 2022 &#8211; PROGEPE CDP Memorando PDP 2022 &#8211; PROGEPE CDP Atualizado em 07/02/2023
