{"id":469,"date":"2020-06-10T16:11:11","date_gmt":"2020-06-10T19:11:11","guid":{"rendered":"https:\/\/www.prppg.ufpr.br\/site\/portalcapacitacao\/?page_id=469"},"modified":"2026-01-06T16:25:05","modified_gmt":"2026-01-06T19:25:05","slug":"despesas-pdp","status":"publish","type":"page","link":"https:\/\/progepe.ufpr.br\/capacitacao\/despesas-pdp\/","title":{"rendered":""},"content":{"rendered":"\n<p><a href=\"https:\/\/progepe.ufpr.br\/capacitacao\/wp-content\/uploads\/2024\/11\/despesa-com-acoes-de-desenvolvimento-ano-2018.pdf\">Investimento em a\u00e7\u00f5es de desenvolvimento &#8211; ano 2018<\/a><\/p>\n\n\n\n<p><a href=\"https:\/\/progepe.ufpr.br\/capacitacao\/wp-content\/uploads\/2024\/11\/despesa-com-acoes-de-desenvolvimento-ano-2018.pdf\">Investimento em<\/a><a href=\"https:\/\/progepe.ufpr.br\/capacitacao\/wp-content\/uploads\/2024\/11\/despesa-com-acoes-de-desenvolvimento-ano-2019.pdf\"> a\u00e7\u00f5es de desenvolvimento &#8211; ano 2019<\/a><\/p>\n\n\n\n<p><a href=\"https:\/\/progepe.ufpr.br\/capacitacao\/wp-content\/uploads\/2024\/11\/despesa-com-acoes-de-desenvolvimento-ano-2018.pdf\">Investimento em<\/a><a href=\"https:\/\/progepe.ufpr.br\/capacitacao\/wp-content\/uploads\/2024\/11\/despesa-com-acoes-de-desenvolvimento-ano-2020.pdf\">&nbsp; a\u00e7\u00f5es de desenvolvimento &#8211; ano 2020<\/a><\/p>\n\n\n\n<p><a href=\"https:\/\/progepe.ufpr.br\/capacitacao\/wp-content\/uploads\/2024\/11\/despesa-com-acoes-de-desenvolvimento-ano-2018.pdf\">Investimento em<\/a><a href=\"https:\/\/progepe.ufpr.br\/capacitacao\/wp-content\/uploads\/2024\/11\/despesa-com-acoes-de-desenvolvimento-ano-2021.pdf\"> a\u00e7\u00f5es de desenvolvimento &#8211; ano 2021<\/a><\/p>\n\n\n\n<p><a href=\"https:\/\/progepe.ufpr.br\/capacitacao\/wp-content\/uploads\/2024\/11\/despesa-com-acoes-de-desenvolvimento-ano-2018.pdf\">Investimento em<\/a><a href=\"https:\/\/progepe.ufpr.br\/capacitacao\/wp-content\/uploads\/2024\/11\/despesa-com-acoes-de-desenvolvimento-ano-2022.pdf\"> a\u00e7\u00f5es de desenvolvimento &#8211; ano 2022<\/a><\/p>\n\n\n\n<p><a href=\"https:\/\/progepe.ufpr.br\/capacitacao\/wp-content\/uploads\/2024\/11\/despesa-com-acoes-de-desenvolvimento-ano-2018.pdf\">Investimento em<\/a><a href=\"https:\/\/progepe.ufpr.br\/capacitacao\/wp-content\/uploads\/2024\/11\/despesa-com-acoes-de-desenvolvimento-ano-2023.pdf\">&nbsp; a\u00e7\u00f5es de desenvolvimento &#8211; ano 2023<\/a><\/p>\n\n\n\n<p><a href=\"https:\/\/progepe.ufpr.br\/capacitacao\/wp-content\/uploads\/2024\/11\/despesa-com-acoes-de-desenvolvimento-ano-2018.pdf\">Investimento em<\/a><a href=\"https:\/\/progepe.ufpr.br\/capacitacao\/wp-content\/uploads\/2024\/11\/despesa-com-acoes-de-desenvolvimento-ano-2024.pdf\"> a\u00e7\u00f5es de desenvolvimento &#8211; ano 2024<\/a><br><\/p>\n\n\n\n<p><a href=\"https:\/\/progepe.ufpr.br\/capacitacao\/wp-content\/uploads\/2025\/08\/Transparencia-Site-1.pdf\">Investimentos em a\u00e7\u00f5es de desenvolvimento &#8211; Janeiro a Agosto &#8211; ano 2025<\/a><\/p>\n\n\n\n<p><a href=\"https:\/\/progepe.ufpr.br\/capacitacao\/wp-content\/uploads\/2026\/01\/Investimentos-em-acoes-de-desenvolvimento-\u2013-Agosto-a-Dezembro-\u2013-ano-2025.pdf\">Investimentos em a\u00e7\u00f5es de desenvolvimento \u2013 Agosto a Dezembro \u2013 ano 2025<\/a><\/p>\n\n\n\n<p><strong>Atualizado em 06\/01\/2026<\/strong><\/p>\n\n\n\n<p><\/p>\n\n\n\n<p><\/p>\n","protected":false},"excerpt":{"rendered":"<p>Investimento em a\u00e7\u00f5es de desenvolvimento &#8211; ano 2018 Investimento em a\u00e7\u00f5es de desenvolvimento &#8211; ano 2019 Investimento em&nbsp; a\u00e7\u00f5es de desenvolvimento &#8211; ano 2020 Investimento em a\u00e7\u00f5es de desenvolvimento &#8211; ano 2021 Investimento em a\u00e7\u00f5es de desenvolvimento &#8211; ano 2022 Investimento em&nbsp; a\u00e7\u00f5es de desenvolvimento &#8211; ano 2023 Investimento em a\u00e7\u00f5es de desenvolvimento &#8211; ano [&hellip;]<\/p>\n","protected":false},"author":41,"featured_media":0,"parent":0,"menu_order":0,"comment_status":"closed","ping_status":"closed","template":"","meta":{"_coblocks_attr":"","_coblocks_dimensions":"","_coblocks_responsive_height":"","_coblocks_accordion_ie_support":"","_uag_custom_page_level_css":"","iawp_total_views":199,"footnotes":""},"class_list":["post-469","page","type-page","status-publish","hentry"],"uagb_featured_image_src":{"full":false,"thumbnail":false,"medium":false,"medium_large":false,"large":false,"1536x1536":false,"2048x2048":false},"uagb_author_info":{"display_name":"progepe-admin","author_link":"https:\/\/progepe.ufpr.br\/capacitacao\/author\/progepe-admin\/"},"uagb_comment_info":0,"uagb_excerpt":"Investimento em a\u00e7\u00f5es de desenvolvimento &#8211; ano 2018 Investimento em a\u00e7\u00f5es de desenvolvimento &#8211; ano 2019 Investimento em&nbsp; a\u00e7\u00f5es de desenvolvimento &#8211; ano 2020 Investimento em a\u00e7\u00f5es de desenvolvimento &#8211; ano 2021 Investimento em a\u00e7\u00f5es de desenvolvimento &#8211; ano 2022 Investimento em&nbsp; a\u00e7\u00f5es de desenvolvimento &#8211; ano 2023 Investimento em a\u00e7\u00f5es de desenvolvimento &#8211; ano&hellip;","publishpress_future_workflow_manual_trigger":{"enabledWorkflows":[]},"_links":{"self":[{"href":"https:\/\/progepe.ufpr.br\/capacitacao\/wp-json\/wp\/v2\/pages\/469","targetHints":{"allow":["GET"]}}],"collection":[{"href":"https:\/\/progepe.ufpr.br\/capacitacao\/wp-json\/wp\/v2\/pages"}],"about":[{"href":"https:\/\/progepe.ufpr.br\/capacitacao\/wp-json\/wp\/v2\/types\/page"}],"author":[{"embeddable":true,"href":"https:\/\/progepe.ufpr.br\/capacitacao\/wp-json\/wp\/v2\/users\/41"}],"replies":[{"embeddable":true,"href":"https:\/\/progepe.ufpr.br\/capacitacao\/wp-json\/wp\/v2\/comments?post=469"}],"version-history":[{"count":8,"href":"https:\/\/progepe.ufpr.br\/capacitacao\/wp-json\/wp\/v2\/pages\/469\/revisions"}],"predecessor-version":[{"id":78887,"href":"https:\/\/progepe.ufpr.br\/capacitacao\/wp-json\/wp\/v2\/pages\/469\/revisions\/78887"}],"wp:attachment":[{"href":"https:\/\/progepe.ufpr.br\/capacitacao\/wp-json\/wp\/v2\/media?parent=469"}],"curies":[{"name":"wp","href":"https:\/\/api.w.org\/{rel}","templated":true}]}}

<p><a href="https://progepe.ufpr.br/capacitacao/wp-content/uploads/2024/11/despesa-com-acoes-de-desenvolvimento-ano-2018.pdf">Investimento em ações de desenvolvimento &#8211; ano 2018</a></p>



<p><a href="https://progepe.ufpr.br/capacitacao/wp-content/uploads/2024/11/despesa-com-acoes-de-desenvolvimento-ano-2018.pdf">Investimento em</a><a href="https://progepe.ufpr.br/capacitacao/wp-content/uploads/2024/11/despesa-com-acoes-de-desenvolvimento-ano-2019.pdf"> ações de desenvolvimento &#8211; ano 2019</a></p>



<p><a href="https://progepe.ufpr.br/capacitacao/wp-content/uploads/2024/11/despesa-com-acoes-de-desenvolvimento-ano-2018.pdf">Investimento em</a><a href="https://progepe.ufpr.br/capacitacao/wp-content/uploads/2024/11/despesa-com-acoes-de-desenvolvimento-ano-2020.pdf">&nbsp; ações de desenvolvimento &#8211; ano 2020</a></p>



<p><a href="https://progepe.ufpr.br/capacitacao/wp-content/uploads/2024/11/despesa-com-acoes-de-desenvolvimento-ano-2018.pdf">Investimento em</a><a href="https://progepe.ufpr.br/capacitacao/wp-content/uploads/2024/11/despesa-com-acoes-de-desenvolvimento-ano-2021.pdf"> ações de desenvolvimento &#8211; ano 2021</a></p>



<p><a href="https://progepe.ufpr.br/capacitacao/wp-content/uploads/2024/11/despesa-com-acoes-de-desenvolvimento-ano-2018.pdf">Investimento em</a><a href="https://progepe.ufpr.br/capacitacao/wp-content/uploads/2024/11/despesa-com-acoes-de-desenvolvimento-ano-2022.pdf"> ações de desenvolvimento &#8211; ano 2022</a></p>



<p><a href="https://progepe.ufpr.br/capacitacao/wp-content/uploads/2024/11/despesa-com-acoes-de-desenvolvimento-ano-2018.pdf">Investimento em</a><a href="https://progepe.ufpr.br/capacitacao/wp-content/uploads/2024/11/despesa-com-acoes-de-desenvolvimento-ano-2023.pdf">&nbsp; ações de desenvolvimento &#8211; ano 2023</a></p>



<p><a href="https://progepe.ufpr.br/capacitacao/wp-content/uploads/2024/11/despesa-com-acoes-de-desenvolvimento-ano-2018.pdf">Investimento em</a><a href="https://progepe.ufpr.br/capacitacao/wp-content/uploads/2024/11/despesa-com-acoes-de-desenvolvimento-ano-2024.pdf"> ações de desenvolvimento &#8211; ano 2024</a><br></p>



<p><a href="https://progepe.ufpr.br/capacitacao/wp-content/uploads/2025/08/Transparencia-Site-1.pdf">Investimentos em ações de desenvolvimento &#8211; Janeiro a Agosto &#8211; ano 2025</a></p>



<p><a href="https://progepe.ufpr.br/capacitacao/wp-content/uploads/2026/01/Investimentos-em-acoes-de-desenvolvimento-–-Agosto-a-Dezembro-–-ano-2025.pdf">Investimentos em ações de desenvolvimento – Agosto a Dezembro – ano 2025</a></p>



<p><strong>Atualizado em 06/01/2026</strong></p>



<p></p>



<p></p>

<p>Investimento em ações de desenvolvimento &#8211; ano 2018 Investimento em ações de desenvolvimento &#8211; ano 2019 Investimento em&nbsp; ações de desenvolvimento &#8211; ano 2020 Investimento em ações de desenvolvimento &#8211; ano 2021 Investimento em ações de desenvolvimento &#8211; ano 2022 Investimento em&nbsp; ações de desenvolvimento &#8211; ano 2023 Investimento em ações de desenvolvimento &#8211; ano [&hellip;]</p>

Investimento em ações de desenvolvimento &#8211; ano 2018 Investimento em ações de desenvolvimento &#8211; ano 2019 Investimento em&nbsp; ações de desenvolvimento &#8211; ano 2020 Investimento em ações de desenvolvimento &#8211; ano 2021 Investimento em ações de desenvolvimento &#8211; ano 2022 Investimento em&nbsp; ações de desenvolvimento &#8211; ano 2023 Investimento em ações de desenvolvimento &#8211; ano&hellip;
