{"id":469,"date":"2020-06-10T16:11:11","date_gmt":"2020-06-10T19:11:11","guid":{"rendered":"https:\/\/www.prppg.ufpr.br\/site\/portalcapacitacao\/?page_id=469"},"modified":"2026-08-04T15:51:39","modified_gmt":"2026-08-04T18:51:39","slug":"despesas-pdp","status":"publish","type":"page","link":"https:\/\/progepe.ufpr.br\/capacitacao\/despesas-pdp\/","title":{"rendered":"Sem t\u00edtulo"},"content":{"rendered":"\n<p class=\"wp-block-paragraph\"><a href=\"https:\/\/progepe.ufpr.br\/capacitacao\/wp-content\/uploads\/sites\/4\/2024\/11\/despesa-com-acoes-de-desenvolvimento-ano-2018.pdf\">Investimento em a\u00e7\u00f5es de desenvolvimento &#8211; ano 2018<\/a><\/p>\n\n\n\n<p class=\"wp-block-paragraph\"><a href=\"https:\/\/progepe.ufpr.br\/capacitacao\/wp-content\/uploads\/sites\/4\/2024\/11\/despesa-com-acoes-de-desenvolvimento-ano-2018.pdf\">Investimento em<\/a><a href=\"https:\/\/progepe.ufpr.br\/capacitacao\/wp-content\/uploads\/sites\/4\/2024\/11\/despesa-com-acoes-de-desenvolvimento-ano-2019.pdf\"> a\u00e7\u00f5es de desenvolvimento &#8211; ano 2019<\/a><\/p>\n\n\n\n<p class=\"wp-block-paragraph\"><a href=\"https:\/\/progepe.ufpr.br\/capacitacao\/wp-content\/uploads\/sites\/4\/2024\/11\/despesa-com-acoes-de-desenvolvimento-ano-2018.pdf\">Investimento em<\/a><a href=\"https:\/\/progepe.ufpr.br\/capacitacao\/wp-content\/uploads\/sites\/4\/2024\/11\/despesa-com-acoes-de-desenvolvimento-ano-2020.pdf\">&nbsp; a\u00e7\u00f5es de desenvolvimento &#8211; ano 2020<\/a><\/p>\n\n\n\n<p class=\"wp-block-paragraph\"><a href=\"https:\/\/progepe.ufpr.br\/capacitacao\/wp-content\/uploads\/sites\/4\/2024\/11\/despesa-com-acoes-de-desenvolvimento-ano-2018.pdf\">Investimento em<\/a><a href=\"https:\/\/progepe.ufpr.br\/capacitacao\/wp-content\/uploads\/sites\/4\/2024\/11\/despesa-com-acoes-de-desenvolvimento-ano-2021.pdf\"> a\u00e7\u00f5es de desenvolvimento &#8211; ano 2021<\/a><\/p>\n\n\n\n<p class=\"wp-block-paragraph\"><a href=\"https:\/\/progepe.ufpr.br\/capacitacao\/wp-content\/uploads\/sites\/4\/2024\/11\/despesa-com-acoes-de-desenvolvimento-ano-2018.pdf\">Investimento em<\/a><a href=\"https:\/\/progepe.ufpr.br\/capacitacao\/wp-content\/uploads\/sites\/4\/2024\/11\/despesa-com-acoes-de-desenvolvimento-ano-2022.pdf\"> a\u00e7\u00f5es de desenvolvimento &#8211; ano 2022<\/a><\/p>\n\n\n\n<p class=\"wp-block-paragraph\"><a href=\"https:\/\/progepe.ufpr.br\/capacitacao\/wp-content\/uploads\/sites\/4\/2024\/11\/despesa-com-acoes-de-desenvolvimento-ano-2018.pdf\">Investimento em<\/a><a href=\"https:\/\/progepe.ufpr.br\/capacitacao\/wp-content\/uploads\/sites\/4\/2024\/11\/despesa-com-acoes-de-desenvolvimento-ano-2023.pdf\">&nbsp; a\u00e7\u00f5es de desenvolvimento &#8211; ano 2023<\/a><\/p>\n\n\n\n<p class=\"wp-block-paragraph\"><a href=\"https:\/\/progepe.ufpr.br\/capacitacao\/wp-content\/uploads\/sites\/4\/2024\/11\/despesa-com-acoes-de-desenvolvimento-ano-2018.pdf\">Investimento em<\/a><a href=\"https:\/\/progepe.ufpr.br\/capacitacao\/wp-content\/uploads\/sites\/4\/2024\/11\/despesa-com-acoes-de-desenvolvimento-ano-2024.pdf\"> a\u00e7\u00f5es de desenvolvimento &#8211; ano 2024<\/a><br><\/p>\n\n\n\n<p class=\"wp-block-paragraph\"><a href=\"https:\/\/progepe.ufpr.br\/capacitacao\/wp-content\/uploads\/sites\/4\/2025\/08\/Transparencia-Site-1.pdf\">Investimentos em a\u00e7\u00f5es de desenvolvimento &#8211; Janeiro a Agosto &#8211; ano 2025<\/a><\/p>\n\n\n\n<p class=\"wp-block-paragraph\"><a href=\"https:\/\/progepe.ufpr.br\/capacitacao\/wp-content\/uploads\/sites\/4\/2026\/01\/Investimentos-em-acoes-de-desenvolvimento-\u2013-Agosto-a-Dezembro-\u2013-ano-2025.pdf\">Investimentos em a\u00e7\u00f5es de desenvolvimento \u2013 Agosto a Dezembro \u2013 ano 2025<\/a><\/p>\n\n\n\n<p class=\"wp-block-paragraph\"><a href=\"https:\/\/progepe.ufpr.br\/capacitacao\/wp-content\/uploads\/sites\/4\/2026\/06\/Relatorio-UCAQ-2025-3.pdf\">Relat\u00f3rio UCAQ &#8211; ano 2025<\/a><\/p>\n\n\n\n<p class=\"wp-block-paragraph\"><a href=\"https:\/\/progepe.ufpr.br\/capacitacao\/wp-content\/uploads\/sites\/4\/2026\/07\/Investimentos-em-acoes-de-desenvolvimento-\u2013-Janeiro-a-Maio-\u2013-ano-2026.pdf\">Investimentos em a\u00e7\u00f5es de desenvolvimento &#8211; Janeiro a Maio &#8211; ano-2026<\/a><\/p>\n\n\n\n<p class=\"wp-block-paragraph\"><a href=\"https:\/\/progepe.ufpr.br\/capacitacao\/wp-content\/uploads\/sites\/4\/2026\/07\/Investimentos-em-acoes-de-desenvolvimento-\u2013-Junho-\u2013-ano-2026-1.pdf\">Investimentos em a\u00e7\u00f5es de desenvolvimento &#8211; Junho &#8211; ano -2026<\/a><\/p>\n\n\n\n<p class=\"wp-block-paragraph\"><a href=\"https:\/\/progepe.ufpr.br\/capacitacao\/wp-content\/uploads\/sites\/4\/2026\/08\/Investimentos-em-acoes-de-desenvolvimento-\u2013-Julho-\u2013-ano-2026.pdf\">Investimentos em a\u00e7\u00f5es de desenvolvimento \u2013 Julho \u2013 ano -2026<\/a><\/p>\n\n\n\n<p class=\"wp-block-paragraph\"><strong>Atualizado em 04\/08\/2026<\/strong><\/p>\n\n\n\n<p class=\"wp-block-paragraph\"><\/p>\n","protected":false},"excerpt":{"rendered":"<p>Investimento em a\u00e7\u00f5es de desenvolvimento &#8211; ano 2018 Investimento em a\u00e7\u00f5es de desenvolvimento &#8211; ano 2019 Investimento em&nbsp; a\u00e7\u00f5es de desenvolvimento &#8211; ano 2020 Investimento em a\u00e7\u00f5es de desenvolvimento &#8211; ano 2021 Investimento em a\u00e7\u00f5es de desenvolvimento &#8211; ano 2022 Investimento em&nbsp; a\u00e7\u00f5es de desenvolvimento &#8211; ano 2023 Investimento em a\u00e7\u00f5es de desenvolvimento &#8211; ano&hellip; <a class=\"more-link\" href=\"https:\/\/progepe.ufpr.br\/capacitacao\/despesas-pdp\/\">Continue lendo <span class=\"screen-reader-text\">Sem t\u00edtulo<\/span><\/a><\/p>\n","protected":false},"author":41,"featured_media":0,"parent":0,"menu_order":0,"comment_status":"closed","ping_status":"closed","template":"","meta":{"_coblocks_attr":"","_coblocks_dimensions":"","_coblocks_responsive_height":"","_coblocks_accordion_ie_support":"","iawp_total_views":14,"footnotes":""},"class_list":["post-469","page","type-page","status-publish","hentry","entry"],"publishpress_future_action":{"enabled":false,"date":"2026-09-10 07:26:43","action":"change-status","newStatus":"draft","terms":[],"taxonomy":"","extraData":[]},"publishpress_future_workflow_manual_trigger":{"enabledWorkflows":[]},"_links":{"self":[{"href":"https:\/\/progepe.ufpr.br\/capacitacao\/wp-json\/wp\/v2\/pages\/469","targetHints":{"allow":["GET"]}}],"collection":[{"href":"https:\/\/progepe.ufpr.br\/capacitacao\/wp-json\/wp\/v2\/pages"}],"about":[{"href":"https:\/\/progepe.ufpr.br\/capacitacao\/wp-json\/wp\/v2\/types\/page"}],"author":[{"embeddable":true,"href":"https:\/\/progepe.ufpr.br\/capacitacao\/wp-json\/wp\/v2\/users\/41"}],"replies":[{"embeddable":true,"href":"https:\/\/progepe.ufpr.br\/capacitacao\/wp-json\/wp\/v2\/comments?post=469"}],"version-history":[{"count":12,"href":"https:\/\/progepe.ufpr.br\/capacitacao\/wp-json\/wp\/v2\/pages\/469\/revisions"}],"predecessor-version":[{"id":79487,"href":"https:\/\/progepe.ufpr.br\/capacitacao\/wp-json\/wp\/v2\/pages\/469\/revisions\/79487"}],"wp:attachment":[{"href":"https:\/\/progepe.ufpr.br\/capacitacao\/wp-json\/wp\/v2\/media?parent=469"}],"curies":[{"name":"wp","href":"https:\/\/api.w.org\/{rel}","templated":true}]}}

Sem título

<p class="wp-block-paragraph"><a href="https://progepe.ufpr.br/capacitacao/wp-content/uploads/sites/4/2024/11/despesa-com-acoes-de-desenvolvimento-ano-2018.pdf">Investimento em ações de desenvolvimento &#8211; ano 2018</a></p>



<p class="wp-block-paragraph"><a href="https://progepe.ufpr.br/capacitacao/wp-content/uploads/sites/4/2024/11/despesa-com-acoes-de-desenvolvimento-ano-2018.pdf">Investimento em</a><a href="https://progepe.ufpr.br/capacitacao/wp-content/uploads/sites/4/2024/11/despesa-com-acoes-de-desenvolvimento-ano-2019.pdf"> ações de desenvolvimento &#8211; ano 2019</a></p>



<p class="wp-block-paragraph"><a href="https://progepe.ufpr.br/capacitacao/wp-content/uploads/sites/4/2024/11/despesa-com-acoes-de-desenvolvimento-ano-2018.pdf">Investimento em</a><a href="https://progepe.ufpr.br/capacitacao/wp-content/uploads/sites/4/2024/11/despesa-com-acoes-de-desenvolvimento-ano-2020.pdf">&nbsp; ações de desenvolvimento &#8211; ano 2020</a></p>



<p class="wp-block-paragraph"><a href="https://progepe.ufpr.br/capacitacao/wp-content/uploads/sites/4/2024/11/despesa-com-acoes-de-desenvolvimento-ano-2018.pdf">Investimento em</a><a href="https://progepe.ufpr.br/capacitacao/wp-content/uploads/sites/4/2024/11/despesa-com-acoes-de-desenvolvimento-ano-2021.pdf"> ações de desenvolvimento &#8211; ano 2021</a></p>



<p class="wp-block-paragraph"><a href="https://progepe.ufpr.br/capacitacao/wp-content/uploads/sites/4/2024/11/despesa-com-acoes-de-desenvolvimento-ano-2018.pdf">Investimento em</a><a href="https://progepe.ufpr.br/capacitacao/wp-content/uploads/sites/4/2024/11/despesa-com-acoes-de-desenvolvimento-ano-2022.pdf"> ações de desenvolvimento &#8211; ano 2022</a></p>



<p class="wp-block-paragraph"><a href="https://progepe.ufpr.br/capacitacao/wp-content/uploads/sites/4/2024/11/despesa-com-acoes-de-desenvolvimento-ano-2018.pdf">Investimento em</a><a href="https://progepe.ufpr.br/capacitacao/wp-content/uploads/sites/4/2024/11/despesa-com-acoes-de-desenvolvimento-ano-2023.pdf">&nbsp; ações de desenvolvimento &#8211; ano 2023</a></p>



<p class="wp-block-paragraph"><a href="https://progepe.ufpr.br/capacitacao/wp-content/uploads/sites/4/2024/11/despesa-com-acoes-de-desenvolvimento-ano-2018.pdf">Investimento em</a><a href="https://progepe.ufpr.br/capacitacao/wp-content/uploads/sites/4/2024/11/despesa-com-acoes-de-desenvolvimento-ano-2024.pdf"> ações de desenvolvimento &#8211; ano 2024</a><br></p>



<p class="wp-block-paragraph"><a href="https://progepe.ufpr.br/capacitacao/wp-content/uploads/sites/4/2025/08/Transparencia-Site-1.pdf">Investimentos em ações de desenvolvimento &#8211; Janeiro a Agosto &#8211; ano 2025</a></p>



<p class="wp-block-paragraph"><a href="https://progepe.ufpr.br/capacitacao/wp-content/uploads/sites/4/2026/01/Investimentos-em-acoes-de-desenvolvimento-–-Agosto-a-Dezembro-–-ano-2025.pdf">Investimentos em ações de desenvolvimento – Agosto a Dezembro – ano 2025</a></p>



<p class="wp-block-paragraph"><a href="https://progepe.ufpr.br/capacitacao/wp-content/uploads/sites/4/2026/06/Relatorio-UCAQ-2025-3.pdf">Relatório UCAQ &#8211; ano 2025</a></p>



<p class="wp-block-paragraph"><a href="https://progepe.ufpr.br/capacitacao/wp-content/uploads/sites/4/2026/07/Investimentos-em-acoes-de-desenvolvimento-–-Janeiro-a-Maio-–-ano-2026.pdf">Investimentos em ações de desenvolvimento &#8211; Janeiro a Maio &#8211; ano-2026</a></p>



<p class="wp-block-paragraph"><a href="https://progepe.ufpr.br/capacitacao/wp-content/uploads/sites/4/2026/07/Investimentos-em-acoes-de-desenvolvimento-–-Junho-–-ano-2026-1.pdf">Investimentos em ações de desenvolvimento &#8211; Junho &#8211; ano -2026</a></p>



<p class="wp-block-paragraph"><a href="https://progepe.ufpr.br/capacitacao/wp-content/uploads/sites/4/2026/08/Investimentos-em-acoes-de-desenvolvimento-–-Julho-–-ano-2026.pdf">Investimentos em ações de desenvolvimento – Julho – ano -2026</a></p>



<p class="wp-block-paragraph"><strong>Atualizado em 04/08/2026</strong></p>



<p class="wp-block-paragraph"></p>

<p>Investimento em ações de desenvolvimento &#8211; ano 2018 Investimento em ações de desenvolvimento &#8211; ano 2019 Investimento em&nbsp; ações de desenvolvimento &#8211; ano 2020 Investimento em ações de desenvolvimento &#8211; ano 2021 Investimento em ações de desenvolvimento &#8211; ano 2022 Investimento em&nbsp; ações de desenvolvimento &#8211; ano 2023 Investimento em ações de desenvolvimento &#8211; ano&hellip; <a class="more-link" href="https://progepe.ufpr.br/capacitacao/despesas-pdp/">Continue lendo <span class="screen-reader-text">Sem título</span></a></p>
