{"id":4823,"date":"2023-08-01T16:47:59","date_gmt":"2023-08-01T19:47:59","guid":{"rendered":"https:\/\/www.prppg.ufpr.br\/site\/portalcapacitacao\/?page_id=4823"},"modified":"2025-02-21T16:03:42","modified_gmt":"2025-02-21T19:03:42","slug":"pdp-2024-representantes","status":"publish","type":"page","link":"https:\/\/progepe.ufpr.br\/capacitacao\/pdp-2024-representantes\/","title":{"rendered":"Representantes PDP 2024"},"content":{"rendered":"<table border=\"0\" cellspacing=\"0\">\n<colgroup width=\"409\"><\/colgroup>\n<colgroup width=\"269\"><\/colgroup>\n<tbody>\n<tr>\n<td colspan=\"2\" align=\"center\" valign=\"middle\" height=\"18\"><b>REPRESENTANTES PDP<\/b><\/td>\n<\/tr>\n<tr>\n<td align=\"center\" valign=\"middle\" height=\"18\"><b>Unidade<\/b><\/td>\n<td align=\"center\" valign=\"middle\"><b>Representantes<\/b><\/td>\n<\/tr>\n<tr>\n<td rowspan=\"4\" align=\"left\" valign=\"middle\" height=\"68\">Pr\u00f3-Reitoria de Gest\u00e3o de Pessoas<\/td>\n<td rowspan=\"4\" align=\"left\" valign=\"middle\">Danilo Durski<br \/>\nFranciele Ribeiro Nakamura<br \/>\nPriscilla Toporowicz Didimo<br \/>\nAna Cristina Tavares Wolski<\/td>\n<\/tr>\n<\/tbody>\n<\/table>\n<table border=\"0\" cellspacing=\"0\">\n<colgroup width=\"409\"><\/colgroup>\n<colgroup width=\"269\"><\/colgroup>\n<tbody>\n<tr>\n<td rowspan=\"2\" align=\"left\" valign=\"middle\" height=\"34\">Pr\u00f3-Reitoria de Administra\u00e7\u00e3o<\/td>\n<td rowspan=\"2\" align=\"left\" valign=\"middle\">Lucas Henrique Ramos Cazionato<br \/>\nEliane de Oliveira Dias<\/td>\n<\/tr>\n<\/tbody>\n<\/table>\n<table border=\"0\" cellspacing=\"0\">\n<colgroup width=\"409\"><\/colgroup>\n<colgroup width=\"269\"><\/colgroup>\n<tbody>\n<tr>\n<td rowspan=\"4\" align=\"left\" valign=\"middle\" height=\"68\">Pr\u00f3-Reitoria de Assuntos Estudantis<\/td>\n<td rowspan=\"4\" align=\"left\" valign=\"middle\">Lauren Machado Pinto<br \/>\nGabriela Isabel Reyes Ormeno<br \/>\nFernando Sureck Leal<br \/>\nRafael Juli\u00e3o Evangelista<\/td>\n<\/tr>\n<\/tbody>\n<\/table>\n<table border=\"0\" cellspacing=\"0\">\n<colgroup width=\"409\"><\/colgroup>\n<colgroup width=\"269\"><\/colgroup>\n<tbody>\n<tr>\n<td rowspan=\"4\" align=\"left\" valign=\"middle\" height=\"68\">Pr\u00f3-Reitoria de Extens\u00e3o e Cultura<\/td>\n<td rowspan=\"4\" align=\"left\" valign=\"middle\">Mayara Elita Braz Carneiro<br \/>\nVanessa Regina Sanchez Silio<br \/>\nLucia Helena Alencastro<br \/>\nRenata Suelem Scapin Nunes<\/td>\n<\/tr>\n<\/tbody>\n<\/table>\n<table border=\"0\" cellspacing=\"0\">\n<colgroup width=\"409\"><\/colgroup>\n<colgroup width=\"269\"><\/colgroup>\n<tbody>\n<tr>\n<td rowspan=\"3\" align=\"left\" valign=\"middle\" height=\"51\">Pr\u00f3-Reitoria de Gradua\u00e7\u00e3o e Educa\u00e7\u00e3o Profissional<\/td>\n<td rowspan=\"3\" align=\"left\" valign=\"middle\">Alexandre Knesebeck<br \/>\nLuana Moraes Costa<br \/>\nMariane de Siqueira<\/td>\n<\/tr>\n<\/tbody>\n<\/table>\n<table border=\"0\" cellspacing=\"0\">\n<colgroup width=\"409\"><\/colgroup>\n<colgroup width=\"269\"><\/colgroup>\n<tbody>\n<tr>\n<td rowspan=\"4\" align=\"left\" valign=\"middle\" height=\"68\">Pr\u00f3-Reitoria de Pesquisa e P\u00f3s-Gradua\u00e7\u00e3o<\/td>\n<td rowspan=\"4\" align=\"left\" valign=\"middle\">Gustavo Abib<br \/>\nLucimara Stolz Roman<br \/>\nAna Paula Canarines<br \/>\nAndr\u00e9 Dias de Oliveira<\/td>\n<\/tr>\n<\/tbody>\n<\/table>\n<table border=\"0\" cellspacing=\"0\">\n<colgroup width=\"409\"><\/colgroup>\n<colgroup width=\"269\"><\/colgroup>\n<tbody>\n<tr>\n<td rowspan=\"2\" align=\"left\" valign=\"middle\" height=\"34\">Pr\u00f3-Reitoria de Planejamento, Or\u00e7amento e Finan\u00e7as<\/td>\n<td rowspan=\"2\" align=\"left\" valign=\"middle\">Aldemir Junglos<br \/>\nSaulo Silva Lima Filho<\/td>\n<\/tr>\n<\/tbody>\n<\/table>\n<table border=\"0\" cellspacing=\"0\">\n<colgroup width=\"409\"><\/colgroup>\n<colgroup width=\"269\"><\/colgroup>\n<tbody>\n<tr>\n<td rowspan=\"4\" align=\"left\" valign=\"middle\" height=\"68\">Setor de Artes, Comunica\u00e7\u00e3o e Design<\/td>\n<td rowspan=\"4\" align=\"left\" valign=\"middle\">Cintia Pires Osga<br \/>\nJoelma Zamb\u00e3o Estevam<br \/>\nKen Fl\u00e1vio Ono Fonseca<br \/>\nPedro Paulo de Oliveira<\/td>\n<\/tr>\n<\/tbody>\n<\/table>\n<table border=\"0\" cellspacing=\"0\">\n<colgroup width=\"409\"><\/colgroup>\n<colgroup width=\"269\"><\/colgroup>\n<tbody>\n<tr>\n<td rowspan=\"4\" align=\"left\" valign=\"middle\" height=\"68\">Setor de Ci\u00eancias Agr\u00e1rias<\/td>\n<td rowspan=\"4\" align=\"left\" valign=\"middle\">Karine Koga<br \/>\nPaulo Roberto Cueto<br \/>\nAlvaro Luis Pasquetti Berghetti<br \/>\nJo\u00e3o Carlos Bespalhok Filho<\/td>\n<\/tr>\n<\/tbody>\n<\/table>\n<table border=\"0\" cellspacing=\"0\">\n<colgroup width=\"409\"><\/colgroup>\n<colgroup width=\"269\"><\/colgroup>\n<tbody>\n<tr>\n<td rowspan=\"4\" align=\"left\" valign=\"middle\" height=\"68\">Setor de Ci\u00eancias Biol\u00f3gicas<\/td>\n<td rowspan=\"4\" align=\"left\" valign=\"middle\">Edneia Amancio de Souza Ramos Cavalieri<br \/>\nMaria Fernanda Pioli Torres<br \/>\nDaiane Cordeiro dos Santos<br \/>\nFabio Roberto Caetano<\/td>\n<\/tr>\n<\/tbody>\n<\/table>\n<table border=\"0\" cellspacing=\"0\">\n<colgroup width=\"409\"><\/colgroup>\n<colgroup width=\"269\"><\/colgroup>\n<tbody>\n<tr>\n<td rowspan=\"4\" align=\"left\" valign=\"middle\" height=\"68\">Setor de Ci\u00eancias da Sa\u00fade<\/td>\n<td rowspan=\"4\" align=\"left\" valign=\"middle\">Josi Fernandes Dourado<br \/>\nThaiz Andraus<br \/>\nSabrina Stefanello<br \/>\nThais Martins Guimar\u00e3es<\/td>\n<\/tr>\n<\/tbody>\n<\/table>\n<table border=\"0\" cellspacing=\"0\">\n<colgroup width=\"409\"><\/colgroup>\n<colgroup width=\"269\"><\/colgroup>\n<tbody>\n<tr>\n<td rowspan=\"4\" align=\"left\" valign=\"middle\" height=\"68\">Setor de Ci\u00eancias da Terra<\/td>\n<td rowspan=\"4\" align=\"left\" valign=\"middle\">Adriana Cristina Oliveira<br \/>\nJuliany Helen das Gra\u00e7as Pinto<br \/>\nHideo Araki<br \/>\nEdenilson Roberto do Nascimento<\/td>\n<\/tr>\n<\/tbody>\n<\/table>\n<table border=\"0\" cellspacing=\"0\">\n<colgroup width=\"409\"><\/colgroup>\n<colgroup width=\"269\"><\/colgroup>\n<tbody>\n<tr>\n<td rowspan=\"3\" align=\"left\" valign=\"middle\" height=\"51\">Setor de Ci\u00eancias Exatas<\/td>\n<td rowspan=\"3\" align=\"left\" valign=\"middle\">Ana Luisa Lacava Lordello<br \/>\nAna Caroline Quallio Marques<br \/>\nKarina de Lima Louren\u00e7o Guimar\u00e3es Priscila Rodrigues Rosa Melo<\/td>\n<\/tr>\n<\/tbody>\n<\/table>\n<table border=\"0\" cellspacing=\"0\">\n<colgroup width=\"409\"><\/colgroup>\n<colgroup width=\"269\"><\/colgroup>\n<tbody>\n<tr>\n<td rowspan=\"4\" align=\"left\" valign=\"middle\" height=\"68\">Setor de Ci\u00eancias Humanas<\/td>\n<td rowspan=\"4\" align=\"left\" valign=\"middle\">Marisete Teresinha Hoffmann Horochovski<br \/>\nKarine Marielly Rocha da Cunha<br \/>\nAna Paula Jorge Correa<br \/>\nKatiano Miguel Cruz<\/td>\n<\/tr>\n<\/tbody>\n<\/table>\n<table border=\"0\" cellspacing=\"0\">\n<colgroup width=\"409\"><\/colgroup>\n<colgroup width=\"269\"><\/colgroup>\n<tbody>\n<tr>\n<td rowspan=\"4\" align=\"left\" valign=\"middle\" height=\"68\">Setor de Ci\u00eancias Jur\u00eddicas<\/td>\n<td rowspan=\"4\" align=\"left\" valign=\"middle\">William Soares Pugliese<br \/>\nNoa Piat\u00e3 Bassfeld Gnata<br \/>\nLuciano Lepka Portela<br \/>\nGuilherme Pereira Venturini<\/td>\n<\/tr>\n<\/tbody>\n<\/table>\n<table border=\"0\" cellspacing=\"0\">\n<colgroup width=\"409\"><\/colgroup>\n<colgroup width=\"269\"><\/colgroup>\n<tbody>\n<tr>\n<td rowspan=\"4\" align=\"left\" valign=\"middle\" height=\"68\">Setor de Ci\u00eancias Sociais Aplicadas<\/td>\n<td rowspan=\"4\" align=\"left\" valign=\"middle\">Carla da Costa Hoffmann<br \/>\nCesar Luiz Hernandes Martarello<br \/>\nSamantha de Toledo Martins Boehs<br \/>\nJos\u00e9 Sim\u00e3o de Paula Pinto<\/td>\n<\/tr>\n<\/tbody>\n<\/table>\n<table border=\"0\" cellspacing=\"0\">\n<colgroup width=\"409\"><\/colgroup>\n<colgroup width=\"269\"><\/colgroup>\n<tbody>\n<tr>\n<td rowspan=\"4\" align=\"left\" valign=\"middle\" height=\"68\">Setor de Educa\u00e7\u00e3o<\/td>\n<td rowspan=\"4\" align=\"left\" valign=\"middle\">Angela Maria Hoffmann Walesko<br \/>\nLuciana Ribeiro Pinheiro<br \/>\nDaniel Keller Mittelbach<br \/>\nCleber Luis Pedroso<\/td>\n<\/tr>\n<\/tbody>\n<\/table>\n<table border=\"0\" cellspacing=\"0\">\n<colgroup width=\"409\"><\/colgroup>\n<colgroup width=\"269\"><\/colgroup>\n<tbody>\n<tr>\n<td rowspan=\"4\" align=\"left\" valign=\"middle\" height=\"68\">Setor de Educa\u00e7\u00e3o Profissional e Tecnol\u00f3gica<\/td>\n<td rowspan=\"4\" align=\"left\" valign=\"middle\">Arnaud Francis Bonduelle<br \/>\nJuliana da Silva Passos<br \/>\nAllan Fernando Justino Vieira<br \/>\nRicardo Belinski<\/td>\n<\/tr>\n<\/tbody>\n<\/table>\n<table border=\"0\" cellspacing=\"0\">\n<colgroup width=\"409\"><\/colgroup>\n<colgroup width=\"269\"><\/colgroup>\n<tbody>\n<tr>\n<td rowspan=\"4\" align=\"left\" valign=\"middle\" height=\"68\">Setor de Tecnologia<\/td>\n<td rowspan=\"4\" align=\"left\" valign=\"middle\">Maria In\u00eas de Oliveira<br \/>\nMarcio Brandani Tenorio<br \/>\nRoberto Gregorio da Silva Junior<br \/>\nJo\u00e3o Morais da Silva Neto<\/td>\n<\/tr>\n<\/tbody>\n<\/table>\n<table border=\"0\" cellspacing=\"0\">\n<colgroup width=\"409\"><\/colgroup>\n<colgroup width=\"269\"><\/colgroup>\n<tbody>\n<tr>\n<td rowspan=\"3\" align=\"left\" valign=\"middle\" height=\"51\">Setor Litoral<\/td>\n<td rowspan=\"3\" align=\"left\" valign=\"middle\">Etienne C. R. Vaccarelli<br \/>\nFabio Miguel<br \/>\nLuciano Guaraci Renner<\/td>\n<\/tr>\n<\/tbody>\n<\/table>\n<table border=\"0\" cellspacing=\"0\">\n<colgroup width=\"409\"><\/colgroup>\n<colgroup width=\"269\"><\/colgroup>\n<tbody>\n<tr>\n<td rowspan=\"4\" align=\"left\" valign=\"middle\" height=\"68\">Setor Palotina<\/td>\n<td rowspan=\"4\" align=\"left\" valign=\"middle\">Eduardo Lucas Konrad Burin<br \/>\nSuzana Stefanello<br \/>\nJoelmir dos Santos<br \/>\nViviane Eunice Scholze<\/td>\n<\/tr>\n<\/tbody>\n<\/table>\n<table border=\"0\" cellspacing=\"0\">\n<colgroup width=\"409\"><\/colgroup>\n<colgroup width=\"269\"><\/colgroup>\n<tbody>\n<tr>\n<td rowspan=\"4\" align=\"left\" valign=\"middle\" height=\"68\">Campus Avan\u00e7ado de Jandaia do Sul<\/td>\n<td rowspan=\"4\" align=\"left\" valign=\"middle\">Daniel Hutner<br \/>\nFernanda Novaes Chiappin Vizoni<br \/>\nAndre Luiz Gazoli de Oliveira<br \/>\nDouglas Soares de Oliveira<\/td>\n<\/tr>\n<\/tbody>\n<\/table>\n<table border=\"0\" cellspacing=\"0\">\n<colgroup width=\"409\"><\/colgroup>\n<colgroup width=\"269\"><\/colgroup>\n<tbody>\n<tr>\n<td align=\"left\" valign=\"middle\" height=\"18\">Campus Pontal do Paran\u00e1<\/td>\n<td align=\"left\" valign=\"middle\">Wendel Ricardo de Souza<\/td>\n<\/tr>\n<\/tbody>\n<\/table>\n<table border=\"0\" cellspacing=\"0\">\n<colgroup width=\"409\"><\/colgroup>\n<colgroup width=\"269\"><\/colgroup>\n<tbody>\n<tr>\n<td rowspan=\"4\" align=\"left\" valign=\"middle\" height=\"68\">Campus Toledo<\/td>\n<td rowspan=\"4\" align=\"left\" valign=\"middle\">Ana Carla Zarpelon Schutz<br \/>\nJuliana Bernardi Wenzel<br \/>\nTardelly Santos Cassemiro<br \/>\nCinthia Fa\u00e7anha Wendel<\/td>\n<\/tr>\n<\/tbody>\n<\/table>\n<table border=\"0\" cellspacing=\"0\">\n<colgroup width=\"409\"><\/colgroup>\n<colgroup width=\"269\"><\/colgroup>\n<tbody>\n<tr>\n<td rowspan=\"4\" align=\"left\" valign=\"middle\" height=\"68\">Sistema de Bibliotecas (Biblioteca Central)<\/td>\n<td rowspan=\"4\" align=\"left\" valign=\"middle\">Lucas Henrique Gon\u00e7alves<br \/>\nMarcia Cristina Fuchs<br \/>\nMarlon Stein<br \/>\nSelma Regina Ramalho Conte<\/td>\n<\/tr>\n<\/tbody>\n<\/table>\n<table border=\"0\" cellspacing=\"0\">\n<colgroup width=\"409\"><\/colgroup>\n<colgroup width=\"269\"><\/colgroup>\n<tbody>\n<tr>\n<td rowspan=\"6\" align=\"left\" valign=\"middle\" height=\"102\">Complexo Hospital de Cl\u00ednicas<\/td>\n<td rowspan=\"6\" align=\"left\" valign=\"middle\">Cleverson Jos\u00e9 dos Santos<br \/>\nMarice do Rocio Wiecek Cordeiro<br \/>\nRafaela Camille Pauluk<br \/>\nThais Loures Bello<br \/>\nDione Mari Caetano<br \/>\nKarine Freitas Siqueira Basso<\/td>\n<\/tr>\n<\/tbody>\n<\/table>\n<table border=\"0\" cellspacing=\"0\">\n<colgroup width=\"409\"><\/colgroup>\n<colgroup width=\"269\"><\/colgroup>\n<tbody>\n<tr>\n<td rowspan=\"3\" align=\"left\" valign=\"middle\" height=\"51\">Superintend\u00eancia de Infraestrutura<\/td>\n<td rowspan=\"3\" align=\"left\" valign=\"middle\">Danilo Cesar Strapasson<br \/>\nMaisa Umbelino<br \/>\nIrene Gon\u00e7alves de Abreu Calixto<\/td>\n<\/tr>\n<\/tbody>\n<\/table>\n<table border=\"0\" cellspacing=\"0\">\n<colgroup width=\"409\"><\/colgroup>\n<colgroup width=\"269\"><\/colgroup>\n<tbody>\n<tr>\n<td rowspan=\"2\" align=\"left\" valign=\"middle\" height=\"34\">Superintend\u00eancia de Comunica\u00e7\u00e3o Social<\/td>\n<td rowspan=\"2\" align=\"left\" valign=\"middle\">Jos\u00e9 Aldacir Jungles de Lima<br \/>\nJuliana Marques Borghi<\/td>\n<\/tr>\n<\/tbody>\n<\/table>\n<table border=\"0\" cellspacing=\"0\">\n<colgroup width=\"409\"><\/colgroup>\n<colgroup width=\"269\"><\/colgroup>\n<tbody>\n<tr>\n<td rowspan=\"2\" align=\"left\" valign=\"middle\" height=\"34\">Procuradoria Federal na UFPR<\/td>\n<td rowspan=\"2\" align=\"left\" valign=\"middle\">Breno Machado de Paula<br \/>\nCintia do Rocio Basso<\/td>\n<\/tr>\n<\/tbody>\n<\/table>\n<table border=\"0\" cellspacing=\"0\">\n<colgroup width=\"409\"><\/colgroup>\n<colgroup width=\"269\"><\/colgroup>\n<tbody>\n<tr>\n<td rowspan=\"2\" align=\"left\" valign=\"middle\" height=\"34\">Auditoria Interna<\/td>\n<td rowspan=\"2\" align=\"left\" valign=\"middle\">Carolina Salv\u00e3o Vanni<br \/>\nJoyce Kimie Kurosawa<\/td>\n<\/tr>\n<\/tbody>\n<\/table>\n<table border=\"0\" cellspacing=\"0\">\n<colgroup width=\"409\"><\/colgroup>\n<colgroup width=\"269\"><\/colgroup>\n<tbody>\n<tr>\n<td rowspan=\"2\" align=\"left\" valign=\"middle\" height=\"34\">Diretoria Disciplinar<\/td>\n<td rowspan=\"2\" align=\"left\" valign=\"middle\">Fabiana Massako Nakatani<br \/>\nPharney de Souza Ferreira<\/td>\n<\/tr>\n<\/tbody>\n<\/table>\n<table border=\"0\" cellspacing=\"0\">\n<colgroup width=\"409\"><\/colgroup>\n<colgroup width=\"269\"><\/colgroup>\n<tbody>\n<tr>\n<td rowspan=\"2\" align=\"left\" valign=\"middle\" height=\"34\">Secretaria de \u00d3rg\u00e3os Colegiados<\/td>\n<td rowspan=\"2\" align=\"left\" valign=\"middle\">Ana Paula Appio<br \/>\nCinira Silva Gomes<\/td>\n<\/tr>\n<\/tbody>\n<\/table>\n<table border=\"0\" cellspacing=\"0\">\n<colgroup width=\"409\"><\/colgroup>\n<colgroup width=\"269\"><\/colgroup>\n<tbody>\n<tr>\n<td align=\"left\" valign=\"middle\" height=\"18\">Ouvidoria da UFPR<\/td>\n<td align=\"left\" valign=\"middle\">William Moreira<\/td>\n<\/tr>\n<\/tbody>\n<\/table>\n<table border=\"0\" cellspacing=\"0\">\n<colgroup width=\"409\"><\/colgroup>\n<colgroup width=\"269\"><\/colgroup>\n<tbody>\n<tr>\n<td rowspan=\"2\" align=\"left\" valign=\"middle\" height=\"34\">Gabinete do Reitor<\/td>\n<td rowspan=\"2\" align=\"left\" valign=\"middle\">Cristina Luciana Zanetti Parisenti<br \/>\nVilson Ma\u00e9rcio Kaiser<\/td>\n<\/tr>\n<\/tbody>\n<\/table>\n<table border=\"0\" cellspacing=\"0\">\n<colgroup width=\"409\"><\/colgroup>\n<colgroup width=\"269\"><\/colgroup>\n<tbody>\n<tr>\n<td align=\"left\" valign=\"middle\" height=\"18\">Ag\u00eancia UFPR Internacional<\/td>\n<td align=\"left\" valign=\"middle\">Sandrigo Anaximandro Huffner de Gasperi<\/td>\n<\/tr>\n<\/tbody>\n<\/table>\n<table border=\"0\" cellspacing=\"0\">\n<colgroup width=\"409\"><\/colgroup>\n<colgroup width=\"269\"><\/colgroup>\n<tbody>\n<tr>\n<td rowspan=\"3\" align=\"left\" valign=\"middle\" height=\"51\">Superintend\u00eancia de Inclus\u00e3o, Pol\u00edticas Afirmativas e Diversidade<\/td>\n<td rowspan=\"3\" align=\"left\" valign=\"middle\">Paulo Roberto de Lima<br \/>\nMarcos Rog\u00e9rio dos Santos<br \/>\nNathalia Savione Machado<\/td>\n<\/tr>\n<\/tbody>\n<\/table>\n<table border=\"0\" cellspacing=\"0\">\n<colgroup width=\"409\"><\/colgroup>\n<colgroup width=\"269\"><\/colgroup>\n<tbody>\n<tr>\n<td rowspan=\"2\" align=\"left\" valign=\"middle\" height=\"34\">Superintend\u00eancia de Parcerias e Inova\u00e7\u00e3o<\/td>\n<td rowspan=\"2\" align=\"left\" valign=\"middle\">Franciele Klosowski de Freitas<br \/>\nMaur\u00edcio Schubert da Rosa<\/td>\n<\/tr>\n<\/tbody>\n<\/table>\n<p><a href=\"https:\/\/boletim.sigepe.gov.br\/publicacao\/detalhar\/185443\" target=\"_blank\" rel=\"noopener\">Portaria UFPR n\u00ba 603, de 09 de maio de 2023<\/a><\/p>\n<p><a href=\"https:\/\/boletim.sigepe.gov.br\/publicacao\/detalhar\/203923\" target=\"_blank\" rel=\"noopener\">Portaria UFPR n\u00ba 1.134, de 15 de agosto de 2023<\/a><\/p>\n<p><a href=\"https:\/\/progepe.ufpr.br\/capacitacao\/wp-content\/uploads\/2024\/01\/passo-a-passo-de-acesso-a-devolutiva-do-pdp-20241.pdf\">Passo a Passo de acesso \u00e0 devolutiva PDP 2024<\/a><\/p>\n<hr \/>\n<p><strong>Atualizado em 08\/01\/2024<\/strong><\/p>\n","protected":false},"excerpt":{"rendered":"<p>REPRESENTANTES PDP Unidade Representantes Pr\u00f3-Reitoria de Gest\u00e3o de Pessoas Danilo Durski Franciele Ribeiro Nakamura Priscilla Toporowicz Didimo Ana Cristina Tavares Wolski Pr\u00f3-Reitoria de Administra\u00e7\u00e3o Lucas Henrique Ramos Cazionato Eliane de Oliveira Dias Pr\u00f3-Reitoria de Assuntos Estudantis Lauren Machado Pinto Gabriela Isabel Reyes Ormeno Fernando Sureck Leal Rafael Juli\u00e3o Evangelista Pr\u00f3-Reitoria de Extens\u00e3o e Cultura Mayara [&hellip;]<\/p>\n","protected":false},"author":41,"featured_media":0,"parent":0,"menu_order":0,"comment_status":"closed","ping_status":"closed","template":"","meta":{"_coblocks_attr":"","_coblocks_dimensions":"","_coblocks_responsive_height":"","_coblocks_accordion_ie_support":"","_uag_custom_page_level_css":"","iawp_total_views":53,"footnotes":""},"class_list":["post-4823","page","type-page","status-publish","hentry"],"uagb_featured_image_src":{"full":false,"thumbnail":false,"medium":false,"medium_large":false,"large":false,"1536x1536":false,"2048x2048":false},"uagb_author_info":{"display_name":"progepe-admin","author_link":"https:\/\/progepe.ufpr.br\/capacitacao\/author\/progepe-admin\/"},"uagb_comment_info":0,"uagb_excerpt":"REPRESENTANTES PDP Unidade Representantes Pr\u00f3-Reitoria de Gest\u00e3o de Pessoas Danilo Durski Franciele Ribeiro Nakamura Priscilla Toporowicz Didimo Ana Cristina Tavares Wolski Pr\u00f3-Reitoria de Administra\u00e7\u00e3o Lucas Henrique Ramos Cazionato Eliane de Oliveira Dias Pr\u00f3-Reitoria de Assuntos Estudantis Lauren Machado Pinto Gabriela Isabel Reyes Ormeno Fernando Sureck Leal Rafael Juli\u00e3o Evangelista Pr\u00f3-Reitoria de Extens\u00e3o e Cultura Mayara&hellip;","publishpress_future_workflow_manual_trigger":{"enabledWorkflows":[]},"_links":{"self":[{"href":"https:\/\/progepe.ufpr.br\/capacitacao\/wp-json\/wp\/v2\/pages\/4823","targetHints":{"allow":["GET"]}}],"collection":[{"href":"https:\/\/progepe.ufpr.br\/capacitacao\/wp-json\/wp\/v2\/pages"}],"about":[{"href":"https:\/\/progepe.ufpr.br\/capacitacao\/wp-json\/wp\/v2\/types\/page"}],"author":[{"embeddable":true,"href":"https:\/\/progepe.ufpr.br\/capacitacao\/wp-json\/wp\/v2\/users\/41"}],"replies":[{"embeddable":true,"href":"https:\/\/progepe.ufpr.br\/capacitacao\/wp-json\/wp\/v2\/comments?post=4823"}],"version-history":[{"count":3,"href":"https:\/\/progepe.ufpr.br\/capacitacao\/wp-json\/wp\/v2\/pages\/4823\/revisions"}],"predecessor-version":[{"id":77651,"href":"https:\/\/progepe.ufpr.br\/capacitacao\/wp-json\/wp\/v2\/pages\/4823\/revisions\/77651"}],"wp:attachment":[{"href":"https:\/\/progepe.ufpr.br\/capacitacao\/wp-json\/wp\/v2\/media?parent=4823"}],"curies":[{"name":"wp","href":"https:\/\/api.w.org\/{rel}","templated":true}]}}