{"id":5337,"date":"2023-11-28T11:27:34","date_gmt":"2023-11-28T14:27:34","guid":{"rendered":"https:\/\/www.prppg.ufpr.br\/site\/portalcapacitacao\/?page_id=5337"},"modified":"2025-02-04T16:02:31","modified_gmt":"2025-02-04T19:02:31","slug":"editais-tutores-2022","status":"publish","type":"page","link":"https:\/\/progepe.ufpr.br\/capacitacao\/editais-tutores-2022\/","title":{"rendered":"Editais &#8211; Tutores &#8211; 2022"},"content":{"rendered":"<p>O presente Edital tem por finalidade selecionar servidores(as) do quadro permanente, ativo e em exerc\u00edcio na Universidade Federal do Paran\u00e1 (UFPR) interessados em atuar como Tutores(as) em cursos a dist\u00e2ncia nas a\u00e7\u00f5es de desenvolvimento que comp\u00f5em o Programa de Educa\u00e7\u00e3o a Dist\u00e2ncia do Plano de Desenvolvimento de Pessoas (PDP) da UFPR. <span style=\"color: #800000\"><strong>FINALIZADO.<\/strong><\/span><\/p>\n<p><a href=\"https:\/\/progepe.ufpr.br\/capacitacao\/wp-content\/uploads\/2022\/09\/edital-28-2022.pdf\">Edital 28\/2022 PROGEPE-CDP-UCAQ<\/a><\/p>\n<p>&nbsp;<\/p>\n<p><a href=\"https:\/\/progepe.ufpr.br\/capacitacao\/wp-content\/uploads\/2023\/11\/edital-01-2022-comissao-de-selecao-1.pdf\">Edital 01-2022 Comiss\u00e3o de Sele\u00e7\u00e3o<\/a> &#8211; Inscri\u00e7\u00f5es homologadas e Resultado preliminar<\/p>\n<p><a href=\"https:\/\/progepe.ufpr.br\/capacitacao\/wp-content\/uploads\/2023\/11\/edital-02-2022-comissao-de-selecao-1.pdf\">Edital 02-2022 Comiss\u00e3o de Sele\u00e7\u00e3o<\/a> &#8211; Resultado final<\/p>\n<hr \/>\n<p>Edital de sele\u00e7\u00e3o de servidores(as) das carreiras Docente e T\u00e9cnico-Administrativo em Educa\u00e7\u00e3o do quadro permanente, ativo e em exerc\u00edcio na Universidade Federal do Paran\u00e1 (UFPR) interessados em atuar como Tutores(as) em cursos a dist\u00e2ncia nas a\u00e7\u00f5es de desenvolvimento que comp\u00f5em o Programa de Educa\u00e7\u00e3o a Dist\u00e2ncia do Plano de Desenvolvimento de Pessoas (PDP) da UFPR, em parceria com a Superintend\u00eancia de Inclus\u00e3o, Pol\u00edticas Afirmativas e Diversidade (SIPAD). <span style=\"color: #800000\"><strong>FINALIZADO.<\/strong><\/span><\/p>\n<p><a href=\"https:\/\/progepe.ufpr.br\/capacitacao\/wp-content\/uploads\/2022\/08\/sei_23075-051805_2022_67.pdf\">Edital 07\/2022 PROGEPE-CDP-UCAQ<\/a><\/p>\n<p><a href=\"https:\/\/progepe.ufpr.br\/capacitacao\/wp-content\/uploads\/2022\/08\/edital-10-2022.pdf\">Edital 10\/2022 PROGEPE-CDP-UCAQ<\/a> &#8211; Rela\u00e7\u00e3o dos candidatos inscritos<\/p>\n<p><a href=\"https:\/\/progepe.ufpr.br\/capacitacao\/wp-content\/uploads\/2022\/08\/edital-13-2022-progepe-cdp-ucaq-1.pdf\">Edital 13\/2022 PROGEPE-CDP-UCAQ<\/a> &#8211; Altera\u00e7\u00e3o do cronograma do Edital 07-2022 PROGEPE-CDP-UCAQ<\/p>\n<p><a href=\"https:\/\/progepe.ufpr.br\/capacitacao\/wp-content\/uploads\/2022\/08\/edital-15-2022-progepe-cdp-ucaq.pdf\">Edital 15\/2022 PROGEPE-CDP-UCAQ<\/a> &#8211; Altera\u00e7\u00e3o do cronograma do Edital 07-2022 PROGEPE-CDP-UCAQ<\/p>\n<p><a href=\"https:\/\/progepe.ufpr.br\/capacitacao\/wp-content\/uploads\/2022\/08\/edital-no-18-2022-progepe-cdp-ucaq.pdf\">Edital 18\/2022 PROGEPE-CDP-UCAQ<\/a> &#8211; Altera\u00e7\u00e3o do cronograma do Edital 07-2022 PROGEPE-CDP-UCAQ<\/p>\n<p><a href=\"https:\/\/progepe.ufpr.br\/capacitacao\/wp-content\/uploads\/2022\/09\/edital-23-2022-progepe-cdp-ucaq.pdf\">Edital 23\/2022 PROGEPE-CDP-UCAQ<\/a> &#8211; Altera\u00e7\u00e3o do cronograma do Edital 07-2022 PROGEPE-CDP-UCAQ<\/p>\n<p><a href=\"https:\/\/progepe.ufpr.br\/capacitacao\/wp-content\/uploads\/2023\/11\/edital-01-2022-comissao-de-selecao.pdf\">Edital 01-2022 Comiss\u00e3o de Sele\u00e7\u00e3o<\/a> &#8211; Inscri\u00e7\u00f5es homologadas e Resultado preliminar<\/p>\n<p><a href=\"https:\/\/progepe.ufpr.br\/capacitacao\/wp-content\/uploads\/2023\/11\/edital-01-2022-comissao-recursal.pdf\">Edital 01-2022 Comiss\u00e3o Recursal<\/a> &#8211; Resultado da an\u00e1lise dos recursos<\/p>\n<p><a href=\"https:\/\/progepe.ufpr.br\/capacitacao\/wp-content\/uploads\/2023\/11\/edital-02-2022-comissao-de-selecao.pdf\">Edital 02-2022 Comiss\u00e3o de Sele\u00e7\u00e3o<\/a> &#8211; Resultado final<\/p>\n<hr \/>\n<p><strong>Atualizado em 30\/11\/2023.<\/strong><\/p>\n","protected":false},"excerpt":{"rendered":"<p>O presente Edital tem por finalidade selecionar servidores(as) do quadro permanente, ativo e em exerc\u00edcio na Universidade Federal do Paran\u00e1 (UFPR) interessados em atuar como Tutores(as) em cursos a dist\u00e2ncia nas a\u00e7\u00f5es de desenvolvimento que comp\u00f5em o Programa de Educa\u00e7\u00e3o a Dist\u00e2ncia do Plano de Desenvolvimento de Pessoas (PDP) da UFPR. FINALIZADO. Edital 28\/2022 PROGEPE-CDP-UCAQ [&hellip;]<\/p>\n","protected":false},"author":41,"featured_media":0,"parent":0,"menu_order":0,"comment_status":"closed","ping_status":"closed","template":"","meta":{"_coblocks_attr":"","_coblocks_dimensions":"","_coblocks_responsive_height":"","_coblocks_accordion_ie_support":"","_uag_custom_page_level_css":"","iawp_total_views":6,"footnotes":""},"class_list":["post-5337","page","type-page","status-publish","hentry"],"uagb_featured_image_src":{"full":false,"thumbnail":false,"medium":false,"medium_large":false,"large":false,"1536x1536":false,"2048x2048":false},"uagb_author_info":{"display_name":"progepe-admin","author_link":"https:\/\/progepe.ufpr.br\/capacitacao\/author\/progepe-admin\/"},"uagb_comment_info":0,"uagb_excerpt":"O presente Edital tem por finalidade selecionar servidores(as) do quadro permanente, ativo e em exerc\u00edcio na Universidade Federal do Paran\u00e1 (UFPR) interessados em atuar como Tutores(as) em cursos a dist\u00e2ncia nas a\u00e7\u00f5es de desenvolvimento que comp\u00f5em o Programa de Educa\u00e7\u00e3o a Dist\u00e2ncia do Plano de Desenvolvimento de Pessoas (PDP) da UFPR. FINALIZADO. Edital 28\/2022 PROGEPE-CDP-UCAQ&hellip;","publishpress_future_workflow_manual_trigger":{"enabledWorkflows":[]},"_links":{"self":[{"href":"https:\/\/progepe.ufpr.br\/capacitacao\/wp-json\/wp\/v2\/pages\/5337","targetHints":{"allow":["GET"]}}],"collection":[{"href":"https:\/\/progepe.ufpr.br\/capacitacao\/wp-json\/wp\/v2\/pages"}],"about":[{"href":"https:\/\/progepe.ufpr.br\/capacitacao\/wp-json\/wp\/v2\/types\/page"}],"author":[{"embeddable":true,"href":"https:\/\/progepe.ufpr.br\/capacitacao\/wp-json\/wp\/v2\/users\/41"}],"replies":[{"embeddable":true,"href":"https:\/\/progepe.ufpr.br\/capacitacao\/wp-json\/wp\/v2\/comments?post=5337"}],"version-history":[{"count":2,"href":"https:\/\/progepe.ufpr.br\/capacitacao\/wp-json\/wp\/v2\/pages\/5337\/revisions"}],"predecessor-version":[{"id":77197,"href":"https:\/\/progepe.ufpr.br\/capacitacao\/wp-json\/wp\/v2\/pages\/5337\/revisions\/77197"}],"wp:attachment":[{"href":"https:\/\/progepe.ufpr.br\/capacitacao\/wp-json\/wp\/v2\/media?parent=5337"}],"curies":[{"name":"wp","href":"https:\/\/api.w.org\/{rel}","templated":true}]}}

<p>O presente Edital tem por finalidade selecionar servidores(as) do quadro permanente, ativo e em exercício na Universidade Federal do Paraná (UFPR) interessados em atuar como Tutores(as) em cursos a distância nas ações de desenvolvimento que compõem o Programa de Educação a Distância do Plano de Desenvolvimento de Pessoas (PDP) da UFPR. <span style="color: #800000"><strong>FINALIZADO.</strong></span></p>
<p><a href="https://progepe.ufpr.br/capacitacao/wp-content/uploads/2022/09/edital-28-2022.pdf">Edital 28/2022 PROGEPE-CDP-UCAQ</a></p>
<p>&nbsp;</p>
<p><a href="https://progepe.ufpr.br/capacitacao/wp-content/uploads/2023/11/edital-01-2022-comissao-de-selecao-1.pdf">Edital 01-2022 Comissão de Seleção</a> &#8211; Inscrições homologadas e Resultado preliminar</p>
<p><a href="https://progepe.ufpr.br/capacitacao/wp-content/uploads/2023/11/edital-02-2022-comissao-de-selecao-1.pdf">Edital 02-2022 Comissão de Seleção</a> &#8211; Resultado final</p>
<hr />
<p>Edital de seleção de servidores(as) das carreiras Docente e Técnico-Administrativo em Educação do quadro permanente, ativo e em exercício na Universidade Federal do Paraná (UFPR) interessados em atuar como Tutores(as) em cursos a distância nas ações de desenvolvimento que compõem o Programa de Educação a Distância do Plano de Desenvolvimento de Pessoas (PDP) da UFPR, em parceria com a Superintendência de Inclusão, Políticas Afirmativas e Diversidade (SIPAD). <span style="color: #800000"><strong>FINALIZADO.</strong></span></p>
<p><a href="https://progepe.ufpr.br/capacitacao/wp-content/uploads/2022/08/sei_23075-051805_2022_67.pdf">Edital 07/2022 PROGEPE-CDP-UCAQ</a></p>
<p><a href="https://progepe.ufpr.br/capacitacao/wp-content/uploads/2022/08/edital-10-2022.pdf">Edital 10/2022 PROGEPE-CDP-UCAQ</a> &#8211; Relação dos candidatos inscritos</p>
<p><a href="https://progepe.ufpr.br/capacitacao/wp-content/uploads/2022/08/edital-13-2022-progepe-cdp-ucaq-1.pdf">Edital 13/2022 PROGEPE-CDP-UCAQ</a> &#8211; Alteração do cronograma do Edital 07-2022 PROGEPE-CDP-UCAQ</p>
<p><a href="https://progepe.ufpr.br/capacitacao/wp-content/uploads/2022/08/edital-15-2022-progepe-cdp-ucaq.pdf">Edital 15/2022 PROGEPE-CDP-UCAQ</a> &#8211; Alteração do cronograma do Edital 07-2022 PROGEPE-CDP-UCAQ</p>
<p><a href="https://progepe.ufpr.br/capacitacao/wp-content/uploads/2022/08/edital-no-18-2022-progepe-cdp-ucaq.pdf">Edital 18/2022 PROGEPE-CDP-UCAQ</a> &#8211; Alteração do cronograma do Edital 07-2022 PROGEPE-CDP-UCAQ</p>
<p><a href="https://progepe.ufpr.br/capacitacao/wp-content/uploads/2022/09/edital-23-2022-progepe-cdp-ucaq.pdf">Edital 23/2022 PROGEPE-CDP-UCAQ</a> &#8211; Alteração do cronograma do Edital 07-2022 PROGEPE-CDP-UCAQ</p>
<p><a href="https://progepe.ufpr.br/capacitacao/wp-content/uploads/2023/11/edital-01-2022-comissao-de-selecao.pdf">Edital 01-2022 Comissão de Seleção</a> &#8211; Inscrições homologadas e Resultado preliminar</p>
<p><a href="https://progepe.ufpr.br/capacitacao/wp-content/uploads/2023/11/edital-01-2022-comissao-recursal.pdf">Edital 01-2022 Comissão Recursal</a> &#8211; Resultado da análise dos recursos</p>
<p><a href="https://progepe.ufpr.br/capacitacao/wp-content/uploads/2023/11/edital-02-2022-comissao-de-selecao.pdf">Edital 02-2022 Comissão de Seleção</a> &#8211; Resultado final</p>
<hr />
<p><strong>Atualizado em 30/11/2023.</strong></p>

<p>O presente Edital tem por finalidade selecionar servidores(as) do quadro permanente, ativo e em exercício na Universidade Federal do Paraná (UFPR) interessados em atuar como Tutores(as) em cursos a distância nas ações de desenvolvimento que compõem o Programa de Educação a Distância do Plano de Desenvolvimento de Pessoas (PDP) da UFPR. FINALIZADO. Edital 28/2022 PROGEPE-CDP-UCAQ [&hellip;]</p>

O presente Edital tem por finalidade selecionar servidores(as) do quadro permanente, ativo e em exercício na Universidade Federal do Paraná (UFPR) interessados em atuar como Tutores(as) em cursos a distância nas ações de desenvolvimento que compõem o Programa de Educação a Distância do Plano de Desenvolvimento de Pessoas (PDP) da UFPR. FINALIZADO. Edital 28/2022 PROGEPE-CDP-UCAQ&hellip;
