{"id":5339,"date":"2023-11-28T11:27:42","date_gmt":"2023-11-28T14:27:42","guid":{"rendered":"https:\/\/www.prppg.ufpr.br\/site\/portalcapacitacao\/?page_id=5339"},"modified":"2025-02-04T16:02:32","modified_gmt":"2025-02-04T19:02:32","slug":"editais-tutores-2021","status":"publish","type":"page","link":"https:\/\/progepe.ufpr.br\/capacitacao\/editais-tutores-2021\/","title":{"rendered":"Editais &#8211; Tutores &#8211; 2021"},"content":{"rendered":"<p>Edital de sele\u00e7\u00e3o de servidores(as) das carreiras Docente e T\u00e9cnico-Administrativo em Educa\u00e7\u00e3o do\u00a0 quadro permanente, ativo e em exerc\u00edcio na Universidade Federal do Paran\u00e1 (UFPR) interessados em atuar como Tutores(as) em cursos a dist\u00e2ncia e Coordenadores(as) T\u00e9cnico-Pedag\u00f3gicos(as) nas a\u00e7\u00f5es de desenvolvimento que comp\u00f5em o Programa de Desenvolvimento de Pessoal do Plano de Desenvolvimento de Pessoas (PDP) da UFPR, em parceria com a Superintend\u00eancia de Inclus\u00e3o, Pol\u00edticas Afirmativas e Diversidade (SIPAD). <span style=\"color: #800000\"><strong>FINALIZADO<\/strong><\/span><\/p>\n<p><a href=\"https:\/\/progepe.ufpr.br\/capacitacao\/wp-content\/uploads\/2021\/05\/edital-01-2021-progepe-cdp-ucaq.pdf\">Edital 01-2021 PROGEPE-CDP-UCAQ<\/a><\/p>\n<p><a href=\"https:\/\/progepe.ufpr.br\/capacitacao\/wp-content\/uploads\/2021\/06\/edital-01-2021-comissao-do-processo-seletivo.pdf\">Edital 01-2021 Comiss\u00e3o do Processo Seletivo<\/a> &#8211; Inscri\u00e7\u00f5es homologadas e Resultado preliminar<\/p>\n<p><a href=\"https:\/\/progepe.ufpr.br\/capacitacao\/wp-content\/uploads\/2021\/06\/edital-01-2021-comissao-recursal.pdf\">Edital 01-2021 Comiss\u00e3o Recursal<\/a> &#8211; Resultado da an\u00e1lise dos recursos<\/p>\n<p><a href=\"https:\/\/progepe.ufpr.br\/capacitacao\/wp-content\/uploads\/2021\/06\/edital-02-2021-comissao-do-processo-seletivo.pdf\">Edital 02-2021 Comiss\u00e3o do Processo Seletivo<\/a>\u00a0 &#8211;<strong>\u00a0<\/strong>Resultado final<\/p>\n<hr \/>\n<p>Edital de sele\u00e7\u00e3o de servidores(as) das carreiras Docente e T\u00e9cnico-Administrativo em Educa\u00e7\u00e3o do\u00a0 quadro permanente, ativo e em exerc\u00edcio na Universidade Federal do Paran\u00e1 (UFPR) interessados em atuar como Tutores(as) em cursos a dist\u00e2ncia nas a\u00e7\u00f5es de desenvolvimento que comp\u00f5em o Programa Viv\u00eancias Formativas para a Educa\u00e7\u00e3o Superior Profissional e Tecnol\u00f3gica do Plano de Desenvolvimento de Pessoas (PDP) da UFPR, em parceria com a Pr\u00f3-Reitoria de Gradua\u00e7\u00e3o e Educa\u00e7\u00e3o Profissional (PROGRAD).\u00a0 <span style=\"color: #800000\"><strong>FINALIZADO.<\/strong><\/span><\/p>\n<p><a href=\"https:\/\/progepe.ufpr.br\/capacitacao\/wp-content\/uploads\/2021\/09\/edital-04-2021-progepe-cdp.pdf\">Edital 04-2021 PROGEPE-CDP<\/a><\/p>\n<p><a href=\"https:\/\/progepe.ufpr.br\/capacitacao\/wp-content\/uploads\/2021\/09\/errata-01-do-edital-04-2021-progepe-cdp.pdf\">Errata 01 do Edital 04-2021 PROGEPE-CDP<\/a> &#8211; Altera\u00e7\u00e3o do cronograma do Edital 04-2021 PROGEPE-CDP-UCAQ<\/p>\n<p><a href=\"https:\/\/progepe.ufpr.br\/capacitacao\/wp-content\/uploads\/2021\/09\/edital-01-2021-comissao-do-processo-seletivo.pdf\">Edital 01-2021 Comiss\u00e3o do Processo Seletivo<\/a> &#8211; Inscri\u00e7\u00f5es homologadas e Resultado preliminar<\/p>\n<p><a href=\"https:\/\/progepe.ufpr.br\/capacitacao\/wp-content\/uploads\/2021\/09\/edital-02-2021-comissao-do-processo-seletivo.pdf\">Edital 02-2021 Comiss\u00e3o do Processo Seletivo<\/a> &#8211; Resultado final<\/p>\n<hr \/>\n<p><strong>Atualizado em 30\/11\/2023.<\/strong><\/p>\n","protected":false},"excerpt":{"rendered":"<p>Edital de sele\u00e7\u00e3o de servidores(as) das carreiras Docente e T\u00e9cnico-Administrativo em Educa\u00e7\u00e3o do\u00a0 quadro permanente, ativo e em exerc\u00edcio na Universidade Federal do Paran\u00e1 (UFPR) interessados em atuar como Tutores(as) em cursos a dist\u00e2ncia e Coordenadores(as) T\u00e9cnico-Pedag\u00f3gicos(as) nas a\u00e7\u00f5es de desenvolvimento que comp\u00f5em o Programa de Desenvolvimento de Pessoal do Plano de Desenvolvimento de Pessoas [&hellip;]<\/p>\n","protected":false},"author":41,"featured_media":0,"parent":0,"menu_order":0,"comment_status":"closed","ping_status":"closed","template":"","meta":{"_coblocks_attr":"","_coblocks_dimensions":"","_coblocks_responsive_height":"","_coblocks_accordion_ie_support":"","_uag_custom_page_level_css":"","iawp_total_views":2,"footnotes":""},"class_list":["post-5339","page","type-page","status-publish","hentry"],"uagb_featured_image_src":{"full":false,"thumbnail":false,"medium":false,"medium_large":false,"large":false,"1536x1536":false,"2048x2048":false},"uagb_author_info":{"display_name":"progepe-admin","author_link":"https:\/\/progepe.ufpr.br\/capacitacao\/author\/progepe-admin\/"},"uagb_comment_info":0,"uagb_excerpt":"Edital de sele\u00e7\u00e3o de servidores(as) das carreiras Docente e T\u00e9cnico-Administrativo em Educa\u00e7\u00e3o do\u00a0 quadro permanente, ativo e em exerc\u00edcio na Universidade Federal do Paran\u00e1 (UFPR) interessados em atuar como Tutores(as) em cursos a dist\u00e2ncia e Coordenadores(as) T\u00e9cnico-Pedag\u00f3gicos(as) nas a\u00e7\u00f5es de desenvolvimento que comp\u00f5em o Programa de Desenvolvimento de Pessoal do Plano de Desenvolvimento de Pessoas&hellip;","publishpress_future_workflow_manual_trigger":{"enabledWorkflows":[]},"_links":{"self":[{"href":"https:\/\/progepe.ufpr.br\/capacitacao\/wp-json\/wp\/v2\/pages\/5339","targetHints":{"allow":["GET"]}}],"collection":[{"href":"https:\/\/progepe.ufpr.br\/capacitacao\/wp-json\/wp\/v2\/pages"}],"about":[{"href":"https:\/\/progepe.ufpr.br\/capacitacao\/wp-json\/wp\/v2\/types\/page"}],"author":[{"embeddable":true,"href":"https:\/\/progepe.ufpr.br\/capacitacao\/wp-json\/wp\/v2\/users\/41"}],"replies":[{"embeddable":true,"href":"https:\/\/progepe.ufpr.br\/capacitacao\/wp-json\/wp\/v2\/comments?post=5339"}],"version-history":[{"count":1,"href":"https:\/\/progepe.ufpr.br\/capacitacao\/wp-json\/wp\/v2\/pages\/5339\/revisions"}],"predecessor-version":[{"id":77198,"href":"https:\/\/progepe.ufpr.br\/capacitacao\/wp-json\/wp\/v2\/pages\/5339\/revisions\/77198"}],"wp:attachment":[{"href":"https:\/\/progepe.ufpr.br\/capacitacao\/wp-json\/wp\/v2\/media?parent=5339"}],"curies":[{"name":"wp","href":"https:\/\/api.w.org\/{rel}","templated":true}]}}

<p>Edital de seleção de servidores(as) das carreiras Docente e Técnico-Administrativo em Educação do  quadro permanente, ativo e em exercício na Universidade Federal do Paraná (UFPR) interessados em atuar como Tutores(as) em cursos a distância e Coordenadores(as) Técnico-Pedagógicos(as) nas ações de desenvolvimento que compõem o Programa de Desenvolvimento de Pessoal do Plano de Desenvolvimento de Pessoas (PDP) da UFPR, em parceria com a Superintendência de Inclusão, Políticas Afirmativas e Diversidade (SIPAD). <span style="color: #800000"><strong>FINALIZADO</strong></span></p>
<p><a href="https://progepe.ufpr.br/capacitacao/wp-content/uploads/2021/05/edital-01-2021-progepe-cdp-ucaq.pdf">Edital 01-2021 PROGEPE-CDP-UCAQ</a></p>
<p><a href="https://progepe.ufpr.br/capacitacao/wp-content/uploads/2021/06/edital-01-2021-comissao-do-processo-seletivo.pdf">Edital 01-2021 Comissão do Processo Seletivo</a> &#8211; Inscrições homologadas e Resultado preliminar</p>
<p><a href="https://progepe.ufpr.br/capacitacao/wp-content/uploads/2021/06/edital-01-2021-comissao-recursal.pdf">Edital 01-2021 Comissão Recursal</a> &#8211; Resultado da análise dos recursos</p>
<p><a href="https://progepe.ufpr.br/capacitacao/wp-content/uploads/2021/06/edital-02-2021-comissao-do-processo-seletivo.pdf">Edital 02-2021 Comissão do Processo Seletivo</a>  &#8211;<strong> </strong>Resultado final</p>
<hr />
<p>Edital de seleção de servidores(as) das carreiras Docente e Técnico-Administrativo em Educação do  quadro permanente, ativo e em exercício na Universidade Federal do Paraná (UFPR) interessados em atuar como Tutores(as) em cursos a distância nas ações de desenvolvimento que compõem o Programa Vivências Formativas para a Educação Superior Profissional e Tecnológica do Plano de Desenvolvimento de Pessoas (PDP) da UFPR, em parceria com a Pró-Reitoria de Graduação e Educação Profissional (PROGRAD).  <span style="color: #800000"><strong>FINALIZADO.</strong></span></p>
<p><a href="https://progepe.ufpr.br/capacitacao/wp-content/uploads/2021/09/edital-04-2021-progepe-cdp.pdf">Edital 04-2021 PROGEPE-CDP</a></p>
<p><a href="https://progepe.ufpr.br/capacitacao/wp-content/uploads/2021/09/errata-01-do-edital-04-2021-progepe-cdp.pdf">Errata 01 do Edital 04-2021 PROGEPE-CDP</a> &#8211; Alteração do cronograma do Edital 04-2021 PROGEPE-CDP-UCAQ</p>
<p><a href="https://progepe.ufpr.br/capacitacao/wp-content/uploads/2021/09/edital-01-2021-comissao-do-processo-seletivo.pdf">Edital 01-2021 Comissão do Processo Seletivo</a> &#8211; Inscrições homologadas e Resultado preliminar</p>
<p><a href="https://progepe.ufpr.br/capacitacao/wp-content/uploads/2021/09/edital-02-2021-comissao-do-processo-seletivo.pdf">Edital 02-2021 Comissão do Processo Seletivo</a> &#8211; Resultado final</p>
<hr />
<p><strong>Atualizado em 30/11/2023.</strong></p>

<p>Edital de seleção de servidores(as) das carreiras Docente e Técnico-Administrativo em Educação do  quadro permanente, ativo e em exercício na Universidade Federal do Paraná (UFPR) interessados em atuar como Tutores(as) em cursos a distância e Coordenadores(as) Técnico-Pedagógicos(as) nas ações de desenvolvimento que compõem o Programa de Desenvolvimento de Pessoal do Plano de Desenvolvimento de Pessoas [&hellip;]</p>

Edital de seleção de servidores(as) das carreiras Docente e Técnico-Administrativo em Educação do  quadro permanente, ativo e em exercício na Universidade Federal do Paraná (UFPR) interessados em atuar como Tutores(as) em cursos a distância e Coordenadores(as) Técnico-Pedagógicos(as) nas ações de desenvolvimento que compõem o Programa de Desenvolvimento de Pessoal do Plano de Desenvolvimento de Pessoas&hellip;
