{"id":5353,"date":"2023-11-28T11:37:08","date_gmt":"2023-11-28T14:37:08","guid":{"rendered":"https:\/\/www.prppg.ufpr.br\/site\/portalcapacitacao\/?page_id=5353"},"modified":"2025-02-04T16:06:51","modified_gmt":"2025-02-04T19:06:51","slug":"editais-piq-2017","status":"publish","type":"page","link":"https:\/\/progepe.ufpr.br\/capacitacao\/editais-piq-2017\/","title":{"rendered":"Editais &#8211; PIQ &#8211; 2017"},"content":{"rendered":"<p>Edital de sele\u00e7\u00e3o de servidores(as) da carreira T\u00e9cnico-Administrativo em Educa\u00e7\u00e3o do quadro permanente, ativo e em exerc\u00edcio na Universidade Federal do Paran\u00e1 (UFPR) interessados em participar do Programa de Incentivo a Qualifica\u00e7\u00e3o (<a href=\"https:\/\/progepe.ufpr.br\/capacitacao\/programa-de-incentivo-a-qualificacao-piq\/\">PIQ<\/a>) 2017. <span style=\"color: #800000\"><strong>FINALIZADO.<\/strong><\/span><\/p>\n<p><a href=\"https:\/\/progepe.ufpr.br\/capacitacao\/wp-content\/uploads\/2021\/01\/edital-01-2017-progepe-cdp-uq.pdf\">Edital 01-2017 PROGEPE-CDP-UQ<\/a><\/p>\n<p><a href=\"https:\/\/progepe.ufpr.br\/capacitacao\/wp-content\/uploads\/2021\/01\/edital-02-2017-progepe-cdp-uq.pdf\">Edital 02-2017 PROGEPE-CDP-UQ<\/a> &#8211; Inscri\u00e7\u00f5es homologadas<\/p>\n<p><a href=\"https:\/\/progepe.ufpr.br\/capacitacao\/wp-content\/uploads\/2021\/01\/edital-03-2017-progepe-cdp-uq.pdf\">Edital 03-2017 PROGEPE-CDP-UQ<\/a> &#8211; Abertura das inscri\u00e7\u00f5es para o PIQ 2017 (vagas remanescentes)<\/p>\n<p><a href=\"https:\/\/progepe.ufpr.br\/capacitacao\/wp-content\/uploads\/2021\/01\/edital-04-2017-progepe-cdp-uq.pdf\">Edital 04-2017 PROGEPE-CDP-UQ<\/a> &#8211; Altera\u00e7\u00e3o do cronograma do Edital 01-2017 PROGEPE-CDP-UQ<\/p>\n<p><a href=\"https:\/\/progepe.ufpr.br\/capacitacao\/wp-content\/uploads\/2021\/01\/edital-05-2017-progepe-cdp-uq.pdf\">Edital 05-2017 PROGEPE-CDP-UQ<\/a> &#8211; Inscri\u00e7\u00f5es homologadas<\/p>\n<p><a href=\"https:\/\/progepe.ufpr.br\/capacitacao\/wp-content\/uploads\/2021\/01\/edital-06-2017-progepe-cdp-uq.pdf\">Edital 06-2017 PROGEPE-CDP-UQ<\/a> &#8211; Resultado final do Edital 01-2017 PROGEPE-CDP-UQ<\/p>\n<p><a href=\"https:\/\/progepe.ufpr.br\/capacitacao\/wp-content\/uploads\/2021\/01\/edital-07-2017-progepe-cdp-uq.pdf\">Edital 07-2017 PROGEPE-CDP-UQ<\/a> &#8211; Resultado final do Edital 03-2017 PROGEPE-CDP-UQ<\/p>\n<hr \/>\n<p><strong>Atualizado em 30\/11\/2023.<\/strong><\/p>\n","protected":false},"excerpt":{"rendered":"<p>Edital de sele\u00e7\u00e3o de servidores(as) da carreira T\u00e9cnico-Administrativo em Educa\u00e7\u00e3o do quadro permanente, ativo e em exerc\u00edcio na Universidade Federal do Paran\u00e1 (UFPR) interessados em participar do Programa de Incentivo a Qualifica\u00e7\u00e3o (PIQ) 2017. FINALIZADO. Edital 01-2017 PROGEPE-CDP-UQ Edital 02-2017 PROGEPE-CDP-UQ &#8211; Inscri\u00e7\u00f5es homologadas Edital 03-2017 PROGEPE-CDP-UQ &#8211; Abertura das inscri\u00e7\u00f5es para o PIQ 2017 [&hellip;]<\/p>\n","protected":false},"author":41,"featured_media":0,"parent":0,"menu_order":0,"comment_status":"closed","ping_status":"closed","template":"","meta":{"_coblocks_attr":"","_coblocks_dimensions":"","_coblocks_responsive_height":"","_coblocks_accordion_ie_support":"","_uag_custom_page_level_css":"","iawp_total_views":10,"footnotes":""},"class_list":["post-5353","page","type-page","status-publish","hentry"],"uagb_featured_image_src":{"full":false,"thumbnail":false,"medium":false,"medium_large":false,"large":false,"1536x1536":false,"2048x2048":false},"uagb_author_info":{"display_name":"progepe-admin","author_link":"https:\/\/progepe.ufpr.br\/capacitacao\/author\/progepe-admin\/"},"uagb_comment_info":0,"uagb_excerpt":"Edital de sele\u00e7\u00e3o de servidores(as) da carreira T\u00e9cnico-Administrativo em Educa\u00e7\u00e3o do quadro permanente, ativo e em exerc\u00edcio na Universidade Federal do Paran\u00e1 (UFPR) interessados em participar do Programa de Incentivo a Qualifica\u00e7\u00e3o (PIQ) 2017. FINALIZADO. Edital 01-2017 PROGEPE-CDP-UQ Edital 02-2017 PROGEPE-CDP-UQ &#8211; Inscri\u00e7\u00f5es homologadas Edital 03-2017 PROGEPE-CDP-UQ &#8211; Abertura das inscri\u00e7\u00f5es para o PIQ 2017&hellip;","publishpress_future_workflow_manual_trigger":{"enabledWorkflows":[]},"_links":{"self":[{"href":"https:\/\/progepe.ufpr.br\/capacitacao\/wp-json\/wp\/v2\/pages\/5353","targetHints":{"allow":["GET"]}}],"collection":[{"href":"https:\/\/progepe.ufpr.br\/capacitacao\/wp-json\/wp\/v2\/pages"}],"about":[{"href":"https:\/\/progepe.ufpr.br\/capacitacao\/wp-json\/wp\/v2\/types\/page"}],"author":[{"embeddable":true,"href":"https:\/\/progepe.ufpr.br\/capacitacao\/wp-json\/wp\/v2\/users\/41"}],"replies":[{"embeddable":true,"href":"https:\/\/progepe.ufpr.br\/capacitacao\/wp-json\/wp\/v2\/comments?post=5353"}],"version-history":[{"count":2,"href":"https:\/\/progepe.ufpr.br\/capacitacao\/wp-json\/wp\/v2\/pages\/5353\/revisions"}],"predecessor-version":[{"id":77217,"href":"https:\/\/progepe.ufpr.br\/capacitacao\/wp-json\/wp\/v2\/pages\/5353\/revisions\/77217"}],"wp:attachment":[{"href":"https:\/\/progepe.ufpr.br\/capacitacao\/wp-json\/wp\/v2\/media?parent=5353"}],"curies":[{"name":"wp","href":"https:\/\/api.w.org\/{rel}","templated":true}]}}

<p>Edital de seleção de servidores(as) da carreira Técnico-Administrativo em Educação do quadro permanente, ativo e em exercício na Universidade Federal do Paraná (UFPR) interessados em participar do Programa de Incentivo a Qualificação (<a href="https://progepe.ufpr.br/capacitacao/programa-de-incentivo-a-qualificacao-piq/">PIQ</a>) 2017. <span style="color: #800000"><strong>FINALIZADO.</strong></span></p>
<p><a href="https://progepe.ufpr.br/capacitacao/wp-content/uploads/2021/01/edital-01-2017-progepe-cdp-uq.pdf">Edital 01-2017 PROGEPE-CDP-UQ</a></p>
<p><a href="https://progepe.ufpr.br/capacitacao/wp-content/uploads/2021/01/edital-02-2017-progepe-cdp-uq.pdf">Edital 02-2017 PROGEPE-CDP-UQ</a> &#8211; Inscrições homologadas</p>
<p><a href="https://progepe.ufpr.br/capacitacao/wp-content/uploads/2021/01/edital-03-2017-progepe-cdp-uq.pdf">Edital 03-2017 PROGEPE-CDP-UQ</a> &#8211; Abertura das inscrições para o PIQ 2017 (vagas remanescentes)</p>
<p><a href="https://progepe.ufpr.br/capacitacao/wp-content/uploads/2021/01/edital-04-2017-progepe-cdp-uq.pdf">Edital 04-2017 PROGEPE-CDP-UQ</a> &#8211; Alteração do cronograma do Edital 01-2017 PROGEPE-CDP-UQ</p>
<p><a href="https://progepe.ufpr.br/capacitacao/wp-content/uploads/2021/01/edital-05-2017-progepe-cdp-uq.pdf">Edital 05-2017 PROGEPE-CDP-UQ</a> &#8211; Inscrições homologadas</p>
<p><a href="https://progepe.ufpr.br/capacitacao/wp-content/uploads/2021/01/edital-06-2017-progepe-cdp-uq.pdf">Edital 06-2017 PROGEPE-CDP-UQ</a> &#8211; Resultado final do Edital 01-2017 PROGEPE-CDP-UQ</p>
<p><a href="https://progepe.ufpr.br/capacitacao/wp-content/uploads/2021/01/edital-07-2017-progepe-cdp-uq.pdf">Edital 07-2017 PROGEPE-CDP-UQ</a> &#8211; Resultado final do Edital 03-2017 PROGEPE-CDP-UQ</p>
<hr />
<p><strong>Atualizado em 30/11/2023.</strong></p>

<p>Edital de seleção de servidores(as) da carreira Técnico-Administrativo em Educação do quadro permanente, ativo e em exercício na Universidade Federal do Paraná (UFPR) interessados em participar do Programa de Incentivo a Qualificação (PIQ) 2017. FINALIZADO. Edital 01-2017 PROGEPE-CDP-UQ Edital 02-2017 PROGEPE-CDP-UQ &#8211; Inscrições homologadas Edital 03-2017 PROGEPE-CDP-UQ &#8211; Abertura das inscrições para o PIQ 2017 [&hellip;]</p>

Edital de seleção de servidores(as) da carreira Técnico-Administrativo em Educação do quadro permanente, ativo e em exercício na Universidade Federal do Paraná (UFPR) interessados em participar do Programa de Incentivo a Qualificação (PIQ) 2017. FINALIZADO. Edital 01-2017 PROGEPE-CDP-UQ Edital 02-2017 PROGEPE-CDP-UQ &#8211; Inscrições homologadas Edital 03-2017 PROGEPE-CDP-UQ &#8211; Abertura das inscrições para o PIQ 2017&hellip;
