{"id":5361,"date":"2023-11-28T11:37:39","date_gmt":"2023-11-28T14:37:39","guid":{"rendered":"https:\/\/www.prppg.ufpr.br\/site\/portalcapacitacao\/?page_id=5361"},"modified":"2025-02-04T16:06:49","modified_gmt":"2025-02-04T19:06:49","slug":"editais-piq-2021","status":"publish","type":"page","link":"https:\/\/progepe.ufpr.br\/capacitacao\/editais-piq-2021\/","title":{"rendered":"Editais &#8211; PIQ &#8211; 2021"},"content":{"rendered":"<p align=\"justify\">Edital de sele\u00e7\u00e3o de servidores(as) da carreira T\u00e9cnico-Administrativo em Educa\u00e7\u00e3o do quadro permanente, ativo e em exerc\u00edcio na Universidade Federal do Paran\u00e1 (UFPR) interessados em participar do Programa de Incentivo a Qualifica\u00e7\u00e3o (<a href=\"https:\/\/progepe.ufpr.br\/capacitacao\/programa-de-incentivo-a-qualificacao-piq\/\">PIQ<\/a>) 2021. <span style=\"color: #800000\"><strong>FINALIZADO.<\/strong><\/span><\/p>\n<p><a href=\"https:\/\/progepe.ufpr.br\/capacitacao\/wp-content\/uploads\/sites\/4\/2021\/07\/edital-03-2021-progepe-cdp.pdf\">Edital 03-2021 PROGEPE-CDP<\/a><\/p>\n<p><a href=\"https:\/\/progepe.ufpr.br\/capacitacao\/wp-content\/uploads\/sites\/4\/2021\/07\/errata-01-do-edital-03-2021-progepe-cdp.pdf\">Errata 01 do Edital 03-2021 PROGEPE-CDP<\/a><\/p>\n<p><a href=\"https:\/\/progepe.ufpr.br\/capacitacao\/wp-content\/uploads\/sites\/4\/2021\/07\/edital-01-2021-comissao-de-selecao.pdf\">Edital 01-2021 Comiss\u00e3o de Sele\u00e7\u00e3o<\/a> &#8211; Inscri\u00e7\u00f5es homologadas e Resultado preliminar<\/p>\n<p><a href=\"https:\/\/progepe.ufpr.br\/capacitacao\/wp-content\/uploads\/sites\/4\/2021\/08\/edital-02-2021-comissao-de-selecao.pdf\">Edital 02-2021 Comiss\u00e3o de Sele\u00e7\u00e3o<\/a> &#8211; Resultado final<\/p>\n<hr \/>\n<p><strong>Atualizado em 30\/11\/2023.<\/strong><\/p>\n","protected":false},"excerpt":{"rendered":"<p>Edital de sele\u00e7\u00e3o de servidores(as) da carreira T\u00e9cnico-Administrativo em Educa\u00e7\u00e3o do quadro permanente, ativo e em exerc\u00edcio na Universidade Federal do Paran\u00e1 (UFPR) interessados em participar do Programa de Incentivo a Qualifica\u00e7\u00e3o (PIQ) 2021. FINALIZADO. Edital 03-2021 PROGEPE-CDP Errata 01 do Edital 03-2021 PROGEPE-CDP Edital 01-2021 Comiss\u00e3o de Sele\u00e7\u00e3o &#8211; Inscri\u00e7\u00f5es homologadas e Resultado preliminar&hellip; <a class=\"more-link\" href=\"https:\/\/progepe.ufpr.br\/capacitacao\/editais-piq-2021\/\">Continue lendo <span class=\"screen-reader-text\">Editais &#8211; PIQ &#8211; 2021<\/span><\/a><\/p>\n","protected":false},"author":41,"featured_media":0,"parent":0,"menu_order":0,"comment_status":"closed","ping_status":"closed","template":"","meta":{"_coblocks_attr":"","_coblocks_dimensions":"","_coblocks_responsive_height":"","_coblocks_accordion_ie_support":"","iawp_total_views":2,"footnotes":""},"class_list":["post-5361","page","type-page","status-publish","hentry","entry"],"publishpress_future_action":{"enabled":false,"date":"2026-09-10 12:26:33","action":"change-status","newStatus":"draft","terms":[],"taxonomy":"","extraData":[]},"publishpress_future_workflow_manual_trigger":{"enabledWorkflows":[]},"_links":{"self":[{"href":"https:\/\/progepe.ufpr.br\/capacitacao\/wp-json\/wp\/v2\/pages\/5361","targetHints":{"allow":["GET"]}}],"collection":[{"href":"https:\/\/progepe.ufpr.br\/capacitacao\/wp-json\/wp\/v2\/pages"}],"about":[{"href":"https:\/\/progepe.ufpr.br\/capacitacao\/wp-json\/wp\/v2\/types\/page"}],"author":[{"embeddable":true,"href":"https:\/\/progepe.ufpr.br\/capacitacao\/wp-json\/wp\/v2\/users\/41"}],"replies":[{"embeddable":true,"href":"https:\/\/progepe.ufpr.br\/capacitacao\/wp-json\/wp\/v2\/comments?post=5361"}],"version-history":[{"count":2,"href":"https:\/\/progepe.ufpr.br\/capacitacao\/wp-json\/wp\/v2\/pages\/5361\/revisions"}],"predecessor-version":[{"id":77214,"href":"https:\/\/progepe.ufpr.br\/capacitacao\/wp-json\/wp\/v2\/pages\/5361\/revisions\/77214"}],"wp:attachment":[{"href":"https:\/\/progepe.ufpr.br\/capacitacao\/wp-json\/wp\/v2\/media?parent=5361"}],"curies":[{"name":"wp","href":"https:\/\/api.w.org\/{rel}","templated":true}]}}

<p align="justify">Edital de seleção de servidores(as) da carreira Técnico-Administrativo em Educação do quadro permanente, ativo e em exercício na Universidade Federal do Paraná (UFPR) interessados em participar do Programa de Incentivo a Qualificação (<a href="https://progepe.ufpr.br/capacitacao/programa-de-incentivo-a-qualificacao-piq/">PIQ</a>) 2021. <span style="color: #800000"><strong>FINALIZADO.</strong></span></p>
<p><a href="https://progepe.ufpr.br/capacitacao/wp-content/uploads/sites/4/2021/07/edital-03-2021-progepe-cdp.pdf">Edital 03-2021 PROGEPE-CDP</a></p>
<p><a href="https://progepe.ufpr.br/capacitacao/wp-content/uploads/sites/4/2021/07/errata-01-do-edital-03-2021-progepe-cdp.pdf">Errata 01 do Edital 03-2021 PROGEPE-CDP</a></p>
<p><a href="https://progepe.ufpr.br/capacitacao/wp-content/uploads/sites/4/2021/07/edital-01-2021-comissao-de-selecao.pdf">Edital 01-2021 Comissão de Seleção</a> &#8211; Inscrições homologadas e Resultado preliminar</p>
<p><a href="https://progepe.ufpr.br/capacitacao/wp-content/uploads/sites/4/2021/08/edital-02-2021-comissao-de-selecao.pdf">Edital 02-2021 Comissão de Seleção</a> &#8211; Resultado final</p>
<hr />
<p><strong>Atualizado em 30/11/2023.</strong></p>

<p>Edital de seleção de servidores(as) da carreira Técnico-Administrativo em Educação do quadro permanente, ativo e em exercício na Universidade Federal do Paraná (UFPR) interessados em participar do Programa de Incentivo a Qualificação (PIQ) 2021. FINALIZADO. Edital 03-2021 PROGEPE-CDP Errata 01 do Edital 03-2021 PROGEPE-CDP Edital 01-2021 Comissão de Seleção &#8211; Inscrições homologadas e Resultado preliminar&hellip; <a class="more-link" href="https://progepe.ufpr.br/capacitacao/editais-piq-2021/">Continue lendo <span class="screen-reader-text">Editais &#8211; PIQ &#8211; 2021</span></a></p>
