{"id":5404,"date":"2023-11-28T13:19:38","date_gmt":"2023-11-28T16:19:38","guid":{"rendered":"https:\/\/www.prppg.ufpr.br\/site\/portalcapacitacao\/?page_id=5404"},"modified":"2025-02-04T16:02:38","modified_gmt":"2025-02-04T19:02:38","slug":"editais-tutores-2019","status":"publish","type":"page","link":"https:\/\/progepe.ufpr.br\/capacitacao\/editais-tutores-2019\/","title":{"rendered":"Editais &#8211; Tutores &#8211; 2019"},"content":{"rendered":"<p>Edital de sele\u00e7\u00e3o de servidores(as) das carreiras Docente e T\u00e9cnico-Administrativo em Educa\u00e7\u00e3o do quadro permanente, ativo e em exerc\u00edcio na Universidade Federal do Paran\u00e1 (UFPR) interessados em atuar como Tutores(as) em cursos a dist\u00e2ncia nas a\u00e7\u00f5es que comp\u00f5em o Programa de Educa\u00e7\u00e3o a Dist\u00e2ncia do Plano Institucional de Capacita\u00e7\u00e3o e Qualifica\u00e7\u00e3o dos Servidores da UFPR, em parceria com a Coordena\u00e7\u00e3o de Integra\u00e7\u00e3o de Pol\u00edticas de Educa\u00e7\u00e3o a Dist\u00e2ncia (CIPEAD). <strong><span style=\"color: #800000\">FINALIZADO<\/span>.\u00a0<\/strong><\/p>\n<p><a href=\"https:\/\/progepe.ufpr.br\/capacitacao\/wp-content\/uploads\/2023\/11\/edital-06-2019-progepe-cdp-ucaq.pdf\">Edital 06-2019 PROGEPE-CDP-UCAQ<\/a><\/p>\n<p><a href=\"https:\/\/progepe.ufpr.br\/capacitacao\/wp-content\/uploads\/2023\/11\/edital-07-2019-progepe-cdp-ucaq.pdf\">Edital 07-2019 PROGEPE-CDP-UCAQ<\/a> &#8211; Resultado da 1\u00aa etapa<\/p>\n<p><a href=\"https:\/\/progepe.ufpr.br\/capacitacao\/wp-content\/uploads\/2023\/11\/edital-08-2019-progepe-cdp-ucaq.pdf\">Edital 08-2019 PROGEPE-CDP-UCAQ<\/a> &#8211; Resultado da an\u00e1lise dos recursos e Resultado final<\/p>\n<hr \/>\n<p><strong>Atualizado em 30\/11\/2023.<\/strong><\/p>\n","protected":false},"excerpt":{"rendered":"<p>Edital de sele\u00e7\u00e3o de servidores(as) das carreiras Docente e T\u00e9cnico-Administrativo em Educa\u00e7\u00e3o do quadro permanente, ativo e em exerc\u00edcio na Universidade Federal do Paran\u00e1 (UFPR) interessados em atuar como Tutores(as) em cursos a dist\u00e2ncia nas a\u00e7\u00f5es que comp\u00f5em o Programa de Educa\u00e7\u00e3o a Dist\u00e2ncia do Plano Institucional de Capacita\u00e7\u00e3o e Qualifica\u00e7\u00e3o dos Servidores da UFPR, [&hellip;]<\/p>\n","protected":false},"author":41,"featured_media":0,"parent":0,"menu_order":0,"comment_status":"closed","ping_status":"closed","template":"","meta":{"_coblocks_attr":"","_coblocks_dimensions":"","_coblocks_responsive_height":"","_coblocks_accordion_ie_support":"","_uag_custom_page_level_css":"","iawp_total_views":0,"footnotes":""},"class_list":["post-5404","page","type-page","status-publish","hentry"],"uagb_featured_image_src":{"full":false,"thumbnail":false,"medium":false,"medium_large":false,"large":false,"1536x1536":false,"2048x2048":false},"uagb_author_info":{"display_name":"progepe-admin","author_link":"https:\/\/progepe.ufpr.br\/capacitacao\/author\/progepe-admin\/"},"uagb_comment_info":0,"uagb_excerpt":"Edital de sele\u00e7\u00e3o de servidores(as) das carreiras Docente e T\u00e9cnico-Administrativo em Educa\u00e7\u00e3o do quadro permanente, ativo e em exerc\u00edcio na Universidade Federal do Paran\u00e1 (UFPR) interessados em atuar como Tutores(as) em cursos a dist\u00e2ncia nas a\u00e7\u00f5es que comp\u00f5em o Programa de Educa\u00e7\u00e3o a Dist\u00e2ncia do Plano Institucional de Capacita\u00e7\u00e3o e Qualifica\u00e7\u00e3o dos Servidores da UFPR,&hellip;","publishpress_future_workflow_manual_trigger":{"enabledWorkflows":[]},"_links":{"self":[{"href":"https:\/\/progepe.ufpr.br\/capacitacao\/wp-json\/wp\/v2\/pages\/5404","targetHints":{"allow":["GET"]}}],"collection":[{"href":"https:\/\/progepe.ufpr.br\/capacitacao\/wp-json\/wp\/v2\/pages"}],"about":[{"href":"https:\/\/progepe.ufpr.br\/capacitacao\/wp-json\/wp\/v2\/types\/page"}],"author":[{"embeddable":true,"href":"https:\/\/progepe.ufpr.br\/capacitacao\/wp-json\/wp\/v2\/users\/41"}],"replies":[{"embeddable":true,"href":"https:\/\/progepe.ufpr.br\/capacitacao\/wp-json\/wp\/v2\/comments?post=5404"}],"version-history":[{"count":2,"href":"https:\/\/progepe.ufpr.br\/capacitacao\/wp-json\/wp\/v2\/pages\/5404\/revisions"}],"predecessor-version":[{"id":77202,"href":"https:\/\/progepe.ufpr.br\/capacitacao\/wp-json\/wp\/v2\/pages\/5404\/revisions\/77202"}],"wp:attachment":[{"href":"https:\/\/progepe.ufpr.br\/capacitacao\/wp-json\/wp\/v2\/media?parent=5404"}],"curies":[{"name":"wp","href":"https:\/\/api.w.org\/{rel}","templated":true}]}}

<p>Edital de seleção de servidores(as) das carreiras Docente e Técnico-Administrativo em Educação do quadro permanente, ativo e em exercício na Universidade Federal do Paraná (UFPR) interessados em atuar como Tutores(as) em cursos a distância nas ações que compõem o Programa de Educação a Distância do Plano Institucional de Capacitação e Qualificação dos Servidores da UFPR, em parceria com a Coordenação de Integração de Políticas de Educação a Distância (CIPEAD). <strong><span style="color: #800000">FINALIZADO</span>. </strong></p>
<p><a href="https://progepe.ufpr.br/capacitacao/wp-content/uploads/2023/11/edital-06-2019-progepe-cdp-ucaq.pdf">Edital 06-2019 PROGEPE-CDP-UCAQ</a></p>
<p><a href="https://progepe.ufpr.br/capacitacao/wp-content/uploads/2023/11/edital-07-2019-progepe-cdp-ucaq.pdf">Edital 07-2019 PROGEPE-CDP-UCAQ</a> &#8211; Resultado da 1ª etapa</p>
<p><a href="https://progepe.ufpr.br/capacitacao/wp-content/uploads/2023/11/edital-08-2019-progepe-cdp-ucaq.pdf">Edital 08-2019 PROGEPE-CDP-UCAQ</a> &#8211; Resultado da análise dos recursos e Resultado final</p>
<hr />
<p><strong>Atualizado em 30/11/2023.</strong></p>

<p>Edital de seleção de servidores(as) das carreiras Docente e Técnico-Administrativo em Educação do quadro permanente, ativo e em exercício na Universidade Federal do Paraná (UFPR) interessados em atuar como Tutores(as) em cursos a distância nas ações que compõem o Programa de Educação a Distância do Plano Institucional de Capacitação e Qualificação dos Servidores da UFPR, [&hellip;]</p>

Edital de seleção de servidores(as) das carreiras Docente e Técnico-Administrativo em Educação do quadro permanente, ativo e em exercício na Universidade Federal do Paraná (UFPR) interessados em atuar como Tutores(as) em cursos a distância nas ações que compõem o Programa de Educação a Distância do Plano Institucional de Capacitação e Qualificação dos Servidores da UFPR,&hellip;
