{"id":5406,"date":"2023-11-28T13:20:01","date_gmt":"2023-11-28T16:20:01","guid":{"rendered":"https:\/\/www.prppg.ufpr.br\/site\/portalcapacitacao\/?page_id=5406"},"modified":"2025-02-04T16:02:33","modified_gmt":"2025-02-04T19:02:33","slug":"editais-tutores-2018","status":"publish","type":"page","link":"https:\/\/progepe.ufpr.br\/capacitacao\/editais-tutores-2018\/","title":{"rendered":"Editais &#8211; Tutores &#8211; 2018"},"content":{"rendered":"<p>Edital de sele\u00e7\u00e3o de servidores(as) das carreiras Docente e T\u00e9cnico-Administrativo em Educa\u00e7\u00e3o do quadro permanente, ativo e em exerc\u00edcio na Universidade Federal do Paran\u00e1 (UFPR) interessados em atuar como Tutores(as) em cursos a dist\u00e2ncia nas a\u00e7\u00f5es que comp\u00f5em o Programa de Educa\u00e7\u00e3o a Dist\u00e2ncia do Plano Institucional de Capacita\u00e7\u00e3o e Qualifica\u00e7\u00e3o dos Servidores da UFPR, em parceria com a Coordena\u00e7\u00e3o de Integra\u00e7\u00e3o de Pol\u00edticas de Educa\u00e7\u00e3o a Dist\u00e2ncia (CIPEAD). <strong><span style=\"color: #800000\">FINALIZADO.\u00a0<\/span><\/strong><\/p>\n<p><a href=\"https:\/\/progepe.ufpr.br\/capacitacao\/wp-content\/uploads\/2023\/11\/edital-03-2018-progepe-cdp-ucap.pdf\">Edital 03-2018 PROGEPE-CDP-UCAP<\/a><\/p>\n<p><a href=\"https:\/\/progepe.ufpr.br\/capacitacao\/wp-content\/uploads\/2023\/11\/informacao-03-2018-comissao-de-selecao.pdf\">Informa\u00e7\u00e3o 03-2018 Comiss\u00e3o de Sele\u00e7\u00e3o<\/a> &#8211; Classifica\u00e7\u00e3o provis\u00f3ria dos candidatos inscritos<\/p>\n<p><a href=\"https:\/\/progepe.ufpr.br\/capacitacao\/wp-content\/uploads\/2023\/11\/informacao-04-2018-comissao-de-selecao.pdf\">Informa\u00e7\u00e3o 04-2018 Comiss\u00e3o de Sele\u00e7\u00e3o<\/a> &#8211;\u00a0Resultado dos recursos<\/p>\n<p><a href=\"https:\/\/progepe.ufpr.br\/capacitacao\/wp-content\/uploads\/2023\/11\/informacao-05-2018-comissao-de-selecao.pdf\">Informa\u00e7\u00e3o 05-2018 Comiss\u00e3o de Sele\u00e7\u00e3o<\/a> &#8211; Altera\u00e7\u00e3o de cronograma do Edital 03-2018 PROGEPE-CDP-UCAP<\/p>\n<p><a href=\"https:\/\/progepe.ufpr.br\/capacitacao\/wp-content\/uploads\/2023\/11\/informacao-06-2018-comissao-de-selecao.pdf\">Informa\u00e7\u00e3o 06-2018 Comiss\u00e3o de Sele\u00e7\u00e3o<\/a> &#8211; Classifica\u00e7\u00e3o provis\u00f3ria da 2\u00aa etapa<\/p>\n<p><a href=\"https:\/\/progepe.ufpr.br\/capacitacao\/wp-content\/uploads\/2023\/11\/informacao-07-2018-comissao-de-selecao.pdf\">Informa\u00e7\u00e3o 07-2018 Comiss\u00e3o de Sele\u00e7\u00e3o<\/a> &#8211; Classifica\u00e7\u00e3o dos candidatos ap\u00f3s a 2\u00aa etapa<\/p>\n<p><a href=\"https:\/\/progepe.ufpr.br\/capacitacao\/wp-content\/uploads\/2023\/11\/informacao-08-2018-comissao-de-selecao.pdf\">Informa\u00e7\u00e3o 08-2018 Comiss\u00e3o de Sele\u00e7\u00e3o<\/a> &#8211; Resultado da an\u00e1lise dos recursos, Resultado final e convoca\u00e7\u00e3o para oficinas de capacita\u00e7\u00e3o<\/p>\n<p><a href=\"https:\/\/progepe.ufpr.br\/capacitacao\/wp-content\/uploads\/2023\/11\/informacao-25-2018-comissao-de-selecao.pdf\">Informa\u00e7\u00e3o 25-2018 Comiss\u00e3o de Sele\u00e7\u00e3o<\/a> &#8211; Convoca\u00e7\u00e3o para as oficinas de capacita\u00e7\u00e3o<\/p>\n<p><a href=\"https:\/\/progepe.ufpr.br\/capacitacao\/wp-content\/uploads\/2023\/11\/informacao-26-2018-comissao-de-selecao.pdf\">Informa\u00e7\u00e3o 26-2018 Comiss\u00e3o de Sele\u00e7\u00e3o<\/a> &#8211; Convoca\u00e7\u00e3o para as oficinas de capacita\u00e7\u00e3o<\/p>\n<p><a href=\"https:\/\/progepe.ufpr.br\/capacitacao\/wp-content\/uploads\/2023\/11\/informacao-27-2018-comissao-de-selecao.pdf\">Informa\u00e7\u00e3o 27-2018 Comiss\u00e3o de Sele\u00e7\u00e3o<\/a> &#8211; Convoca\u00e7\u00e3o para as oficinas de capacita\u00e7\u00e3o<\/p>\n<hr \/>\n<p>&nbsp;<\/p>\n<p>&nbsp;<\/p>\n<p><strong>Atualizado em 30\/11\/2023.<\/strong><\/p>\n","protected":false},"excerpt":{"rendered":"<p>Edital de sele\u00e7\u00e3o de servidores(as) das carreiras Docente e T\u00e9cnico-Administrativo em Educa\u00e7\u00e3o do quadro permanente, ativo e em exerc\u00edcio na Universidade Federal do Paran\u00e1 (UFPR) interessados em atuar como Tutores(as) em cursos a dist\u00e2ncia nas a\u00e7\u00f5es que comp\u00f5em o Programa de Educa\u00e7\u00e3o a Dist\u00e2ncia do Plano Institucional de Capacita\u00e7\u00e3o e Qualifica\u00e7\u00e3o dos Servidores da UFPR, [&hellip;]<\/p>\n","protected":false},"author":41,"featured_media":0,"parent":0,"menu_order":0,"comment_status":"closed","ping_status":"closed","template":"","meta":{"_coblocks_attr":"","_coblocks_dimensions":"","_coblocks_responsive_height":"","_coblocks_accordion_ie_support":"","_uag_custom_page_level_css":"","iawp_total_views":1,"footnotes":""},"class_list":["post-5406","page","type-page","status-publish","hentry"],"uagb_featured_image_src":{"full":false,"thumbnail":false,"medium":false,"medium_large":false,"large":false,"1536x1536":false,"2048x2048":false},"uagb_author_info":{"display_name":"progepe-admin","author_link":"https:\/\/progepe.ufpr.br\/capacitacao\/author\/progepe-admin\/"},"uagb_comment_info":0,"uagb_excerpt":"Edital de sele\u00e7\u00e3o de servidores(as) das carreiras Docente e T\u00e9cnico-Administrativo em Educa\u00e7\u00e3o do quadro permanente, ativo e em exerc\u00edcio na Universidade Federal do Paran\u00e1 (UFPR) interessados em atuar como Tutores(as) em cursos a dist\u00e2ncia nas a\u00e7\u00f5es que comp\u00f5em o Programa de Educa\u00e7\u00e3o a Dist\u00e2ncia do Plano Institucional de Capacita\u00e7\u00e3o e Qualifica\u00e7\u00e3o dos Servidores da UFPR,&hellip;","publishpress_future_workflow_manual_trigger":{"enabledWorkflows":[]},"_links":{"self":[{"href":"https:\/\/progepe.ufpr.br\/capacitacao\/wp-json\/wp\/v2\/pages\/5406","targetHints":{"allow":["GET"]}}],"collection":[{"href":"https:\/\/progepe.ufpr.br\/capacitacao\/wp-json\/wp\/v2\/pages"}],"about":[{"href":"https:\/\/progepe.ufpr.br\/capacitacao\/wp-json\/wp\/v2\/types\/page"}],"author":[{"embeddable":true,"href":"https:\/\/progepe.ufpr.br\/capacitacao\/wp-json\/wp\/v2\/users\/41"}],"replies":[{"embeddable":true,"href":"https:\/\/progepe.ufpr.br\/capacitacao\/wp-json\/wp\/v2\/comments?post=5406"}],"version-history":[{"count":2,"href":"https:\/\/progepe.ufpr.br\/capacitacao\/wp-json\/wp\/v2\/pages\/5406\/revisions"}],"predecessor-version":[{"id":77201,"href":"https:\/\/progepe.ufpr.br\/capacitacao\/wp-json\/wp\/v2\/pages\/5406\/revisions\/77201"}],"wp:attachment":[{"href":"https:\/\/progepe.ufpr.br\/capacitacao\/wp-json\/wp\/v2\/media?parent=5406"}],"curies":[{"name":"wp","href":"https:\/\/api.w.org\/{rel}","templated":true}]}}

<p>Edital de seleção de servidores(as) das carreiras Docente e Técnico-Administrativo em Educação do quadro permanente, ativo e em exercício na Universidade Federal do Paraná (UFPR) interessados em atuar como Tutores(as) em cursos a distância nas ações que compõem o Programa de Educação a Distância do Plano Institucional de Capacitação e Qualificação dos Servidores da UFPR, em parceria com a Coordenação de Integração de Políticas de Educação a Distância (CIPEAD). <strong><span style="color: #800000">FINALIZADO. </span></strong></p>
<p><a href="https://progepe.ufpr.br/capacitacao/wp-content/uploads/2023/11/edital-03-2018-progepe-cdp-ucap.pdf">Edital 03-2018 PROGEPE-CDP-UCAP</a></p>
<p><a href="https://progepe.ufpr.br/capacitacao/wp-content/uploads/2023/11/informacao-03-2018-comissao-de-selecao.pdf">Informação 03-2018 Comissão de Seleção</a> &#8211; Classificação provisória dos candidatos inscritos</p>
<p><a href="https://progepe.ufpr.br/capacitacao/wp-content/uploads/2023/11/informacao-04-2018-comissao-de-selecao.pdf">Informação 04-2018 Comissão de Seleção</a> &#8211; Resultado dos recursos</p>
<p><a href="https://progepe.ufpr.br/capacitacao/wp-content/uploads/2023/11/informacao-05-2018-comissao-de-selecao.pdf">Informação 05-2018 Comissão de Seleção</a> &#8211; Alteração de cronograma do Edital 03-2018 PROGEPE-CDP-UCAP</p>
<p><a href="https://progepe.ufpr.br/capacitacao/wp-content/uploads/2023/11/informacao-06-2018-comissao-de-selecao.pdf">Informação 06-2018 Comissão de Seleção</a> &#8211; Classificação provisória da 2ª etapa</p>
<p><a href="https://progepe.ufpr.br/capacitacao/wp-content/uploads/2023/11/informacao-07-2018-comissao-de-selecao.pdf">Informação 07-2018 Comissão de Seleção</a> &#8211; Classificação dos candidatos após a 2ª etapa</p>
<p><a href="https://progepe.ufpr.br/capacitacao/wp-content/uploads/2023/11/informacao-08-2018-comissao-de-selecao.pdf">Informação 08-2018 Comissão de Seleção</a> &#8211; Resultado da análise dos recursos, Resultado final e convocação para oficinas de capacitação</p>
<p><a href="https://progepe.ufpr.br/capacitacao/wp-content/uploads/2023/11/informacao-25-2018-comissao-de-selecao.pdf">Informação 25-2018 Comissão de Seleção</a> &#8211; Convocação para as oficinas de capacitação</p>
<p><a href="https://progepe.ufpr.br/capacitacao/wp-content/uploads/2023/11/informacao-26-2018-comissao-de-selecao.pdf">Informação 26-2018 Comissão de Seleção</a> &#8211; Convocação para as oficinas de capacitação</p>
<p><a href="https://progepe.ufpr.br/capacitacao/wp-content/uploads/2023/11/informacao-27-2018-comissao-de-selecao.pdf">Informação 27-2018 Comissão de Seleção</a> &#8211; Convocação para as oficinas de capacitação</p>
<hr />
<p>&nbsp;</p>
<p>&nbsp;</p>
<p><strong>Atualizado em 30/11/2023.</strong></p>

<p>Edital de seleção de servidores(as) das carreiras Docente e Técnico-Administrativo em Educação do quadro permanente, ativo e em exercício na Universidade Federal do Paraná (UFPR) interessados em atuar como Tutores(as) em cursos a distância nas ações que compõem o Programa de Educação a Distância do Plano Institucional de Capacitação e Qualificação dos Servidores da UFPR, [&hellip;]</p>

Edital de seleção de servidores(as) das carreiras Docente e Técnico-Administrativo em Educação do quadro permanente, ativo e em exercício na Universidade Federal do Paraná (UFPR) interessados em atuar como Tutores(as) em cursos a distância nas ações que compõem o Programa de Educação a Distância do Plano Institucional de Capacitação e Qualificação dos Servidores da UFPR,&hellip;
