{"id":5625,"date":"2023-11-30T14:12:49","date_gmt":"2023-11-30T17:12:49","guid":{"rendered":"https:\/\/www.prppg.ufpr.br\/site\/portalcapacitacao\/?page_id=5625"},"modified":"2025-02-04T15:53:11","modified_gmt":"2025-02-04T18:53:11","slug":"editais-interprete-libras-2018","status":"publish","type":"page","link":"https:\/\/progepe.ufpr.br\/capacitacao\/editais-interprete-libras-2018\/","title":{"rendered":"Editais &#8211; Int\u00e9rprete de Libras &#8211; 2018"},"content":{"rendered":"<p>Edital de sele\u00e7\u00e3o de servidores(as) das carreiras Docente e T\u00e9cnico-Administrativo em Educa\u00e7\u00e3o do quadro permanente, ativo e em exerc\u00edcio na Universidade Federal do Paran\u00e1 (UFPR) interessados em atuar como Int\u00e9rprete de Libras em cursos a dist\u00e2ncia nas a\u00e7\u00f5es que comp\u00f5em o Programa de Educa\u00e7\u00e3o a Dist\u00e2ncia do Plano Institucional de Capacita\u00e7\u00e3o e Qualifica\u00e7\u00e3o dos Servidores da UFPR, em parceria com a Coordena\u00e7\u00e3o de Integra\u00e7\u00e3o de Pol\u00edticas de Educa\u00e7\u00e3o a Dist\u00e2ncia (CIPEAD). <strong><span style=\"color: #800000\">FINALIZADO.<\/span>\u00a0<\/strong><\/p>\n<p><a href=\"https:\/\/progepe.ufpr.br\/capacitacao\/wp-content\/uploads\/2023\/11\/edital-07-2018-progepe-cdp-ucap.pdf\">Edital 07-2018 PROGEPE-CDP-UCAP<\/a><\/p>\n<p><a href=\"https:\/\/progepe.ufpr.br\/capacitacao\/wp-content\/uploads\/2023\/11\/informacao-18-2018-comissao-de-selecao.pdf\">Informa\u00e7\u00e3o 18-2018 Comiss\u00e3o de Sele\u00e7\u00e3o<\/a>\u00a0\u2013 Homologa\u00e7\u00e3o das inscri\u00e7\u00f5es dos candidatos<\/p>\n<p><a href=\"https:\/\/progepe.ufpr.br\/capacitacao\/wp-content\/uploads\/2023\/11\/informacao-19-2018-comissao-de-selecao.pdf\">Informa\u00e7\u00e3o 19-2018 Comiss\u00e3o de Sele\u00e7\u00e3o<\/a>\u00a0\u2013\u00a0Convoca\u00e7\u00e3o dos candidatos para entrevistas<\/p>\n<p><a href=\"https:\/\/progepe.ufpr.br\/capacitacao\/wp-content\/uploads\/2023\/11\/informacao-21-2018-comissao-de-selecao.pdf\">Informa\u00e7\u00e3o 21-2018 Comiss\u00e3o de Sele\u00e7\u00e3o<\/a>\u00a0\u2013\u00a0Retifica\u00e7\u00e3o da convoca\u00e7\u00e3o dos candidatos para entrevistas<\/p>\n<p><a href=\"https:\/\/progepe.ufpr.br\/capacitacao\/wp-content\/uploads\/2023\/11\/informacao-22-2018-comissao-de-selecao.pdf\">Informa\u00e7\u00e3o 22-2018 Comiss\u00e3o de Sele\u00e7\u00e3o<\/a>\u00a0\u2013 Classifica\u00e7\u00e3o provis\u00f3ria dos candidatos inscritos<\/p>\n<p><a href=\"https:\/\/progepe.ufpr.br\/capacitacao\/wp-content\/uploads\/2023\/11\/informacao-24-2018-comissao-de-selecao.pdf\">Informa\u00e7\u00e3o 24-2018 Comiss\u00e3o de Sele\u00e7\u00e3o<\/a>\u00a0\u2013 Resultado final<\/p>\n<hr \/>\n<p><strong>Atualizado em 30\/11\/2023.<\/strong><\/p>\n","protected":false},"excerpt":{"rendered":"<p>Edital de sele\u00e7\u00e3o de servidores(as) das carreiras Docente e T\u00e9cnico-Administrativo em Educa\u00e7\u00e3o do quadro permanente, ativo e em exerc\u00edcio na Universidade Federal do Paran\u00e1 (UFPR) interessados em atuar como Int\u00e9rprete de Libras em cursos a dist\u00e2ncia nas a\u00e7\u00f5es que comp\u00f5em o Programa de Educa\u00e7\u00e3o a Dist\u00e2ncia do Plano Institucional de Capacita\u00e7\u00e3o e Qualifica\u00e7\u00e3o dos Servidores [&hellip;]<\/p>\n","protected":false},"author":41,"featured_media":0,"parent":0,"menu_order":0,"comment_status":"closed","ping_status":"closed","template":"","meta":{"_coblocks_attr":"","_coblocks_dimensions":"","_coblocks_responsive_height":"","_coblocks_accordion_ie_support":"","_uag_custom_page_level_css":"","iawp_total_views":5,"footnotes":""},"class_list":["post-5625","page","type-page","status-publish","hentry"],"uagb_featured_image_src":{"full":false,"thumbnail":false,"medium":false,"medium_large":false,"large":false,"1536x1536":false,"2048x2048":false},"uagb_author_info":{"display_name":"progepe-admin","author_link":"https:\/\/progepe.ufpr.br\/capacitacao\/author\/progepe-admin\/"},"uagb_comment_info":0,"uagb_excerpt":"Edital de sele\u00e7\u00e3o de servidores(as) das carreiras Docente e T\u00e9cnico-Administrativo em Educa\u00e7\u00e3o do quadro permanente, ativo e em exerc\u00edcio na Universidade Federal do Paran\u00e1 (UFPR) interessados em atuar como Int\u00e9rprete de Libras em cursos a dist\u00e2ncia nas a\u00e7\u00f5es que comp\u00f5em o Programa de Educa\u00e7\u00e3o a Dist\u00e2ncia do Plano Institucional de Capacita\u00e7\u00e3o e Qualifica\u00e7\u00e3o dos Servidores&hellip;","publishpress_future_workflow_manual_trigger":{"enabledWorkflows":[]},"_links":{"self":[{"href":"https:\/\/progepe.ufpr.br\/capacitacao\/wp-json\/wp\/v2\/pages\/5625","targetHints":{"allow":["GET"]}}],"collection":[{"href":"https:\/\/progepe.ufpr.br\/capacitacao\/wp-json\/wp\/v2\/pages"}],"about":[{"href":"https:\/\/progepe.ufpr.br\/capacitacao\/wp-json\/wp\/v2\/types\/page"}],"author":[{"embeddable":true,"href":"https:\/\/progepe.ufpr.br\/capacitacao\/wp-json\/wp\/v2\/users\/41"}],"replies":[{"embeddable":true,"href":"https:\/\/progepe.ufpr.br\/capacitacao\/wp-json\/wp\/v2\/comments?post=5625"}],"version-history":[{"count":1,"href":"https:\/\/progepe.ufpr.br\/capacitacao\/wp-json\/wp\/v2\/pages\/5625\/revisions"}],"predecessor-version":[{"id":77181,"href":"https:\/\/progepe.ufpr.br\/capacitacao\/wp-json\/wp\/v2\/pages\/5625\/revisions\/77181"}],"wp:attachment":[{"href":"https:\/\/progepe.ufpr.br\/capacitacao\/wp-json\/wp\/v2\/media?parent=5625"}],"curies":[{"name":"wp","href":"https:\/\/api.w.org\/{rel}","templated":true}]}}

Editais &#8211; Intérprete de Libras &#8211; 2018

<p>Edital de seleção de servidores(as) das carreiras Docente e Técnico-Administrativo em Educação do quadro permanente, ativo e em exercício na Universidade Federal do Paraná (UFPR) interessados em atuar como Intérprete de Libras em cursos a distância nas ações que compõem o Programa de Educação a Distância do Plano Institucional de Capacitação e Qualificação dos Servidores da UFPR, em parceria com a Coordenação de Integração de Políticas de Educação a Distância (CIPEAD). <strong><span style="color: #800000">FINALIZADO.</span> </strong></p>
<p><a href="https://progepe.ufpr.br/capacitacao/wp-content/uploads/2023/11/edital-07-2018-progepe-cdp-ucap.pdf">Edital 07-2018 PROGEPE-CDP-UCAP</a></p>
<p><a href="https://progepe.ufpr.br/capacitacao/wp-content/uploads/2023/11/informacao-18-2018-comissao-de-selecao.pdf">Informação 18-2018 Comissão de Seleção</a> – Homologação das inscrições dos candidatos</p>
<p><a href="https://progepe.ufpr.br/capacitacao/wp-content/uploads/2023/11/informacao-19-2018-comissao-de-selecao.pdf">Informação 19-2018 Comissão de Seleção</a> – Convocação dos candidatos para entrevistas</p>
<p><a href="https://progepe.ufpr.br/capacitacao/wp-content/uploads/2023/11/informacao-21-2018-comissao-de-selecao.pdf">Informação 21-2018 Comissão de Seleção</a> – Retificação da convocação dos candidatos para entrevistas</p>
<p><a href="https://progepe.ufpr.br/capacitacao/wp-content/uploads/2023/11/informacao-22-2018-comissao-de-selecao.pdf">Informação 22-2018 Comissão de Seleção</a> – Classificação provisória dos candidatos inscritos</p>
<p><a href="https://progepe.ufpr.br/capacitacao/wp-content/uploads/2023/11/informacao-24-2018-comissao-de-selecao.pdf">Informação 24-2018 Comissão de Seleção</a> – Resultado final</p>
<hr />
<p><strong>Atualizado em 30/11/2023.</strong></p>

<p>Edital de seleção de servidores(as) das carreiras Docente e Técnico-Administrativo em Educação do quadro permanente, ativo e em exercício na Universidade Federal do Paraná (UFPR) interessados em atuar como Intérprete de Libras em cursos a distância nas ações que compõem o Programa de Educação a Distância do Plano Institucional de Capacitação e Qualificação dos Servidores [&hellip;]</p>

Edital de seleção de servidores(as) das carreiras Docente e Técnico-Administrativo em Educação do quadro permanente, ativo e em exercício na Universidade Federal do Paraná (UFPR) interessados em atuar como Intérprete de Libras em cursos a distância nas ações que compõem o Programa de Educação a Distância do Plano Institucional de Capacitação e Qualificação dos Servidores&hellip;
