{"id":5676,"date":"2023-12-01T16:03:14","date_gmt":"2023-12-01T19:03:14","guid":{"rendered":"https:\/\/www.prppg.ufpr.br\/site\/portalcapacitacao\/?page_id=5676"},"modified":"2025-02-05T14:47:35","modified_gmt":"2025-02-05T17:47:35","slug":"pdp-2024-plano-consolidado","status":"publish","type":"page","link":"https:\/\/progepe.ufpr.br\/capacitacao\/pdp-2024-plano-consolidado\/","title":{"rendered":"Plano Consolidado PDP 2024"},"content":{"rendered":"\n<h6 class=\"wp-block-heading\"><strong>Plano de Desenvolvimento de Pessoas (PDP) &#8211; 2024<\/strong><\/h6>\n\n\n\n<ol class=\"wp-block-list\">\n<li><a href=\"https:\/\/progepe.ufpr.br\/capacitacao\/wp-content\/uploads\/2023\/12\/manifestacao-tecnica_pdp-2024.pdf\">Manifesta\u00e7\u00e3o T\u00e9cnica_PDP 2024<\/a><\/li>\n\n\n\n<li><a href=\"https:\/\/progepe.ufpr.br\/capacitacao\/wp-content\/uploads\/2024\/01\/retorno-sipec-pdp-2024.xlt\">A\u00e7\u00f5es Cadastradas &#8211; Retorno SIPEC PDP 2024<\/a><\/li>\n<\/ol>\n","protected":false},"excerpt":{"rendered":"<p>Plano de Desenvolvimento de Pessoas (PDP) &#8211; 2024<\/p>\n","protected":false},"author":41,"featured_media":0,"parent":0,"menu_order":0,"comment_status":"closed","ping_status":"closed","template":"","meta":{"_coblocks_attr":"","_coblocks_dimensions":"","_coblocks_responsive_height":"","_coblocks_accordion_ie_support":"","_uag_custom_page_level_css":"","iawp_total_views":21,"footnotes":""},"class_list":["post-5676","page","type-page","status-publish","hentry"],"uagb_featured_image_src":{"full":false,"thumbnail":false,"medium":false,"medium_large":false,"large":false,"1536x1536":false,"2048x2048":false},"uagb_author_info":{"display_name":"progepe-admin","author_link":"https:\/\/progepe.ufpr.br\/capacitacao\/author\/progepe-admin\/"},"uagb_comment_info":0,"uagb_excerpt":"Plano de Desenvolvimento de Pessoas (PDP) &#8211; 2024","publishpress_future_workflow_manual_trigger":{"enabledWorkflows":[]},"_links":{"self":[{"href":"https:\/\/progepe.ufpr.br\/capacitacao\/wp-json\/wp\/v2\/pages\/5676","targetHints":{"allow":["GET"]}}],"collection":[{"href":"https:\/\/progepe.ufpr.br\/capacitacao\/wp-json\/wp\/v2\/pages"}],"about":[{"href":"https:\/\/progepe.ufpr.br\/capacitacao\/wp-json\/wp\/v2\/types\/page"}],"author":[{"embeddable":true,"href":"https:\/\/progepe.ufpr.br\/capacitacao\/wp-json\/wp\/v2\/users\/41"}],"replies":[{"embeddable":true,"href":"https:\/\/progepe.ufpr.br\/capacitacao\/wp-json\/wp\/v2\/comments?post=5676"}],"version-history":[{"count":4,"href":"https:\/\/progepe.ufpr.br\/capacitacao\/wp-json\/wp\/v2\/pages\/5676\/revisions"}],"predecessor-version":[{"id":77483,"href":"https:\/\/progepe.ufpr.br\/capacitacao\/wp-json\/wp\/v2\/pages\/5676\/revisions\/77483"}],"wp:attachment":[{"href":"https:\/\/progepe.ufpr.br\/capacitacao\/wp-json\/wp\/v2\/media?parent=5676"}],"curies":[{"name":"wp","href":"https:\/\/api.w.org\/{rel}","templated":true}]}}

<h6 class="wp-block-heading"><strong>Plano de Desenvolvimento de Pessoas (PDP) &#8211; 2024</strong></h6>



<ol class="wp-block-list">
<li><a href="https://progepe.ufpr.br/capacitacao/wp-content/uploads/2023/12/manifestacao-tecnica_pdp-2024.pdf">Manifestação Técnica_PDP 2024</a></li>



<li><a href="https://progepe.ufpr.br/capacitacao/wp-content/uploads/2024/01/retorno-sipec-pdp-2024.xlt">Ações Cadastradas &#8211; Retorno SIPEC PDP 2024</a></li>
</ol>
