{"id":6053,"date":"2024-01-30T09:14:22","date_gmt":"2024-01-30T12:14:22","guid":{"rendered":"https:\/\/www.prppg.ufpr.br\/site\/portalcapacitacao\/?page_id=6053"},"modified":"2024-01-30T09:14:22","modified_gmt":"2024-01-30T12:14:22","slug":"programa-de-linguas-estrangeiras-modernas","status":"publish","type":"page","link":"https:\/\/progepe.ufpr.br\/capacitacao\/programa-de-linguas-estrangeiras-modernas\/","title":{"rendered":"Programa de L\u00ednguas Estrangeiras Modernas"},"content":{"rendered":"<p>Inscri\u00e7\u00f5es para realiza\u00e7\u00e3o de teste de n\u00edvel para ocupa\u00e7\u00e3o de vagas remanescentes do Programa de L\u00ednguas Estrangeiras Modernas.<\/p>\n<p><a href=\"https:\/\/progepe.ufpr.br\/capacitacao\/wp-content\/uploads\/2024\/01\/edital-02-2024-progepe-cdp-ucaq-1.pdf\">EDITAL 02-2024 PROGEPE-CDP-UCAQ<\/a><\/p>\n<p><a href=\"https:\/\/progepe.ufpr.br\/capacitacao\/wp-content\/uploads\/2024\/02\/edital-04-2024-progepe-cdp-ucaq.pdf\">EDITAL 04-2024 PROGEPE-CDP-UCAQ<\/a> &#8211; Retifica\u00e7\u00e3o<\/p>\n<p><a href=\"https:\/\/progepe.ufpr.br\/capacitacao\/wp-content\/uploads\/2024\/03\/edital-18-2024-progepe-cdp-ucaq.pdf\">EDITAL 18-2024 PROGEPE-CDP-UCAQ<\/a><\/p>\n<p>&nbsp;<\/p>\n<p>Inscri\u00e7\u00f5es para participa\u00e7\u00e3o no Programa de L\u00ednguas Estrangeiras Modernas &#8211; 2022.<\/p>\n<p><a href=\"https:\/\/progepe.ufpr.br\/capacitacao\/wp-content\/uploads\/2024\/01\/edital-27-2022-progepe-cdp.pdf\">EDITAL 27-2022 PROGEPE-CDP<\/a><\/p>\n","protected":false},"excerpt":{"rendered":"<p>Inscri\u00e7\u00f5es para realiza\u00e7\u00e3o de teste de n\u00edvel para ocupa\u00e7\u00e3o de vagas remanescentes do Programa de L\u00ednguas Estrangeiras Modernas. EDITAL 02-2024 PROGEPE-CDP-UCAQ EDITAL 04-2024 PROGEPE-CDP-UCAQ &#8211; Retifica\u00e7\u00e3o EDITAL 18-2024 PROGEPE-CDP-UCAQ &nbsp; Inscri\u00e7\u00f5es para participa\u00e7\u00e3o no Programa de L\u00ednguas Estrangeiras Modernas &#8211; 2022. EDITAL 27-2022 PROGEPE-CDP<\/p>\n","protected":false},"author":41,"featured_media":0,"parent":0,"menu_order":0,"comment_status":"closed","ping_status":"closed","template":"","meta":{"_coblocks_attr":"","_coblocks_dimensions":"","_coblocks_responsive_height":"","_coblocks_accordion_ie_support":"","_uag_custom_page_level_css":"","iawp_total_views":17,"footnotes":""},"class_list":["post-6053","page","type-page","status-publish","hentry"],"uagb_featured_image_src":{"full":false,"thumbnail":false,"medium":false,"medium_large":false,"large":false,"1536x1536":false,"2048x2048":false},"uagb_author_info":{"display_name":"progepe-admin","author_link":"https:\/\/progepe.ufpr.br\/capacitacao\/author\/progepe-admin\/"},"uagb_comment_info":0,"uagb_excerpt":"Inscri\u00e7\u00f5es para realiza\u00e7\u00e3o de teste de n\u00edvel para ocupa\u00e7\u00e3o de vagas remanescentes do Programa de L\u00ednguas Estrangeiras Modernas. EDITAL 02-2024 PROGEPE-CDP-UCAQ EDITAL 04-2024 PROGEPE-CDP-UCAQ &#8211; Retifica\u00e7\u00e3o EDITAL 18-2024 PROGEPE-CDP-UCAQ &nbsp; Inscri\u00e7\u00f5es para participa\u00e7\u00e3o no Programa de L\u00ednguas Estrangeiras Modernas &#8211; 2022. EDITAL 27-2022 PROGEPE-CDP","publishpress_future_workflow_manual_trigger":{"enabledWorkflows":[]},"_links":{"self":[{"href":"https:\/\/progepe.ufpr.br\/capacitacao\/wp-json\/wp\/v2\/pages\/6053","targetHints":{"allow":["GET"]}}],"collection":[{"href":"https:\/\/progepe.ufpr.br\/capacitacao\/wp-json\/wp\/v2\/pages"}],"about":[{"href":"https:\/\/progepe.ufpr.br\/capacitacao\/wp-json\/wp\/v2\/types\/page"}],"author":[{"embeddable":true,"href":"https:\/\/progepe.ufpr.br\/capacitacao\/wp-json\/wp\/v2\/users\/41"}],"replies":[{"embeddable":true,"href":"https:\/\/progepe.ufpr.br\/capacitacao\/wp-json\/wp\/v2\/comments?post=6053"}],"version-history":[{"count":0,"href":"https:\/\/progepe.ufpr.br\/capacitacao\/wp-json\/wp\/v2\/pages\/6053\/revisions"}],"wp:attachment":[{"href":"https:\/\/progepe.ufpr.br\/capacitacao\/wp-json\/wp\/v2\/media?parent=6053"}],"curies":[{"name":"wp","href":"https:\/\/api.w.org\/{rel}","templated":true}]}}

Programa de Línguas Estrangeiras Modernas

<p>Inscrições para realização de teste de nível para ocupação de vagas remanescentes do Programa de Línguas Estrangeiras Modernas.</p>
<p><a href="https://progepe.ufpr.br/capacitacao/wp-content/uploads/2024/01/edital-02-2024-progepe-cdp-ucaq-1.pdf">EDITAL 02-2024 PROGEPE-CDP-UCAQ</a></p>
<p><a href="https://progepe.ufpr.br/capacitacao/wp-content/uploads/2024/02/edital-04-2024-progepe-cdp-ucaq.pdf">EDITAL 04-2024 PROGEPE-CDP-UCAQ</a> &#8211; Retificação</p>
<p><a href="https://progepe.ufpr.br/capacitacao/wp-content/uploads/2024/03/edital-18-2024-progepe-cdp-ucaq.pdf">EDITAL 18-2024 PROGEPE-CDP-UCAQ</a></p>
<p>&nbsp;</p>
<p>Inscrições para participação no Programa de Línguas Estrangeiras Modernas &#8211; 2022.</p>
<p><a href="https://progepe.ufpr.br/capacitacao/wp-content/uploads/2024/01/edital-27-2022-progepe-cdp.pdf">EDITAL 27-2022 PROGEPE-CDP</a></p>

<p>Inscrições para realização de teste de nível para ocupação de vagas remanescentes do Programa de Línguas Estrangeiras Modernas. EDITAL 02-2024 PROGEPE-CDP-UCAQ EDITAL 04-2024 PROGEPE-CDP-UCAQ &#8211; Retificação EDITAL 18-2024 PROGEPE-CDP-UCAQ &nbsp; Inscrições para participação no Programa de Línguas Estrangeiras Modernas &#8211; 2022. EDITAL 27-2022 PROGEPE-CDP</p>

Inscrições para realização de teste de nível para ocupação de vagas remanescentes do Programa de Línguas Estrangeiras Modernas. EDITAL 02-2024 PROGEPE-CDP-UCAQ EDITAL 04-2024 PROGEPE-CDP-UCAQ &#8211; Retificação EDITAL 18-2024 PROGEPE-CDP-UCAQ &nbsp; Inscrições para participação no Programa de Línguas Estrangeiras Modernas &#8211; 2022. EDITAL 27-2022 PROGEPE-CDP
