{"id":6819,"date":"2024-11-29T09:47:09","date_gmt":"2024-11-29T12:47:09","guid":{"rendered":"https:\/\/www.prppg.ufpr.br\/site\/portalcapacitacao\/?page_id=6819"},"modified":"2025-02-05T14:47:11","modified_gmt":"2025-02-05T17:47:11","slug":"pdp-2025-plano-consolidado","status":"publish","type":"page","link":"https:\/\/progepe.ufpr.br\/capacitacao\/pdp-2025-plano-consolidado\/","title":{"rendered":"Plano consolidado PDP 2025"},"content":{"rendered":"<p><strong>Plano de Desenvolvimento de Pessoas (PDP) \u2013 2025<\/strong><\/p>\n<ol>\n<li><a href=\"https:\/\/progepe.ufpr.br\/capacitacao\/wp-content\/uploads\/sites\/4\/2024\/12\/manifestacao-tecnica_pdp-2025.pdf\">Manifesta\u00e7\u00e3o T\u00e9cnica \u2013 PDP 2025<\/a><\/li>\n<li><a href=\"https:\/\/progepe.ufpr.br\/capacitacao\/wp-content\/uploads\/sites\/4\/2024\/12\/retorno-sipec-pdp-2025.xlsx\">A\u00e7\u00f5es Cadastradas \u2013 Retorno SIPEC PDP 2025<\/a><\/li>\n<\/ol>\n<hr \/>\n<p><strong>Atualizado em 04\/12\/2024<\/strong><\/p>\n","protected":false},"excerpt":{"rendered":"<p>Plano de Desenvolvimento de Pessoas (PDP) \u2013 2025 Manifesta\u00e7\u00e3o T\u00e9cnica \u2013 PDP 2025 A\u00e7\u00f5es Cadastradas \u2013 Retorno SIPEC PDP 2025 Atualizado em 04\/12\/2024<\/p>\n","protected":false},"author":41,"featured_media":0,"parent":0,"menu_order":0,"comment_status":"closed","ping_status":"closed","template":"","meta":{"_coblocks_attr":"","_coblocks_dimensions":"","_coblocks_responsive_height":"","_coblocks_accordion_ie_support":"","iawp_total_views":9,"footnotes":""},"class_list":["post-6819","page","type-page","status-publish","hentry","entry"],"publishpress_future_action":{"enabled":false,"date":"2026-09-11 17:18:21","action":"change-status","newStatus":"draft","terms":[],"taxonomy":"","extraData":[]},"publishpress_future_workflow_manual_trigger":{"enabledWorkflows":[]},"_links":{"self":[{"href":"https:\/\/progepe.ufpr.br\/capacitacao\/wp-json\/wp\/v2\/pages\/6819","targetHints":{"allow":["GET"]}}],"collection":[{"href":"https:\/\/progepe.ufpr.br\/capacitacao\/wp-json\/wp\/v2\/pages"}],"about":[{"href":"https:\/\/progepe.ufpr.br\/capacitacao\/wp-json\/wp\/v2\/types\/page"}],"author":[{"embeddable":true,"href":"https:\/\/progepe.ufpr.br\/capacitacao\/wp-json\/wp\/v2\/users\/41"}],"replies":[{"embeddable":true,"href":"https:\/\/progepe.ufpr.br\/capacitacao\/wp-json\/wp\/v2\/comments?post=6819"}],"version-history":[{"count":2,"href":"https:\/\/progepe.ufpr.br\/capacitacao\/wp-json\/wp\/v2\/pages\/6819\/revisions"}],"predecessor-version":[{"id":77479,"href":"https:\/\/progepe.ufpr.br\/capacitacao\/wp-json\/wp\/v2\/pages\/6819\/revisions\/77479"}],"wp:attachment":[{"href":"https:\/\/progepe.ufpr.br\/capacitacao\/wp-json\/wp\/v2\/media?parent=6819"}],"curies":[{"name":"wp","href":"https:\/\/api.w.org\/{rel}","templated":true}]}}

<p><strong>Plano de Desenvolvimento de Pessoas (PDP) – 2025</strong></p>
<ol>
<li><a href="https://progepe.ufpr.br/capacitacao/wp-content/uploads/sites/4/2024/12/manifestacao-tecnica_pdp-2025.pdf">Manifestação Técnica – PDP 2025</a></li>
<li><a href="https://progepe.ufpr.br/capacitacao/wp-content/uploads/sites/4/2024/12/retorno-sipec-pdp-2025.xlsx">Ações Cadastradas – Retorno SIPEC PDP 2025</a></li>
</ol>
<hr />
<p><strong>Atualizado em 04/12/2024</strong></p>

<p>Plano de Desenvolvimento de Pessoas (PDP) – 2025 Manifestação Técnica – PDP 2025 Ações Cadastradas – Retorno SIPEC PDP 2025 Atualizado em 04/12/2024</p>
