{"id":78225,"date":"2025-06-11T11:57:09","date_gmt":"2025-06-11T14:57:09","guid":{"rendered":"https:\/\/progepe.ufpr.br\/capacitacao\/?page_id=78225"},"modified":"2025-12-03T13:20:10","modified_gmt":"2025-12-03T16:20:10","slug":"menu-pndp","status":"publish","type":"page","link":"https:\/\/progepe.ufpr.br\/capacitacao\/menu-pndp\/","title":{"rendered":"PNDP"},"content":{"rendered":"\n<div class=\"wp-block-group is-layout-flow wp-block-group-is-layout-flow\">\n<div style=\"height:1em\" aria-hidden=\"true\" class=\"wp-block-spacer\"><\/div>\n\n\n\n<div class=\"wp-block-buttons is-content-justification-center is-layout-flex wp-container-core-buttons-is-layout-1 wp-block-buttons-is-layout-flex\">\n<div class=\"wp-block-button has-custom-width wp-block-button__width-100\"><a class=\"wp-block-button__link has-text-align-left wp-element-button\" href=\"https:\/\/progepe.ufpr.br\/capacitacao\/pndp\/\">Sobre a PNDP<\/a><\/div>\n\n\n\n<div class=\"wp-block-button has-custom-width wp-block-button__width-100\"><a class=\"wp-block-button__link has-text-align-left wp-element-button\" href=\"https:\/\/progepe.ufpr.br\/capacitacao\/legislacao-2\/\">Legisla\u00e7\u00e3o<\/a><\/div>\n<\/div>\n\n\n\n<div class=\"wp-block-coblocks-accordion\">\n<div class=\"wp-block-coblocks-accordion-item\"><details><summary class=\"wp-block-coblocks-accordion-item__title has-background has-text-color has-base-color\" style=\"background-color:#002e4f\">Plano de desenvolvimento de pessoas<\/summary><div class=\"wp-block-coblocks-accordion-item__content\" style=\"border-color:#002e4f\">\n<div class=\"wp-block-coblocks-accordion\">\n<div class=\"wp-block-coblocks-accordion-item\"><details><summary class=\"wp-block-coblocks-accordion-item__title has-background has-text-color has-base-color\" style=\"background-color:#003d69\">PDP 2026<\/summary><div class=\"wp-block-coblocks-accordion-item__content\" style=\"border-color:#003d69\">\n<div class=\"wp-block-buttons is-content-justification-center is-layout-flex wp-container-core-buttons-is-layout-2 wp-block-buttons-is-layout-flex\">\n<div class=\"wp-block-button has-custom-width wp-block-button__width-100\"><a class=\"wp-block-button__link has-text-align-left wp-element-button\" href=\"https:\/\/progepe.ufpr.br\/capacitacao\/acoes-pdp-2026\/\" target=\"_blank\" rel=\"noreferrer noopener\">A\u00e7\u00f5es PDP 2026<\/a><\/div>\n\n\n\n<div class=\"wp-block-button has-custom-width wp-block-button__width-100\"><a class=\"wp-block-button__link has-text-align-left wp-element-button\" href=\"https:\/\/progepe.ufpr.br\/capacitacao\/plano-consolidado-pdp-2026\/\" target=\"_blank\" rel=\"noreferrer noopener\">Plano consolidado PDP 2026<\/a><\/div>\n<\/div>\n<\/div><\/details><\/div>\n\n\n\n<div class=\"wp-block-coblocks-accordion-item\"><details><summary class=\"wp-block-coblocks-accordion-item__title has-background has-text-color has-base-color\" style=\"background-color:#003d69\">PDP 2025<\/summary><div class=\"wp-block-coblocks-accordion-item__content\" style=\"border-color:#003d69\">\n<div class=\"wp-block-buttons is-content-justification-center is-layout-flex wp-container-core-buttons-is-layout-3 wp-block-buttons-is-layout-flex\">\n<div class=\"wp-block-button has-custom-width wp-block-button__width-100\"><a class=\"wp-block-button__link has-text-align-left wp-element-button\" href=\"https:\/\/progepe.ufpr.br\/capacitacao\/pdp-2025-acoes\/\">A\u00e7\u00f5es PDP 2025<\/a><\/div>\n\n\n\n<div class=\"wp-block-button has-custom-width wp-block-button__width-100\"><a class=\"wp-block-button__link has-text-align-left wp-element-button\" href=\"https:\/\/progepe.ufpr.br\/capacitacao\/pdp-2025-plano-consolidado\/\">Plano consolidado PDP 2025<\/a><\/div>\n<\/div>\n<\/div><\/details><\/div>\n\n\n\n<div class=\"wp-block-coblocks-accordion-item\"><details><summary class=\"wp-block-coblocks-accordion-item__title has-background has-text-color has-base-color\" style=\"background-color:#003d69\">PDP 2024<\/summary><div class=\"wp-block-coblocks-accordion-item__content\" style=\"border-color:#003d69\">\n<div class=\"wp-block-buttons is-content-justification-center is-layout-flex wp-container-core-buttons-is-layout-4 wp-block-buttons-is-layout-flex\">\n<div class=\"wp-block-button has-custom-width wp-block-button__width-100\"><a class=\"wp-block-button__link has-text-align-left wp-element-button\" href=\"https:\/\/progepe.ufpr.br\/capacitacao\/pdp-2024-acoes\/\">A\u00e7\u00f5es PDP 2024<\/a><\/div>\n\n\n\n<div class=\"wp-block-button has-custom-width wp-block-button__width-100\"><a class=\"wp-block-button__link has-text-align-left wp-element-button\" href=\"https:\/\/progepe.ufpr.br\/capacitacao\/pdp-2024-cronograma\/\">Cronograma PDP 2024<\/a><\/div>\n\n\n\n<div class=\"wp-block-button has-custom-width wp-block-button__width-100\"><a class=\"wp-block-button__link has-text-align-left wp-element-button\" href=\"https:\/\/progepe.ufpr.br\/capacitacao\/pdp-2024-informativos\/\">Informativos PDP 2024<\/a><\/div>\n\n\n\n<div class=\"wp-block-button has-custom-width wp-block-button__width-100\"><a class=\"wp-block-button__link has-text-align-left wp-element-button\" href=\"https:\/\/progepe.ufpr.br\/capacitacao\/pdp-2024-metodologia\/\">Metodologia PDP 2024<\/a><\/div>\n\n\n\n<div class=\"wp-block-button has-custom-width wp-block-button__width-100\"><a class=\"wp-block-button__link has-text-align-left wp-element-button\" href=\"https:\/\/progepe.ufpr.br\/capacitacao\/pdp-2024-plano-consolidado\/\">Plano Consolidado PDP 2024<\/a><\/div>\n\n\n\n<div class=\"wp-block-button has-custom-width wp-block-button__width-100\"><a class=\"wp-block-button__link has-text-align-left wp-element-button\" href=\"https:\/\/progepe.ufpr.br\/capacitacao\/pdp-2024-representantes\/\">Representantes PDP 2024<\/a><\/div>\n<\/div>\n<\/div><\/details><\/div>\n\n\n\n<div class=\"wp-block-coblocks-accordion-item\"><details><summary class=\"wp-block-coblocks-accordion-item__title has-background has-text-color has-base-color\" style=\"background-color:#003d69\">PDP 2023<\/summary><div class=\"wp-block-coblocks-accordion-item__content\" style=\"border-color:#003d69\">\n<div class=\"wp-block-buttons is-content-justification-center is-layout-flex wp-container-core-buttons-is-layout-5 wp-block-buttons-is-layout-flex\">\n<div class=\"wp-block-button has-custom-width wp-block-button__width-100\"><a class=\"wp-block-button__link has-text-align-left wp-element-button\" href=\"https:\/\/progepe.ufpr.br\/capacitacao\/pdp-2023-acoes\/\">A\u00e7\u00f5es PDP 2023<\/a><\/div>\n\n\n\n<div class=\"wp-block-button has-custom-width wp-block-button__width-100\"><a class=\"wp-block-button__link has-text-align-left wp-element-button\" href=\"https:\/\/progepe.ufpr.br\/capacitacao\/pdp-2023-cronograma\/\">Cronograma PDP 2023<\/a><\/div>\n\n\n\n<div class=\"wp-block-button has-custom-width wp-block-button__width-100\"><a class=\"wp-block-button__link has-text-align-left wp-element-button\" href=\"https:\/\/progepe.ufpr.br\/capacitacao\/pdp-2023-informativos\/\">Informativos PDP 2023<\/a><\/div>\n\n\n\n<div class=\"wp-block-button has-custom-width wp-block-button__width-100\"><a class=\"wp-block-button__link has-text-align-left wp-element-button\" href=\"https:\/\/progepe.ufpr.br\/capacitacao\/pdp-2023-metodologia\/\">Metodologia PDP 2023<\/a><\/div>\n\n\n\n<div class=\"wp-block-button has-custom-width wp-block-button__width-100\"><a class=\"wp-block-button__link has-text-align-left wp-element-button\" href=\"https:\/\/progepe.ufpr.br\/capacitacao\/pdp-2023-plano-consolidado\/\">Plano Consolidado PDP 2023<\/a><\/div>\n\n\n\n<div class=\"wp-block-button has-custom-width wp-block-button__width-100\"><a class=\"wp-block-button__link has-text-align-left wp-element-button\" href=\"https:\/\/progepe.ufpr.br\/capacitacao\/pdp-2023-relatorio-execucao\/\">Relat\u00f3rio de execu\u00e7\u00e3o PDP 2023<\/a><\/div>\n\n\n\n<div class=\"wp-block-button has-custom-width wp-block-button__width-100\"><a class=\"wp-block-button__link has-text-align-left wp-element-button\" href=\"https:\/\/progepe.ufpr.br\/capacitacao\/pdp-2023-representantes\/\">Representantes PDP 2023<\/a><\/div>\n<\/div>\n<\/div><\/details><\/div>\n\n\n\n<div class=\"wp-block-coblocks-accordion-item\"><details><summary class=\"wp-block-coblocks-accordion-item__title has-background has-text-color has-base-color\" style=\"background-color:#003d69\">PDP 2022<\/summary><div class=\"wp-block-coblocks-accordion-item__content\" style=\"border-color:#003d69\">\n<div class=\"wp-block-buttons is-content-justification-center is-layout-flex wp-container-core-buttons-is-layout-6 wp-block-buttons-is-layout-flex\">\n<div class=\"wp-block-button has-custom-width wp-block-button__width-100\"><a class=\"wp-block-button__link has-text-align-left wp-element-button\" href=\"https:\/\/progepe.ufpr.br\/capacitacao\/pdp-2022-acoes\/\">A\u00e7\u00f5es PDP 2022<\/a><\/div>\n\n\n\n<div class=\"wp-block-button has-custom-width wp-block-button__width-100\"><a class=\"wp-block-button__link has-text-align-left wp-element-button\" href=\"https:\/\/progepe.ufpr.br\/capacitacao\/pdp-2022-cronograma\/\">Cronograma PDP 2022<\/a><\/div>\n\n\n\n<div class=\"wp-block-button has-custom-width wp-block-button__width-100\"><a class=\"wp-block-button__link has-text-align-left wp-element-button\" href=\"https:\/\/progepe.ufpr.br\/capacitacao\/pdp-2022-informativos\/\">Informativos PDP 2022<\/a><\/div>\n\n\n\n<div class=\"wp-block-button has-custom-width wp-block-button__width-100\"><a class=\"wp-block-button__link has-text-align-left wp-element-button\" href=\"https:\/\/progepe.ufpr.br\/capacitacao\/pdp-2022-metodologia\/\">Metodologia PDP 2022<\/a><\/div>\n\n\n\n<div class=\"wp-block-button has-custom-width wp-block-button__width-100\"><a class=\"wp-block-button__link has-text-align-left wp-element-button\" href=\"https:\/\/progepe.ufpr.br\/capacitacao\/pdp-2022-plano-consolidado\/\">Plano Consolidado PDP 2022<\/a><\/div>\n\n\n\n<div class=\"wp-block-button has-custom-width wp-block-button__width-100\"><a class=\"wp-block-button__link has-text-align-left wp-element-button\" href=\"https:\/\/progepe.ufpr.br\/capacitacao\/pdp-2022-relatorio-execucao\/\">Relat\u00f3rio de execu\u00e7\u00e3o PDP 2022<\/a><\/div>\n<\/div>\n<\/div><\/details><\/div>\n\n\n\n<div class=\"wp-block-coblocks-accordion-item\"><details><summary class=\"wp-block-coblocks-accordion-item__title has-background has-text-color has-base-color\" style=\"background-color:#003d69\">PDP 2021<\/summary><div class=\"wp-block-coblocks-accordion-item__content\" style=\"border-color:#003d69\">\n<div class=\"wp-block-buttons is-content-justification-center is-layout-flex wp-container-core-buttons-is-layout-7 wp-block-buttons-is-layout-flex\">\n<div class=\"wp-block-button has-custom-width wp-block-button__width-100\"><a class=\"wp-block-button__link has-text-align-left wp-element-button\" href=\"https:\/\/progepe.ufpr.br\/capacitacao\/pdp-2021-cronograma\/\">Cronograma PDP 2021<\/a><\/div>\n\n\n\n<div class=\"wp-block-button has-custom-width wp-block-button__width-100\"><a class=\"wp-block-button__link has-text-align-left wp-element-button\" href=\"https:\/\/progepe.ufpr.br\/capacitacao\/pdp-2021-informativos\/\">Informativos PDP 2021<\/a><\/div>\n\n\n\n<div class=\"wp-block-button has-custom-width wp-block-button__width-100\"><a class=\"wp-block-button__link has-text-align-left wp-element-button\" href=\"https:\/\/progepe.ufpr.br\/capacitacao\/pdp-2021-metodologia\/\">Metodologia PDP 2021<\/a><\/div>\n\n\n\n<div class=\"wp-block-button has-custom-width wp-block-button__width-100\"><a class=\"wp-block-button__link has-text-align-left wp-element-button\" href=\"https:\/\/progepe.ufpr.br\/capacitacao\/pdp-2021-plano-consolidado\/\">Plano Consolidado PDP 2021<\/a><\/div>\n\n\n\n<div class=\"wp-block-button has-custom-width wp-block-button__width-100\"><a class=\"wp-block-button__link has-text-align-left wp-element-button\" href=\"https:\/\/progepe.ufpr.br\/capacitacao\/pdp-2021-relatorio-execucao\/\">Relat\u00f3rio de execu\u00e7\u00e3o PDP 2021<\/a><\/div>\n<\/div>\n<\/div><\/details><\/div>\n\n\n\n<div class=\"wp-block-coblocks-accordion-item\"><details><summary class=\"wp-block-coblocks-accordion-item__title has-background has-text-color has-base-color\" style=\"background-color:#003d69\">PDP 2020<\/summary><div class=\"wp-block-coblocks-accordion-item__content\" style=\"border-color:#003d69\">\n<div class=\"wp-block-buttons is-content-justification-center is-layout-flex wp-container-core-buttons-is-layout-8 wp-block-buttons-is-layout-flex\">\n<div class=\"wp-block-button has-custom-width wp-block-button__width-100\"><a class=\"wp-block-button__link has-text-align-left wp-element-button\" href=\"https:\/\/progepe.ufpr.br\/capacitacao\/pdp-2020-cronograma\/\">Cronograma PDP 2020<\/a><\/div>\n\n\n\n<div class=\"wp-block-button has-custom-width wp-block-button__width-100\"><a class=\"wp-block-button__link has-text-align-left wp-element-button\" href=\"https:\/\/progepe.ufpr.br\/capacitacao\/pdp-2020-informativos\/\">Informativos PDP 2020<\/a><\/div>\n\n\n\n<div class=\"wp-block-button has-custom-width wp-block-button__width-100\"><a class=\"wp-block-button__link has-text-align-left wp-element-button\" href=\"https:\/\/progepe.ufpr.br\/capacitacao\/pdp-2020-metodologia\/\">Metodologia PDP 2020<\/a><\/div>\n\n\n\n<div class=\"wp-block-button has-custom-width wp-block-button__width-100\"><a class=\"wp-block-button__link has-text-align-left wp-element-button\" href=\"https:\/\/progepe.ufpr.br\/capacitacao\/pdp-2020-plano-consolidado\/\">Plano Consolidado PDP 2020<\/a><\/div>\n\n\n\n<div class=\"wp-block-button has-custom-width wp-block-button__width-100\"><a class=\"wp-block-button__link has-text-align-left wp-element-button\" href=\"https:\/\/progepe.ufpr.br\/capacitacao\/pdp-2020-relatorio-execucao\/\">Relat\u00f3rio de execu\u00e7\u00e3o PDP 2020<\/a><\/div>\n<\/div>\n<\/div><\/details><\/div>\n<\/div>\n<\/div><\/details><\/div>\n<\/div>\n\n\n\n<div class=\"wp-block-buttons is-content-justification-center is-layout-flex wp-container-core-buttons-is-layout-9 wp-block-buttons-is-layout-flex\">\n<div class=\"wp-block-button has-custom-width wp-block-button__width-100\"><a class=\"wp-block-button__link has-text-align-left wp-element-button\" href=\"https:\/\/progepe.ufpr.br\/capacitacao\/mapeamento-de-competencias\/\">Mapeamento de compet\u00eancias<\/a><\/div>\n\n\n\n<div class=\"wp-block-button has-custom-width wp-block-button__width-100\"><a class=\"wp-block-button__link has-text-align-left wp-element-button\" href=\"https:\/\/progepe.ufpr.br\/capacitacao\/unidade-responsavel-2\/\">Unidade respons\u00e1vel<\/a><\/div>\n<\/div>\n\n\n\n<div style=\"height:1em\" aria-hidden=\"true\" class=\"wp-block-spacer\"><\/div>\n<\/div>\n","protected":false},"excerpt":{"rendered":"","protected":false},"author":39,"featured_media":0,"parent":0,"menu_order":0,"comment_status":"closed","ping_status":"closed","template":"pagina_de_navegacao","meta":{"_coblocks_attr":"","_coblocks_dimensions":"","_coblocks_responsive_height":"","_coblocks_accordion_ie_support":"","_uag_custom_page_level_css":"","iawp_total_views":716,"footnotes":""},"class_list":["post-78225","page","type-page","status-publish","hentry"],"uagb_featured_image_src":{"full":false,"thumbnail":false,"medium":false,"medium_large":false,"large":false,"1536x1536":false,"2048x2048":false},"uagb_author_info":{"display_name":"Bruno Tokarski","author_link":"https:\/\/progepe.ufpr.br\/capacitacao\/author\/brtok\/"},"uagb_comment_info":0,"uagb_excerpt":null,"publishpress_future_workflow_manual_trigger":{"enabledWorkflows":[]},"_links":{"self":[{"href":"https:\/\/progepe.ufpr.br\/capacitacao\/wp-json\/wp\/v2\/pages\/78225","targetHints":{"allow":["GET"]}}],"collection":[{"href":"https:\/\/progepe.ufpr.br\/capacitacao\/wp-json\/wp\/v2\/pages"}],"about":[{"href":"https:\/\/progepe.ufpr.br\/capacitacao\/wp-json\/wp\/v2\/types\/page"}],"author":[{"embeddable":true,"href":"https:\/\/progepe.ufpr.br\/capacitacao\/wp-json\/wp\/v2\/users\/39"}],"replies":[{"embeddable":true,"href":"https:\/\/progepe.ufpr.br\/capacitacao\/wp-json\/wp\/v2\/comments?post=78225"}],"version-history":[{"count":15,"href":"https:\/\/progepe.ufpr.br\/capacitacao\/wp-json\/wp\/v2\/pages\/78225\/revisions"}],"predecessor-version":[{"id":78845,"href":"https:\/\/progepe.ufpr.br\/capacitacao\/wp-json\/wp\/v2\/pages\/78225\/revisions\/78845"}],"wp:attachment":[{"href":"https:\/\/progepe.ufpr.br\/capacitacao\/wp-json\/wp\/v2\/media?parent=78225"}],"curies":[{"name":"wp","href":"https:\/\/api.w.org\/{rel}","templated":true}]}}