{"id":78840,"date":"2025-12-03T13:16:27","date_gmt":"2025-12-03T16:16:27","guid":{"rendered":"https:\/\/progepe.ufpr.br\/capacitacao\/?page_id=78840"},"modified":"2025-12-03T13:55:23","modified_gmt":"2025-12-03T16:55:23","slug":"acoes-pdp-2026","status":"publish","type":"page","link":"https:\/\/progepe.ufpr.br\/capacitacao\/acoes-pdp-2026\/","title":{"rendered":"A\u00e7\u00f5es PDP 2026"},"content":{"rendered":"\n<div style=\"height:1em\" aria-hidden=\"true\" class=\"wp-block-spacer\"><\/div>\n\n\n\n<p class=\"has-text-align-center\"><\/p>\n\n\n\n<div style=\"height:1em\" aria-hidden=\"true\" class=\"wp-block-spacer\"><\/div>\n\n\n\n<div class=\"wp-block-file\"><a id=\"wp-block-file--media-058645d6-7c30-41a0-85b7-8ae0c4dad35d\" href=\"https:\/\/progepe.ufpr.br\/capacitacao\/wp-content\/uploads\/2025\/12\/PosDoc.pdf\">Comprovante PDP 2026 &#8211; P\u00f3s-Doutorado<\/a><a href=\"https:\/\/progepe.ufpr.br\/capacitacao\/wp-content\/uploads\/2025\/12\/PosDoc.pdf\" class=\"wp-block-file__button wp-element-button\" download aria-describedby=\"wp-block-file--media-058645d6-7c30-41a0-85b7-8ae0c4dad35d\">Baixar<\/a><\/div>\n\n\n\n<div class=\"wp-block-file\"><a id=\"wp-block-file--media-a51b87dc-37cd-4684-8d69-8c9fe4d2a0e6\" href=\"https:\/\/progepe.ufpr.br\/capacitacao\/wp-content\/uploads\/2025\/12\/LIC.pdf\">Comprovante PDP 2026 &#8211; Licen\u00e7a Capacita\u00e7\u00e3o<\/a><a href=\"https:\/\/progepe.ufpr.br\/capacitacao\/wp-content\/uploads\/2025\/12\/LIC.pdf\" class=\"wp-block-file__button wp-element-button\" download aria-describedby=\"wp-block-file--media-a51b87dc-37cd-4684-8d69-8c9fe4d2a0e6\">Baixar<\/a><\/div>\n\n\n\n<div class=\"wp-block-file\"><a id=\"wp-block-file--media-dbe517a9-19b4-496f-9978-bcd55d9d6724\" href=\"https:\/\/progepe.ufpr.br\/capacitacao\/wp-content\/uploads\/2025\/12\/Sticto-Sensu.pdf\">Comprovante PDP 2026 &#8211; Stricto Sensu<\/a><a href=\"https:\/\/progepe.ufpr.br\/capacitacao\/wp-content\/uploads\/2025\/12\/Sticto-Sensu.pdf\" class=\"wp-block-file__button wp-element-button\" download aria-describedby=\"wp-block-file--media-dbe517a9-19b4-496f-9978-bcd55d9d6724\">Baixar<\/a><\/div>\n\n\n\n<div class=\"wp-block-file\"><a id=\"wp-block-file--media-9e43c3db-ccc4-4663-a664-4f4a97c944cd\" href=\"https:\/\/progepe.ufpr.br\/capacitacao\/wp-content\/uploads\/2025\/12\/evento.pdf\">Comprovante PDP 2026 &#8211; Evento<\/a><a href=\"https:\/\/progepe.ufpr.br\/capacitacao\/wp-content\/uploads\/2025\/12\/evento.pdf\" class=\"wp-block-file__button wp-element-button\" download aria-describedby=\"wp-block-file--media-9e43c3db-ccc4-4663-a664-4f4a97c944cd\">Baixar<\/a><\/div>\n\n\n\n<p><\/p>\n","protected":false},"excerpt":{"rendered":"","protected":false},"author":58,"featured_media":0,"parent":0,"menu_order":0,"comment_status":"closed","ping_status":"closed","template":"","meta":{"_coblocks_attr":"","_coblocks_dimensions":"","_coblocks_responsive_height":"","_coblocks_accordion_ie_support":"","_uag_custom_page_level_css":"","iawp_total_views":194,"footnotes":""},"class_list":["post-78840","page","type-page","status-publish","hentry"],"uagb_featured_image_src":{"full":false,"thumbnail":false,"medium":false,"medium_large":false,"large":false,"1536x1536":false,"2048x2048":false},"uagb_author_info":{"display_name":"Lucas Oliveira","author_link":"https:\/\/progepe.ufpr.br\/capacitacao\/author\/lucasbernardo\/"},"uagb_comment_info":0,"uagb_excerpt":null,"publishpress_future_workflow_manual_trigger":{"enabledWorkflows":[]},"_links":{"self":[{"href":"https:\/\/progepe.ufpr.br\/capacitacao\/wp-json\/wp\/v2\/pages\/78840","targetHints":{"allow":["GET"]}}],"collection":[{"href":"https:\/\/progepe.ufpr.br\/capacitacao\/wp-json\/wp\/v2\/pages"}],"about":[{"href":"https:\/\/progepe.ufpr.br\/capacitacao\/wp-json\/wp\/v2\/types\/page"}],"author":[{"embeddable":true,"href":"https:\/\/progepe.ufpr.br\/capacitacao\/wp-json\/wp\/v2\/users\/58"}],"replies":[{"embeddable":true,"href":"https:\/\/progepe.ufpr.br\/capacitacao\/wp-json\/wp\/v2\/comments?post=78840"}],"version-history":[{"count":4,"href":"https:\/\/progepe.ufpr.br\/capacitacao\/wp-json\/wp\/v2\/pages\/78840\/revisions"}],"predecessor-version":[{"id":78852,"href":"https:\/\/progepe.ufpr.br\/capacitacao\/wp-json\/wp\/v2\/pages\/78840\/revisions\/78852"}],"wp:attachment":[{"href":"https:\/\/progepe.ufpr.br\/capacitacao\/wp-json\/wp\/v2\/media?parent=78840"}],"curies":[{"name":"wp","href":"https:\/\/api.w.org\/{rel}","templated":true}]}}

Ações PDP 2026

<div style="height:1em" aria-hidden="true" class="wp-block-spacer"></div>



<p class="has-text-align-center"></p>



<div style="height:1em" aria-hidden="true" class="wp-block-spacer"></div>



<div class="wp-block-file"><a id="wp-block-file--media-058645d6-7c30-41a0-85b7-8ae0c4dad35d" href="https://progepe.ufpr.br/capacitacao/wp-content/uploads/2025/12/PosDoc.pdf">Comprovante PDP 2026 &#8211; Pós-Doutorado</a><a href="https://progepe.ufpr.br/capacitacao/wp-content/uploads/2025/12/PosDoc.pdf" class="wp-block-file__button wp-element-button" download aria-describedby="wp-block-file--media-058645d6-7c30-41a0-85b7-8ae0c4dad35d">Baixar</a></div>



<div class="wp-block-file"><a id="wp-block-file--media-a51b87dc-37cd-4684-8d69-8c9fe4d2a0e6" href="https://progepe.ufpr.br/capacitacao/wp-content/uploads/2025/12/LIC.pdf">Comprovante PDP 2026 &#8211; Licença Capacitação</a><a href="https://progepe.ufpr.br/capacitacao/wp-content/uploads/2025/12/LIC.pdf" class="wp-block-file__button wp-element-button" download aria-describedby="wp-block-file--media-a51b87dc-37cd-4684-8d69-8c9fe4d2a0e6">Baixar</a></div>



<div class="wp-block-file"><a id="wp-block-file--media-dbe517a9-19b4-496f-9978-bcd55d9d6724" href="https://progepe.ufpr.br/capacitacao/wp-content/uploads/2025/12/Sticto-Sensu.pdf">Comprovante PDP 2026 &#8211; Stricto Sensu</a><a href="https://progepe.ufpr.br/capacitacao/wp-content/uploads/2025/12/Sticto-Sensu.pdf" class="wp-block-file__button wp-element-button" download aria-describedby="wp-block-file--media-dbe517a9-19b4-496f-9978-bcd55d9d6724">Baixar</a></div>



<div class="wp-block-file"><a id="wp-block-file--media-9e43c3db-ccc4-4663-a664-4f4a97c944cd" href="https://progepe.ufpr.br/capacitacao/wp-content/uploads/2025/12/evento.pdf">Comprovante PDP 2026 &#8211; Evento</a><a href="https://progepe.ufpr.br/capacitacao/wp-content/uploads/2025/12/evento.pdf" class="wp-block-file__button wp-element-button" download aria-describedby="wp-block-file--media-9e43c3db-ccc4-4663-a664-4f4a97c944cd">Baixar</a></div>



<p></p>
