{"id":78843,"date":"2025-12-03T13:19:06","date_gmt":"2025-12-03T16:19:06","guid":{"rendered":"https:\/\/progepe.ufpr.br\/capacitacao\/?page_id=78843"},"modified":"2026-02-26T13:53:12","modified_gmt":"2026-02-26T16:53:12","slug":"plano-consolidado-pdp-2026","status":"publish","type":"page","link":"https:\/\/progepe.ufpr.br\/capacitacao\/plano-consolidado-pdp-2026\/","title":{"rendered":"Plano consolidado PDP 2026"},"content":{"rendered":"\n<div class=\"wp-block-file\"><a id=\"wp-block-file--media-096c6fd1-d63e-4534-bd0d-b3cd40aaa5bc\" href=\"https:\/\/progepe.ufpr.br\/capacitacao\/wp-content\/uploads\/2026\/02\/Devolutiva-PDP-2026.pdf\">1. Manifesta\u00e7\u00e3o T\u00e9cnica &#8211; PDP 2026<\/a><\/div>\n\n\n\n<div class=\"wp-block-file\"><a id=\"wp-block-file--media-6fd5f8c8-ea8d-425f-872d-2b17d4f192c3\" href=\"https:\/\/progepe.ufpr.br\/capacitacao\/wp-content\/uploads\/2026\/02\/pdp2026.xlsx\">2. A\u00e7\u00f5es Cadastradas \u2013 Retorno SIPEC PDP 2026<\/a><\/div>\n\n\n\n<p><\/p>\n","protected":false},"excerpt":{"rendered":"","protected":false},"author":58,"featured_media":0,"parent":0,"menu_order":0,"comment_status":"closed","ping_status":"closed","template":"","meta":{"_coblocks_attr":"","_coblocks_dimensions":"","_coblocks_responsive_height":"","_coblocks_accordion_ie_support":"","_uag_custom_page_level_css":"","iawp_total_views":216,"footnotes":""},"class_list":["post-78843","page","type-page","status-publish","hentry"],"uagb_featured_image_src":{"full":false,"thumbnail":false,"medium":false,"medium_large":false,"large":false,"1536x1536":false,"2048x2048":false},"uagb_author_info":{"display_name":"Lucas Oliveira","author_link":"https:\/\/progepe.ufpr.br\/capacitacao\/author\/lucasbernardo\/"},"uagb_comment_info":0,"uagb_excerpt":null,"publishpress_future_workflow_manual_trigger":{"enabledWorkflows":[]},"_links":{"self":[{"href":"https:\/\/progepe.ufpr.br\/capacitacao\/wp-json\/wp\/v2\/pages\/78843","targetHints":{"allow":["GET"]}}],"collection":[{"href":"https:\/\/progepe.ufpr.br\/capacitacao\/wp-json\/wp\/v2\/pages"}],"about":[{"href":"https:\/\/progepe.ufpr.br\/capacitacao\/wp-json\/wp\/v2\/types\/page"}],"author":[{"embeddable":true,"href":"https:\/\/progepe.ufpr.br\/capacitacao\/wp-json\/wp\/v2\/users\/58"}],"replies":[{"embeddable":true,"href":"https:\/\/progepe.ufpr.br\/capacitacao\/wp-json\/wp\/v2\/comments?post=78843"}],"version-history":[{"count":3,"href":"https:\/\/progepe.ufpr.br\/capacitacao\/wp-json\/wp\/v2\/pages\/78843\/revisions"}],"predecessor-version":[{"id":79014,"href":"https:\/\/progepe.ufpr.br\/capacitacao\/wp-json\/wp\/v2\/pages\/78843\/revisions\/79014"}],"wp:attachment":[{"href":"https:\/\/progepe.ufpr.br\/capacitacao\/wp-json\/wp\/v2\/media?parent=78843"}],"curies":[{"name":"wp","href":"https:\/\/api.w.org\/{rel}","templated":true}]}}

<div class="wp-block-file"><a id="wp-block-file--media-096c6fd1-d63e-4534-bd0d-b3cd40aaa5bc" href="https://progepe.ufpr.br/capacitacao/wp-content/uploads/2026/02/Devolutiva-PDP-2026.pdf">1. Manifestação Técnica &#8211; PDP 2026</a></div>



<div class="wp-block-file"><a id="wp-block-file--media-6fd5f8c8-ea8d-425f-872d-2b17d4f192c3" href="https://progepe.ufpr.br/capacitacao/wp-content/uploads/2026/02/pdp2026.xlsx">2. Ações Cadastradas – Retorno SIPEC PDP 2026</a></div>



<p></p>
